 {"id":108587,"date":"2024-08-07T14:26:28","date_gmt":"2024-08-07T12:26:28","guid":{"rendered":"https:\/\/foodandgood.fr\/etablissement\/camion-della-birra-des-alpes\/"},"modified":"2024-10-07T22:01:17","modified_gmt":"2024-10-07T20:01:17","slug":"camion-della-birra-des-alpes","status":"publish","type":"etablissement","link":"https:\/\/foodandgood.fr\/it\/camion-della-birra-des-alpes\/","title":{"rendered":"Beer Truck Des Alpes"},"excerpt":{"rendered":"","protected":false},"author":1,"comment_status":"closed","ping_status":"closed","template":"","meta":{"_acf_changed":false,"beyondwords_generate_audio":"","beyondwords_integration_method":"","beyondwords_project_id":"","beyondwords_content_id":"","beyondwords_preview_token":"","beyondwords_player_content":"","beyondwords_player_style":"","beyondwords_language_code":"","beyondwords_language_id":"","beyondwords_title_voice_id":"","beyondwords_body_voice_id":"","beyondwords_summary_voice_id":"","beyondwords_error_message":"","beyondwords_disabled":"","beyondwords_delete_content":"","beyondwords_podcast_id":"","beyondwords_hash":"","publish_post_to_speechkit":"","speechkit_hash":"","speechkit_generate_audio":"","speechkit_project_id":"","speechkit_podcast_id":"","speechkit_error_message":"","speechkit_disabled":"","speechkit_access_key":"","speechkit_error":"","speechkit_info":"","speechkit_response":"","speechkit_retries":"","speechkit_status":"","speechkit_updated_at":"","_speechkit_link":"","_speechkit_text":""},"class_list":["post-108587","etablissement","type-etablissement","status-publish","has-post-thumbnail","hentry","type-etablissement-birrificio-artigianale","type-etablissement-intorno-alla-birra"],"acf":{"id_eta_scn":"","id_app_foodandgood":"","id_exponum":"","abo":[],"etoile_michelin":[],"titre_presentation":"Microbirrificio e bar mobile","presentation":"<p>In poche parole, il Beer Truck des Alpes \u00e8 un microbirrificio mobile a conduzione familiare con sede a La Mure (a sud dell'Is\u00e8re).<\/p>\n<p>Inizialmente abbiamo girato la regione con una Peugeot J5 4\u00d74 rosa scintillante. Purtroppo quest'anno il suo motore si \u00e8 rotto, quindi abbiamo equipaggiato un rimorchio con non meno di 8 cannelle per sostituirlo. <\/p>\n<p>Offriamo un'ampia gamma di birre artigianali e bevande analcoliche. Ecco il link al nostro catalogo: https: <a href=\"https:\/\/www.calameo.com\/read\/007262725b355041df7a6\" target=\"_blank\" rel=\"noopener noreferrer\">\/\/www.calameo.com\/read\/007262725b355041df7a6<\/a><\/p>\n<p>Tutte le nostre birre sono prodotte a mano, utilizzando acqua di sorgente purissima proveniente dalle Alpi - dove viviamo - e materie prime della regione. Le nostre ricette traggono ispirazione dalle cime e dai laghi circostanti, che riportiamo anche sulle nostre etichette collaborando con fotografi locali. <\/p>\n","types_prestation":false,"photo":121504,"photo_bis":121515,"photo_3":109036,"adresse":{"address":"Beer Truck des Alpes, Rue des Alpes, La Mure, France","lat":44.90239159999999,"lng":5.797780899999998,"zoom":7,"place_id":"ChIJZfk8Fjh_ikcRg9OkM1OB-Go","name":"Beer Truck des Alpes","street_number":68,"street_name":"Rue des Alpes","city":"La Mure","state":"Auvergne-Rh\u00f4ne-Alpes","post_code":38350,"country":"France","country_short":"FR"},"horaires":"<p><br><br><br><br><br><br> Luned\u00ec: 09:00 - 16:30 Marted\u00ec: 09:00 - 16:30 Mercoled\u00ec: Chiuso Gioved\u00ec: 09:00 - 16:30 Venerd\u00ec: 09:00 - 16:30, 18:00 - 23:00 Sabato: 18:00 - 23:00 Domenica: Chiuso<\/p>\n","tel":"06 98 43 85 49","boutons":[{"title":"Sito web","link":"https:\/\/www.beertruck.beer\/"}],"boutons_reservation":"","boutons_social":null,"articles":[{"title":"","text":"","image":""}]},"_links":{"self":[{"href":"https:\/\/foodandgood.fr\/it\/wp-json\/wp\/v2\/etablissement\/108587","targetHints":{"allow":["GET"]}}],"collection":[{"href":"https:\/\/foodandgood.fr\/it\/wp-json\/wp\/v2\/etablissement"}],"about":[{"href":"https:\/\/foodandgood.fr\/it\/wp-json\/wp\/v2\/types\/etablissement"}],"author":[{"embeddable":true,"href":"https:\/\/foodandgood.fr\/it\/wp-json\/wp\/v2\/users\/1"}],"replies":[{"embeddable":true,"href":"https:\/\/foodandgood.fr\/it\/wp-json\/wp\/v2\/comments?post=108587"}],"version-history":[{"count":1,"href":"https:\/\/foodandgood.fr\/it\/wp-json\/wp\/v2\/etablissement\/108587\/revisions"}],"predecessor-version":[{"id":109030,"href":"https:\/\/foodandgood.fr\/it\/wp-json\/wp\/v2\/etablissement\/108587\/revisions\/109030"}],"wp:featuredmedia":[{"embeddable":true,"href":"https:\/\/foodandgood.fr\/it\/wp-json\/wp\/v2\/media\/121504"}],"wp:attachment":[{"href":"https:\/\/foodandgood.fr\/it\/wp-json\/wp\/v2\/media?parent=108587"}],"curies":[{"name":"wp","href":"https:\/\/api.w.org\/{rel}","templated":true}]}}

<p>In poche parole, il Beer Truck des Alpes è un microbirrificio mobile a conduzione familiare con sede a La Mure (a sud dell'Isère).</p>
<p>Inizialmente abbiamo girato la regione con una Peugeot J5 4×4 rosa scintillante. Purtroppo quest'anno il suo motore si è rotto, quindi abbiamo equipaggiato un rimorchio con non meno di 8 cannelle per sostituirlo. </p>
<p>Offriamo un'ampia gamma di birre artigianali e bevande analcoliche. Ecco il link al nostro catalogo: https: <a href="https://www.calameo.com/read/007262725b355041df7a6" target="_blank" rel="noopener noreferrer">//www.calameo.com/read/007262725b355041df7a6</a></p>
<p>Tutte le nostre birre sono prodotte a mano, utilizzando acqua di sorgente purissima proveniente dalle Alpi - dove viviamo - e materie prime della regione. Le nostre ricette traggono ispirazione dalle cime e dai laghi circostanti, che riportiamo anche sulle nostre etichette collaborando con fotografi locali. </p>

Auvergne-Rhône-Alpes

<p><br><br><br><br><br><br> Lunedì: 09:00 - 16:30 Martedì: 09:00 - 16:30 Mercoledì: Chiuso Giovedì: 09:00 - 16:30 Venerdì: 09:00 - 16:30, 18:00 - 23:00 Sabato: 18:00 - 23:00 Domenica: Chiuso</p>
