 {"id":104080,"date":"2024-07-31T11:01:52","date_gmt":"2024-07-31T09:01:52","guid":{"rendered":"https:\/\/foodandgood.fr\/etablissement\/domaine-jean-marie-haag\/"},"modified":"2024-07-31T11:17:18","modified_gmt":"2024-07-31T09:17:18","slug":"domaine-jean-marie-haag","status":"publish","type":"etablissement","link":"https:\/\/foodandgood.fr\/it\/domaine-jean-marie-haag\/","title":{"rendered":"Domaine Jean-Marie Haag"},"excerpt":{"rendered":"","protected":false},"author":14,"comment_status":"closed","ping_status":"closed","template":"","meta":{"_acf_changed":false,"beyondwords_generate_audio":"","beyondwords_integration_method":"","beyondwords_project_id":"","beyondwords_content_id":"","beyondwords_preview_token":"","beyondwords_player_content":"","beyondwords_player_style":"","beyondwords_language_code":"","beyondwords_language_id":"","beyondwords_title_voice_id":"","beyondwords_body_voice_id":"","beyondwords_summary_voice_id":"","beyondwords_error_message":"","beyondwords_disabled":"","beyondwords_delete_content":"","beyondwords_podcast_id":"","beyondwords_hash":"","publish_post_to_speechkit":"","speechkit_hash":"","speechkit_generate_audio":"","speechkit_project_id":"","speechkit_podcast_id":"","speechkit_error_message":"","speechkit_disabled":"","speechkit_access_key":"","speechkit_error":"","speechkit_info":"","speechkit_response":"","speechkit_retries":"","speechkit_status":"","speechkit_updated_at":"","_speechkit_link":"","_speechkit_text":""},"class_list":["post-104080","etablissement","type-etablissement","status-publish","hentry","type-etablissement-divines-it","type-etablissement-vinificatore"],"acf":{"id_eta_scn":"","id_app_foodandgood":"","id_exponum":"","abo":[],"etoile_michelin":[],"titre_presentation":"Azienda vinicola di famiglia","presentation":"Vignaiolo indipendente per tradizione, erede di un patrimonio naturale, innamorato della mia professione, \u00e8 con mia moglie Myriam che desideriamo condividere con te la nostra passione per la terra, le viti e il vino.\nA venti chilometri a sud di Colmar, le viti del Domaine Jean-Marie Haag scendono lungo i ripidi pendii della stretta valle nota come Vall\u00e9e Noble, chiusa come uno scrigno, un circo.\nIl clima particolarmente secco di questa zona offre alle viti la possibilit\u00e0 di maturare eccessivamente, rendendo possibile la produzione di vini concentrati, pregiati e di incredibile lunghezza.  ","types_prestation":false,"photo":null,"photo_bis":104098,"photo_3":104104,"adresse":{"address":"Haag Jean-Marie, Rue des Ch\u00e8vres, Soultzmatt, France","lat":47.9639507,"lng":7.236255300000001,"zoom":7,"place_id":"ChIJm-48sGV8kUcR2NryWmOjkqE","name":"Haag Jean-Marie","street_number":17,"street_name":"Rue des Ch\u00e8vres","city":"Soultzmatt","state":"Grand Est","post_code":68570,"country":"France","country_short":"FR"},"horaires":"Luned\u00ec: 09:00 - 12:00, 14:00 - 18:00 Marted\u00ec: 09:00 - 12:00, 14:00 - 18:00 Mercoled\u00ec: 09:00 - 12:00, 14:00 - 18:00 Gioved\u00ec: 09:00 - 12:00, 14:00 - 18:00 Venerd\u00ec: 09:00 - 12:00, 14:00 - 18:00 Sabato: 09:00 - 12:00, 14:00 - 17:00 Domenica: Chiuso","tel":"03 89 47 02 38","boutons":[{"title":"Sito web","link":"https:\/\/www.domaine-haag.fr\/"}],"boutons_reservation":"","boutons_social":null,"articles":[{"title":"","text":"","image":""}]},"_links":{"self":[{"href":"https:\/\/foodandgood.fr\/it\/wp-json\/wp\/v2\/etablissement\/104080","targetHints":{"allow":["GET"]}}],"collection":[{"href":"https:\/\/foodandgood.fr\/it\/wp-json\/wp\/v2\/etablissement"}],"about":[{"href":"https:\/\/foodandgood.fr\/it\/wp-json\/wp\/v2\/types\/etablissement"}],"author":[{"embeddable":true,"href":"https:\/\/foodandgood.fr\/it\/wp-json\/wp\/v2\/users\/14"}],"replies":[{"embeddable":true,"href":"https:\/\/foodandgood.fr\/it\/wp-json\/wp\/v2\/comments?post=104080"}],"version-history":[{"count":1,"href":"https:\/\/foodandgood.fr\/it\/wp-json\/wp\/v2\/etablissement\/104080\/revisions"}],"predecessor-version":[{"id":104087,"href":"https:\/\/foodandgood.fr\/it\/wp-json\/wp\/v2\/etablissement\/104080\/revisions\/104087"}],"wp:attachment":[{"href":"https:\/\/foodandgood.fr\/it\/wp-json\/wp\/v2\/media?parent=104080"}],"curies":[{"name":"wp","href":"https:\/\/api.w.org\/{rel}","templated":true}]}}

Vignaiolo indipendente per tradizione, erede di un patrimonio naturale, innamorato della mia professione, è con mia moglie Myriam che desideriamo condividere con te la nostra passione per la terra, le viti e il vino.
A venti chilometri a sud di Colmar, le viti del Domaine Jean-Marie Haag scendono lungo i ripidi pendii della stretta valle nota come Vallée Noble, chiusa come uno scrigno, un circo.
Il clima particolarmente secco di questa zona offre alle viti la possibilità di maturare eccessivamente, rendendo possibile la produzione di vini concentrati, pregiati e di incredibile lunghezza.

Haag Jean-Marie, Rue des Chèvres, Soultzmatt, France

Rue des Chèvres

Lunedì: 09:00 - 12:00, 14:00 - 18:00 Martedì: 09:00 - 12:00, 14:00 - 18:00 Mercoledì: 09:00 - 12:00, 14:00 - 18:00 Giovedì: 09:00 - 12:00, 14:00 - 18:00 Venerdì: 09:00 - 12:00, 14:00 - 18:00 Sabato: 09:00 - 12:00, 14:00 - 17:00 Domenica: Chiuso
