 {"id":90512,"date":"2024-05-04T07:08:31","date_gmt":"2024-05-04T05:08:31","guid":{"rendered":"https:\/\/foodandgood.fr\/etablissement\/kornacker-sarl-albergue-du-mehrbachel\/"},"modified":"2024-08-21T18:14:15","modified_gmt":"2024-08-21T16:14:15","slug":"kornacker-sarl-albergue-du-mehrbachel","status":"publish","type":"etablissement","link":"https:\/\/foodandgood.fr\/es\/kornacker-sarl-albergue-du-mehrbachel\/","title":{"rendered":"Auberge <br>Du Mehrbachel"},"excerpt":{"rendered":"","protected":false},"author":4,"comment_status":"closed","ping_status":"closed","template":"","meta":{"_acf_changed":false,"beyondwords_generate_audio":"","beyondwords_integration_method":"","beyondwords_project_id":"","beyondwords_content_id":"","beyondwords_preview_token":"","beyondwords_player_content":"","beyondwords_player_style":"","beyondwords_language_code":"","beyondwords_language_id":"","beyondwords_title_voice_id":"","beyondwords_body_voice_id":"","beyondwords_summary_voice_id":"","beyondwords_error_message":"","beyondwords_disabled":"","beyondwords_delete_content":"","beyondwords_podcast_id":"","beyondwords_hash":"","publish_post_to_speechkit":"","speechkit_hash":"","speechkit_generate_audio":"","speechkit_project_id":"","speechkit_podcast_id":"","speechkit_error_message":"","speechkit_disabled":"","speechkit_access_key":"","speechkit_error":"","speechkit_info":"","speechkit_response":"","speechkit_retries":"","speechkit_status":"","speechkit_updated_at":"","_speechkit_link":"","_speechkit_text":""},"class_list":["post-90512","etablissement","type-etablissement","status-publish","hentry","type-etablissement-cocina-alsaciana","type-etablissement-ferme-auberge-es","type-etablissement-spa-bienestar"],"acf":{"id_eta_scn":"","id_app_foodandgood":"","id_exponum":"","abo":[],"etoile_michelin":[],"titre_presentation":"Viaja de forma diferente y descubre el Parque Natural Regional de los Ballons des Vosges","presentation":"La familia Kornacker lleva 5 generaciones acogi\u00e9ndote en su posada. Enclavado en un peque\u00f1o valle de Saint-Amarin, bajo las crestas de los Vosgos y el Grand Ballon, el hotel ofrece una escala ins\u00f3lita a menos de 1 hora de Mulhouse y Colmar. El Auberge es una base ideal para organizar tus vacaciones de senderismo y explorar la Route des Cr\u00eates y la Ruta del Vino de Alsacia. El hotel*** te encantar\u00e1. Dispone de 19 habitaciones amplias y luminosas. El spa y la sauna ofrecen una suave invitaci\u00f3n a la calma y al descanso tras un d\u00eda de excursi\u00f3n o de trabajo. En el restaurante podr\u00e1s degustar la cocina tradicional alsaciana y disfrutar de los productos de la granja familiar situada a 200 m del Auberge. Como miembro de la asociaci\u00f3n \"H\u00f4tel au naturel\", la familia Kornacker ha puesto en marcha un planteamiento eco-responsable respetando su entorno (vigilando el despilfarro de agua o papel, etc.) y promocionando su regi\u00f3n (utilizando productos locales de la granja familiar y de productores locales, promoviendo rutas de senderismo por el parque, etc.).  \u00a0","types_prestation":false,"photo":null,"photo_bis":90537,"photo_3":90525,"adresse":{"address":"Logis Auberge du Mehrb\u00e4chel, Mehrb\u00e4chel, Saint-Amarin, France","lat":47.8919241,"lng":7.0460816,"zoom":7,"place_id":"ChIJpUMo85zUk0cRkweyxTOrCoA","name":"Logis Auberge du Mehrb\u00e4chel","street_number":72,"street_name":"Mehrb\u00e4chel","city":"Saint-Amarin","state":"Grand Est","post_code":68550,"country":"France","country_short":"FR"},"horaires":"Lunes: Cerrado Martes: 19:00 - 20:30 Mi\u00e9rcoles: 12:00 - 13:30, 19:00 - 20:30 Jueves: 12:00 - 13:30, 19:00 - 20:30 Viernes: 12:00 - 13:30, 19:00 - 20:30 S\u00e1bado: 12:00 - 13:30, 19:00 - 20:30 Domingo: 12:00 - 13:30","tel":"03 89 82 60 68","boutons":[{"title":"Sitio de Internet","link":"https:\/\/www.logishotels.com\/fr\/hotel\/-1208?partid=1535"},{"title":"Cheques regalo","link":"https:\/\/aji-box.com\/-\/auberge-du-mehrbachel\/"}],"boutons_reservation":"","boutons_social":null,"articles":[{"title":"","text":"","image":""}]},"_links":{"self":[{"href":"https:\/\/foodandgood.fr\/es\/wp-json\/wp\/v2\/etablissement\/90512","targetHints":{"allow":["GET"]}}],"collection":[{"href":"https:\/\/foodandgood.fr\/es\/wp-json\/wp\/v2\/etablissement"}],"about":[{"href":"https:\/\/foodandgood.fr\/es\/wp-json\/wp\/v2\/types\/etablissement"}],"author":[{"embeddable":true,"href":"https:\/\/foodandgood.fr\/es\/wp-json\/wp\/v2\/users\/4"}],"replies":[{"embeddable":true,"href":"https:\/\/foodandgood.fr\/es\/wp-json\/wp\/v2\/comments?post=90512"}],"version-history":[{"count":3,"href":"https:\/\/foodandgood.fr\/es\/wp-json\/wp\/v2\/etablissement\/90512\/revisions"}],"predecessor-version":[{"id":111783,"href":"https:\/\/foodandgood.fr\/es\/wp-json\/wp\/v2\/etablissement\/90512\/revisions\/111783"}],"wp:attachment":[{"href":"https:\/\/foodandgood.fr\/es\/wp-json\/wp\/v2\/media?parent=90512"}],"curies":[{"name":"wp","href":"https:\/\/api.w.org\/{rel}","templated":true}]}}

La familia Kornacker lleva 5 generaciones acogiéndote en su posada. Enclavado en un pequeño valle de Saint-Amarin, bajo las crestas de los Vosgos y el Grand Ballon, el hotel ofrece una escala insólita a menos de 1 hora de Mulhouse y Colmar. El Auberge es una base ideal para organizar tus vacaciones de senderismo y explorar la Route des Crêtes y la Ruta del Vino de Alsacia. El hotel*** te encantará. Dispone de 19 habitaciones amplias y luminosas. El spa y la sauna ofrecen una suave invitación a la calma y al descanso tras un día de excursión o de trabajo. En el restaurante podrás degustar la cocina tradicional alsaciana y disfrutar de los productos de la granja familiar situada a 200 m del Auberge. Como miembro de la asociación "Hôtel au naturel", la familia Kornacker ha puesto en marcha un planteamiento eco-responsable respetando su entorno (vigilando el despilfarro de agua o papel, etc.) y promocionando su región (utilizando productos locales de la granja familiar y de productores locales, promoviendo rutas de senderismo por el parque, etc.).

Logis Auberge du Mehrbächel, Mehrbächel, Saint-Amarin, France

Logis Auberge du Mehrbächel

Mehrbächel

Lunes: Cerrado Martes: 19:00 - 20:30 Miércoles: 12:00 - 13:30, 19:00 - 20:30 Jueves: 12:00 - 13:30, 19:00 - 20:30 Viernes: 12:00 - 13:30, 19:00 - 20:30 Sábado: 12:00 - 13:30, 19:00 - 20:30 Domingo: 12:00 - 13:30
