 {"id":89497,"date":"2024-05-04T07:08:28","date_gmt":"2024-05-04T05:08:28","guid":{"rendered":"https:\/\/foodandgood.fr\/etablissement\/domaine-alphonse-meyer\/"},"modified":"2024-07-03T17:02:17","modified_gmt":"2024-07-03T15:02:17","slug":"domaine-alphonse-meyer","status":"publish","type":"etablissement","link":"https:\/\/foodandgood.fr\/es\/domaine-alphonse-meyer\/","title":{"rendered":"Domaine Alphonse Meyer"},"excerpt":{"rendered":"","protected":false},"author":4,"comment_status":"closed","ping_status":"closed","template":"","meta":{"_acf_changed":false,"beyondwords_generate_audio":"","beyondwords_integration_method":"","beyondwords_project_id":"","beyondwords_content_id":"","beyondwords_preview_token":"","beyondwords_player_content":"","beyondwords_player_style":"","beyondwords_language_code":"","beyondwords_language_id":"","beyondwords_title_voice_id":"","beyondwords_body_voice_id":"","beyondwords_summary_voice_id":"","beyondwords_error_message":"","beyondwords_disabled":"","beyondwords_delete_content":"","beyondwords_podcast_id":"","beyondwords_hash":"","publish_post_to_speechkit":"","speechkit_hash":"","speechkit_generate_audio":"","speechkit_project_id":"","speechkit_podcast_id":"","speechkit_error_message":"","speechkit_disabled":"","speechkit_access_key":"","speechkit_error":"","speechkit_info":"","speechkit_response":"","speechkit_retries":"","speechkit_status":"","speechkit_updated_at":"","_speechkit_link":"","_speechkit_text":""},"class_list":["post-89497","etablissement","type-etablissement","status-publish","hentry","type-etablissement-alojamiento-y-desayuno","type-etablissement-alrededor-del-vino","type-etablissement-vendedor-de-vinos","type-etablissement-vinedo"],"acf":{"id_eta_scn":"","id_app_foodandgood":"","id_exponum":"","abo":[],"etoile_michelin":[],"titre_presentation":"Viticultores de padres a hijos desde 1624","presentation":"Viticultores de padre a hijo desde 1624, todos nuestros vinos proceden exclusivamente de nuestras vi\u00f1as y se embotellan en la finca.\nNuestros vi\u00f1edos ocupan casi 13 hect\u00e1reas en los municipios de Zimmerbach y Turckheim.\nDesde los terru\u00f1os tradicionales hasta los Lieux-dits y los Grand Cru, todos ellos dejan su huella en cada uno de nuestros vinos.\n<div>\n\nAdem\u00e1s, para tus vacaciones en Alsacia, disponemos de una encantadora casa rural en el centro hist\u00f3rico de Turckheim, junto a la iglesia.\n\n<\/div>\n<div>En la 1\u00aa planta de una antigua casa con entramado de madera y arquitectura t\u00edpica alsaciana<\/div>","types_prestation":false,"photo":null,"photo_bis":89448,"photo_3":89436,"adresse":{"address":"Vins d'Alsace Alphonse Meyer et Fils - Vignerons Ind\u00e9pendants, Place de l'\u00c9glise, Turckheim, France","lat":48.08752390000001,"lng":7.2782845,"zoom":7,"place_id":"ChIJnXqXdP5jkUcRm3ehVXsnv7w","name":"Vins d'Alsace Alphonse Meyer et Fils - Vignerons Ind\u00e9pendants","street_number":2,"street_name":"Place de l'\u00c9glise","street_name_short":"Pl. de l'\u00c9glise","city":"Turckheim","state":"Grand Est","post_code":68230,"country":"France","country_short":"FR"},"horaires":"Lunes: 10:00 - 12:00, 14:00 - 19:00\nMartes: 10:00 - 12:00, 14:00 - 19:00\nMi\u00e9rcoles: 10:00 - 12:00, 14:00 - 19:00\nJueves: 10:00 - 12:00, 14:00 - 19:00\nViernes: 10:00 - 12:00, 14:00 - 19:00\nS\u00e1bado: 14:00 - 19:00\nDomingo: 10:00 - 12:00","tel":"03 89 71 14 34","boutons":[{"title":"Sitio de Internet","link":"http:\/\/www.meyer-wines.fr\/"}],"boutons_reservation":"","boutons_social":null,"articles":[{"title":"","text":"","image":""}]},"_links":{"self":[{"href":"https:\/\/foodandgood.fr\/es\/wp-json\/wp\/v2\/etablissement\/89497","targetHints":{"allow":["GET"]}}],"collection":[{"href":"https:\/\/foodandgood.fr\/es\/wp-json\/wp\/v2\/etablissement"}],"about":[{"href":"https:\/\/foodandgood.fr\/es\/wp-json\/wp\/v2\/types\/etablissement"}],"author":[{"embeddable":true,"href":"https:\/\/foodandgood.fr\/es\/wp-json\/wp\/v2\/users\/4"}],"replies":[{"embeddable":true,"href":"https:\/\/foodandgood.fr\/es\/wp-json\/wp\/v2\/comments?post=89497"}],"version-history":[{"count":1,"href":"https:\/\/foodandgood.fr\/es\/wp-json\/wp\/v2\/etablissement\/89497\/revisions"}],"predecessor-version":[{"id":89502,"href":"https:\/\/foodandgood.fr\/es\/wp-json\/wp\/v2\/etablissement\/89497\/revisions\/89502"}],"wp:attachment":[{"href":"https:\/\/foodandgood.fr\/es\/wp-json\/wp\/v2\/media?parent=89497"}],"curies":[{"name":"wp","href":"https:\/\/api.w.org\/{rel}","templated":true}]}}

Viticultores de padre a hijo desde 1624, todos nuestros vinos proceden exclusivamente de nuestras viñas y se embotellan en la finca.
Nuestros viñedos ocupan casi 13 hectáreas en los municipios de Zimmerbach y Turckheim.
Desde los terruños tradicionales hasta los Lieux-dits y los Grand Cru, todos ellos dejan su huella en cada uno de nuestros vinos.
<div>

Además, para tus vacaciones en Alsacia, disponemos de una encantadora casa rural en el centro histórico de Turckheim, junto a la iglesia.

</div>
<div>En la 1ª planta de una antigua casa con entramado de madera y arquitectura típica alsaciana</div>

Vins d'Alsace Alphonse Meyer et Fils - Vignerons Indépendants, Place de l'Église, Turckheim, France

Vins d'Alsace Alphonse Meyer et Fils - Vignerons Indépendants

Place de l'Église

Pl. de l'Église

Lunes: 10:00 - 12:00, 14:00 - 19:00
Martes: 10:00 - 12:00, 14:00 - 19:00
Miércoles: 10:00 - 12:00, 14:00 - 19:00
Jueves: 10:00 - 12:00, 14:00 - 19:00
Viernes: 10:00 - 12:00, 14:00 - 19:00
Sábado: 14:00 - 19:00
Domingo: 10:00 - 12:00
