 {"id":87154,"date":"2024-05-04T07:08:23","date_gmt":"2024-05-04T05:08:23","guid":{"rendered":"https:\/\/foodandgood.fr\/etablissement\/auberge-le-bouc-bleu\/"},"modified":"2024-07-02T11:24:20","modified_gmt":"2024-07-02T09:24:20","slug":"auberge-le-bouc-bleu","status":"publish","type":"etablissement","link":"https:\/\/foodandgood.fr\/es\/auberge-le-bouc-bleu\/","title":{"rendered":"Auberge Le Bouc Bleu"},"excerpt":{"rendered":"","protected":false},"author":4,"comment_status":"closed","ping_status":"closed","template":"","meta":{"_acf_changed":false,"beyondwords_generate_audio":"","beyondwords_integration_method":"","beyondwords_project_id":"","beyondwords_content_id":"","beyondwords_preview_token":"","beyondwords_player_content":"","beyondwords_player_style":"","beyondwords_language_code":"","beyondwords_language_id":"","beyondwords_title_voice_id":"","beyondwords_body_voice_id":"","beyondwords_summary_voice_id":"","beyondwords_error_message":"","beyondwords_disabled":"","beyondwords_delete_content":"","beyondwords_podcast_id":"","beyondwords_hash":"","publish_post_to_speechkit":"","speechkit_hash":"","speechkit_generate_audio":"","speechkit_project_id":"","speechkit_podcast_id":"","speechkit_error_message":"","speechkit_disabled":"","speechkit_access_key":"","speechkit_error":"","speechkit_info":"","speechkit_response":"","speechkit_retries":"","speechkit_status":"","speechkit_updated_at":"","_speechkit_link":"","_speechkit_text":""},"class_list":["post-87154","etablissement","type-etablissement","status-publish","hentry","type-etablissement-cocina-gastronomica"],"acf":{"id_eta_scn":"","id_app_foodandgood":"","id_exponum":"","abo":[],"etoile_michelin":[],"titre_presentation":"Cocina aut\u00e9ntica","presentation":"El Auberge Le Bouc Bleu, en Beblenheim, Alsacia, es famoso por su cocina aut\u00e9ntica y su ambiente acogedor. Dirigido por el jefe de cocina Romain Hertrich y el sumiller Romain Lambert, el albergue ofrece una experiencia culinaria basada en productos ecol\u00f3gicos y de temporada, destacando la gastronom\u00eda local con un toque creativo.\n\nEl Auberge Le Bouc Bleu destaca por su compromiso con la cocina de calidad, elaborada exclusivamente con productos frescos y locales. Los platos se cocinan al momento, ofreciendo una frescura y autenticidad incomparables. El men\u00fa cambia con las estaciones para garantizar sabores \u00f3ptimos, siempre en armon\u00eda con una refinada selecci\u00f3n de vinos.","types_prestation":false,"photo":null,"photo_bis":87165,"photo_3":87177,"adresse":{"address":"Auberge Le Bouc Bleu, Rue du 5 D\u00e9cembre, Beblenheim, France","lat":48.15799359999999,"lng":7.3245223,"zoom":7,"place_id":"ChIJuxJqCF1nkUcRYT-NEjDHAUU","name":"Auberge Le Bouc Bleu","street_number":2,"street_name":"Rue du 5 D\u00e9cembre","city":"Beblenheim","state":"Grand Est","post_code":68980,"country":"France","country_short":"FR"},"horaires":"Lunes: 12:00 - 13:45, 19:00 - 20:30\nMartes: 12:00 - 13:45, 19:00 - 20:30\nMi\u00e9rcoles: Cerrado\nJueves: 12:00 - 13:45\nViernes: 12:00 - 13:45, 19:00 - 20:30\nS\u00e1bado: 12:00 - 13:45, 19:00 - 20:30\nDomingo: 12:00 - 13:45","tel":"03 89 47 88 21","boutons":[{"title":"Sitio de Internet","link":"https:\/\/www.aubergeleboucbleu.com\/"}],"boutons_reservation":"","boutons_social":null,"articles":[{"title":"","text":"","image":""}]},"_links":{"self":[{"href":"https:\/\/foodandgood.fr\/es\/wp-json\/wp\/v2\/etablissement\/87154","targetHints":{"allow":["GET"]}}],"collection":[{"href":"https:\/\/foodandgood.fr\/es\/wp-json\/wp\/v2\/etablissement"}],"about":[{"href":"https:\/\/foodandgood.fr\/es\/wp-json\/wp\/v2\/types\/etablissement"}],"author":[{"embeddable":true,"href":"https:\/\/foodandgood.fr\/es\/wp-json\/wp\/v2\/users\/4"}],"replies":[{"embeddable":true,"href":"https:\/\/foodandgood.fr\/es\/wp-json\/wp\/v2\/comments?post=87154"}],"version-history":[{"count":2,"href":"https:\/\/foodandgood.fr\/es\/wp-json\/wp\/v2\/etablissement\/87154\/revisions"}],"predecessor-version":[{"id":87239,"href":"https:\/\/foodandgood.fr\/es\/wp-json\/wp\/v2\/etablissement\/87154\/revisions\/87239"}],"wp:attachment":[{"href":"https:\/\/foodandgood.fr\/es\/wp-json\/wp\/v2\/media?parent=87154"}],"curies":[{"name":"wp","href":"https:\/\/api.w.org\/{rel}","templated":true}]}}

Cocina auténtica

El Auberge Le Bouc Bleu, en Beblenheim, Alsacia, es famoso por su cocina auténtica y su ambiente acogedor. Dirigido por el jefe de cocina Romain Hertrich y el sumiller Romain Lambert, el albergue ofrece una experiencia culinaria basada en productos ecológicos y de temporada, destacando la gastronomía local con un toque creativo.

El Auberge Le Bouc Bleu destaca por su compromiso con la cocina de calidad, elaborada exclusivamente con productos frescos y locales. Los platos se cocinan al momento, ofreciendo una frescura y autenticidad incomparables. El menú cambia con las estaciones para garantizar sabores óptimos, siempre en armonía con una refinada selección de vinos.

Auberge Le Bouc Bleu, Rue du 5 Décembre, Beblenheim, France

Rue du 5 Décembre

Lunes: 12:00 - 13:45, 19:00 - 20:30
Martes: 12:00 - 13:45, 19:00 - 20:30
Miércoles: Cerrado
Jueves: 12:00 - 13:45
Viernes: 12:00 - 13:45, 19:00 - 20:30
Sábado: 12:00 - 13:45, 19:00 - 20:30
Domingo: 12:00 - 13:45
