 {"id":85722,"date":"2024-05-04T07:08:23","date_gmt":"2024-05-04T05:08:23","guid":{"rendered":"https:\/\/foodandgood.fr\/etablissement\/atelier-des-peupliers\/"},"modified":"2024-05-04T07:08:23","modified_gmt":"2024-05-04T05:08:23","slug":"atelier-des-peupliers","status":"publish","type":"etablissement","link":"https:\/\/foodandgood.fr\/es\/atelier-des-peupliers\/","title":{"rendered":"Atelier Des Peupliers"},"excerpt":{"rendered":"","protected":false},"author":4,"comment_status":"closed","ping_status":"closed","template":"","meta":{"_acf_changed":false,"beyondwords_generate_audio":"","beyondwords_integration_method":"","beyondwords_project_id":"","beyondwords_content_id":"","beyondwords_preview_token":"","beyondwords_player_content":"","beyondwords_player_style":"","beyondwords_language_code":"","beyondwords_language_id":"","beyondwords_title_voice_id":"","beyondwords_body_voice_id":"","beyondwords_summary_voice_id":"","beyondwords_error_message":"","beyondwords_disabled":"","beyondwords_delete_content":"","beyondwords_podcast_id":"","beyondwords_hash":"","publish_post_to_speechkit":"","speechkit_hash":"","speechkit_generate_audio":"","speechkit_project_id":"","speechkit_podcast_id":"","speechkit_error_message":"","speechkit_disabled":"","speechkit_access_key":"","speechkit_error":"","speechkit_info":"","speechkit_response":"","speechkit_retries":"","speechkit_status":"","speechkit_updated_at":"","_speechkit_link":"","_speechkit_text":""},"class_list":["post-85722","etablissement","type-etablissement","status-publish","hentry","type-etablissement-decoracion-de-diseno"],"acf":{"id_eta_scn":"","id_app_foodandgood":"","id_exponum":"","abo":[],"etoile_michelin":[],"titre_presentation":"Artesanos y fabricantes de juguetes y objetos de madera maciza \u00c9tica ecol\u00f3gica y responsable","presentation":"<strong>Artesanos y fabricantes de juguetes y objetos de madera maciza \u00c9tica ecol\u00f3gica y responsable<\/strong>\n\nCreado en 1988 por Jean-Paul y Muriel Roux, el Atelier des Peupliers pas\u00f3 en 2021 a manos de Patrick y Jeanne Florentz, y se traslad\u00f3 de las llanuras a los Vosgos de Alsacia.\n\nEn la actualidad, Patrick y Jeanne cuentan con un repertorio hist\u00f3rico de m\u00e1s de 400 modelos de figuritas y juguetes de madera maciza, de formas y colores suaves, que desarrollan con sus propios conocimientos y habilidades.\n\nCon una s\u00f3lida formaci\u00f3n en artesan\u00eda y pedagog\u00eda educativa, aprovechan este cambio profesional para combinar su nueva libertad creativa con sus inquietudes humanistas y medioambientales.\n\n\u00a0\n\n<strong>L'Atelier des Peupliers<\/strong> es un proyecto <strong>ecol\u00f3gico y humano<\/strong> nacido de la necesidad de reducir al m\u00e1ximo nuestro impacto medioambiental, combinando al mismo tiempo el desarrollo sostenible con una dimensi\u00f3n artesanal y art\u00edstica.\n\n<strong>Fabricamos en circuito corto<\/strong>, esforz\u00e1ndonos por resaltar la nobleza de la madera, reciclando materiales y utilizando productos de acabado respetuosos con el medio ambiente.\n\nLos juguetes, figuritas y muebles que salen de nuestro taller son piezas \u00fanicas pensadas para ni\u00f1os y adultos que quieren regalar y manejar <strong>objetos artesanales de calidad<\/strong>.","types_prestation":false,"photo":null,"photo_bis":85659,"photo_3":85701,"adresse":{"address":"L'Atelier des Peupliers, Fenarupt, Sainte-Marie-aux-Mines, France","lat":48.25038989999999,"lng":7.175057,"zoom":7,"place_id":"ChIJ_eeJIdnhk0cRX1tjKsfZmJA","name":"L'Atelier des Peupliers","street_number":2,"street_name":"Fenarupt","city":"Sainte-Marie-aux-Mines","state":"Grand Est","post_code":68160,"country":"France","country_short":"FR"},"horaires":"Lunes: Cerrado\nMartes: Cerrado\nMi\u00e9rcoles: 09:00 - 12:00\nJueves: Cerrado\nViernes: Cerrado\nS\u00e1bado: 09:00 - 12:00\nDomingo: Cerrado","tel":"06 88 79 39 64","boutons":[{"title":"Sitio de Internet","link":"https:\/\/atelierdespeupliers.com\/"}],"boutons_reservation":"","boutons_social":null,"articles":[{"title":"","text":"","image":""}]},"_links":{"self":[{"href":"https:\/\/foodandgood.fr\/es\/wp-json\/wp\/v2\/etablissement\/85722","targetHints":{"allow":["GET"]}}],"collection":[{"href":"https:\/\/foodandgood.fr\/es\/wp-json\/wp\/v2\/etablissement"}],"about":[{"href":"https:\/\/foodandgood.fr\/es\/wp-json\/wp\/v2\/types\/etablissement"}],"author":[{"embeddable":true,"href":"https:\/\/foodandgood.fr\/es\/wp-json\/wp\/v2\/users\/4"}],"replies":[{"embeddable":true,"href":"https:\/\/foodandgood.fr\/es\/wp-json\/wp\/v2\/comments?post=85722"}],"version-history":[{"count":0,"href":"https:\/\/foodandgood.fr\/es\/wp-json\/wp\/v2\/etablissement\/85722\/revisions"}],"wp:attachment":[{"href":"https:\/\/foodandgood.fr\/es\/wp-json\/wp\/v2\/media?parent=85722"}],"curies":[{"name":"wp","href":"https:\/\/api.w.org\/{rel}","templated":true}]}}

Artesanos y fabricantes de juguetes y objetos de madera maciza Ética ecológica y responsable

<strong>Artesanos y fabricantes de juguetes y objetos de madera maciza Ética ecológica y responsable</strong>

Creado en 1988 por Jean-Paul y Muriel Roux, el Atelier des Peupliers pasó en 2021 a manos de Patrick y Jeanne Florentz, y se trasladó de las llanuras a los Vosgos de Alsacia.

En la actualidad, Patrick y Jeanne cuentan con un repertorio histórico de más de 400 modelos de figuritas y juguetes de madera maciza, de formas y colores suaves, que desarrollan con sus propios conocimientos y habilidades.

Con una sólida formación en artesanía y pedagogía educativa, aprovechan este cambio profesional para combinar su nueva libertad creativa con sus inquietudes humanistas y medioambientales.

 

<strong>L'Atelier des Peupliers</strong> es un proyecto <strong>ecológico y humano</strong> nacido de la necesidad de reducir al máximo nuestro impacto medioambiental, combinando al mismo tiempo el desarrollo sostenible con una dimensión artesanal y artística.

<strong>Fabricamos en circuito corto</strong>, esforzándonos por resaltar la nobleza de la madera, reciclando materiales y utilizando productos de acabado respetuosos con el medio ambiente.

Los juguetes, figuritas y muebles que salen de nuestro taller son piezas únicas pensadas para niños y adultos que quieren regalar y manejar <strong>objetos artesanales de calidad</strong>.

Lunes: Cerrado
Martes: Cerrado
Miércoles: 09:00 - 12:00
Jueves: Cerrado
Viernes: Cerrado
Sábado: 09:00 - 12:00
Domingo: Cerrado
