 {"id":72941,"date":"2022-03-21T16:02:58","date_gmt":"2022-03-21T15:02:58","guid":{"rendered":"https:\/\/foodandgood.fr\/etablissement\/caracoles-de-caro\/"},"modified":"2024-06-12T14:23:30","modified_gmt":"2024-06-12T12:23:30","slug":"caracoles-de-caro","status":"publish","type":"etablissement","link":"https:\/\/foodandgood.fr\/es\/caracoles-de-caro\/","title":{"rendered":"Les Escargots de Caro"},"excerpt":{"rendered":"","protected":false},"author":1,"comment_status":"closed","ping_status":"closed","template":"","meta":{"_acf_changed":false,"beyondwords_generate_audio":"","beyondwords_integration_method":"","beyondwords_project_id":"","beyondwords_content_id":"","beyondwords_preview_token":"","beyondwords_player_content":"","beyondwords_player_style":"","beyondwords_language_code":"","beyondwords_language_id":"","beyondwords_title_voice_id":"","beyondwords_body_voice_id":"","beyondwords_summary_voice_id":"","beyondwords_error_message":"","beyondwords_disabled":"","beyondwords_delete_content":"","beyondwords_podcast_id":"","beyondwords_hash":"","publish_post_to_speechkit":"","speechkit_hash":"","speechkit_generate_audio":"","speechkit_project_id":"","speechkit_podcast_id":"","speechkit_error_message":"","speechkit_disabled":"","speechkit_access_key":"","speechkit_error":"","speechkit_info":"","speechkit_response":"","speechkit_retries":"","speechkit_status":"","speechkit_updated_at":"","_speechkit_link":"","_speechkit_text":""},"class_list":["post-72941","etablissement","type-etablissement","status-publish","has-post-thumbnail","hentry","type-etablissement-catering-shops-es"],"acf":{"id_eta_scn":"","id_app_foodandgood":"","id_exponum":"","abo":[],"etoile_michelin":[],"titre_presentation":"Producci\u00f3n local","presentation":"<h2>Granja de caracoles en Ostheim<\/h2>\n<span style=\"font-weight: 400;\">\u00bfTe apetecen caracoles? Encuentra todos los productos de la granja \"Les Escargots de Caro\" en Ostheim para su venta directa.<\/span>\n\n<span style=\"font-weight: 400;\">En el \u00c9choppe de Caro, Carole y Nicolas cr\u00edan caracoles y aves de corral, y tambi\u00e9n venden huevos ecol\u00f3gicos. Todo se vende directamente de la granja, y el laboratorio de transformaci\u00f3n les permite elaborar sus propias recetas de caracoles: tapenade o al estilo de las aceitunas, conchas a la borgo\u00f1ona y hojaldres congelados para llevar... Tambi\u00e9n han revisitado su especialidad, la Croquille, con un nuevo sabor sorprendente, m\u00e1s fresco y ligero: la Croquille de lima y jengibre, \u00a1que deber\u00edas probar enseguida!<\/span>\n<p class=\"wp-block-heading\">Ven a descubrir nuestros productos a base de caracoles (conchas, croquetas, hojaldres, especialidades de aperitivo, etc.), \u00a1as\u00ed como otros productos locales!<\/p>","types_prestation":false,"photo":19882,"photo_bis":81513,"photo_3":3401,"adresse":{"address":"Les Escargots de Caro, Rue de la Gaensmatt, Ostheim, France","lat":48.1647723,"lng":7.378833099999999,"zoom":7,"place_id":"ChIJ9bSwhThdkUcRNURQHWpfK18","name":"Les Escargots de Caro","street_number":103,"street_name":"Rue de la Gaensmatt","city":"Ostheim","state":"Grand Est","post_code":68150,"country":"France","country_short":"FR"},"horaires":"Lunes: Cerrado\nMartes: Cerrado\nMi\u00e9rcoles: Cerrado\nJueves: Cerrado\nViernes: 16:30 - 18:30\nS\u00e1bado: 09:00 - 12:30\nDomingo: Cerrado","tel":"06 32 26 46 76","boutons":[{"title":"Sitio de Internet","link":"https:\/\/www.lesescargotsdecaro.com\/"}],"boutons_reservation":"","boutons_social":null,"articles":[{"title":"","text":"","image":""}]},"_links":{"self":[{"href":"https:\/\/foodandgood.fr\/es\/wp-json\/wp\/v2\/etablissement\/72941","targetHints":{"allow":["GET"]}}],"collection":[{"href":"https:\/\/foodandgood.fr\/es\/wp-json\/wp\/v2\/etablissement"}],"about":[{"href":"https:\/\/foodandgood.fr\/es\/wp-json\/wp\/v2\/types\/etablissement"}],"author":[{"embeddable":true,"href":"https:\/\/foodandgood.fr\/es\/wp-json\/wp\/v2\/users\/1"}],"replies":[{"embeddable":true,"href":"https:\/\/foodandgood.fr\/es\/wp-json\/wp\/v2\/comments?post=72941"}],"version-history":[{"count":1,"href":"https:\/\/foodandgood.fr\/es\/wp-json\/wp\/v2\/etablissement\/72941\/revisions"}],"predecessor-version":[{"id":81502,"href":"https:\/\/foodandgood.fr\/es\/wp-json\/wp\/v2\/etablissement\/72941\/revisions\/81502"}],"wp:featuredmedia":[{"embeddable":true,"href":"https:\/\/foodandgood.fr\/es\/wp-json\/wp\/v2\/media\/19882"}],"wp:attachment":[{"href":"https:\/\/foodandgood.fr\/es\/wp-json\/wp\/v2\/media?parent=72941"}],"curies":[{"name":"wp","href":"https:\/\/api.w.org\/{rel}","templated":true}]}}

Producción local

<h2>Granja de caracoles en Ostheim</h2>
<span style="font-weight: 400;">¿Te apetecen caracoles? Encuentra todos los productos de la granja "Les Escargots de Caro" en Ostheim para su venta directa.</span>

<span style="font-weight: 400;">En el Échoppe de Caro, Carole y Nicolas crían caracoles y aves de corral, y también venden huevos ecológicos. Todo se vende directamente de la granja, y el laboratorio de transformación les permite elaborar sus propias recetas de caracoles: tapenade o al estilo de las aceitunas, conchas a la borgoñona y hojaldres congelados para llevar... También han revisitado su especialidad, la Croquille, con un nuevo sabor sorprendente, más fresco y ligero: la Croquille de lima y jengibre, ¡que deberías probar enseguida!</span>
<p class="wp-block-heading">Ven a descubrir nuestros productos a base de caracoles (conchas, croquetas, hojaldres, especialidades de aperitivo, etc.), ¡así como otros productos locales!</p>

Lunes: Cerrado
Martes: Cerrado
Miércoles: Cerrado
Jueves: Cerrado
Viernes: 16:30 - 18:30
Sábado: 09:00 - 12:30
Domingo: Cerrado
