 {"id":72929,"date":"2022-03-21T16:00:48","date_gmt":"2022-03-21T15:00:48","guid":{"rendered":"https:\/\/foodandgood.fr\/etablissement\/las-seis-montanas\/"},"modified":"2024-06-12T14:11:33","modified_gmt":"2024-06-12T12:11:33","slug":"las-seis-montanas","status":"publish","type":"etablissement","link":"https:\/\/foodandgood.fr\/es\/las-seis-montanas\/","title":{"rendered":"Les Six Montagnes"},"excerpt":{"rendered":"","protected":false},"author":1,"comment_status":"closed","ping_status":"closed","template":"","meta":{"_acf_changed":false,"beyondwords_generate_audio":"","beyondwords_integration_method":"","beyondwords_project_id":"","beyondwords_content_id":"","beyondwords_preview_token":"","beyondwords_player_content":"","beyondwords_player_style":"","beyondwords_language_code":"","beyondwords_language_id":"","beyondwords_title_voice_id":"","beyondwords_body_voice_id":"","beyondwords_summary_voice_id":"","beyondwords_error_message":"","beyondwords_disabled":"","beyondwords_delete_content":"","beyondwords_podcast_id":"","beyondwords_hash":"","publish_post_to_speechkit":"","speechkit_hash":"","speechkit_generate_audio":"","speechkit_project_id":"","speechkit_podcast_id":"","speechkit_error_message":"","speechkit_disabled":"","speechkit_access_key":"","speechkit_error":"","speechkit_info":"","speechkit_response":"","speechkit_retries":"","speechkit_status":"","speechkit_updated_at":"","_speechkit_link":"","_speechkit_text":""},"class_list":["post-72929","etablissement","type-etablissement","status-publish","has-post-thumbnail","hentry","type-etablissement-cocina-alsaciana","type-etablissement-comida-italiana","type-etablissement-desalmuerzo"],"acf":{"id_eta_scn":"","id_app_foodandgood":"","id_exponum":"","abo":[],"etoile_michelin":[],"titre_presentation":"Entre Alsacia e Italia","presentation":"<p class=\"font_8 wixui-rich-text__text\"><span class=\"wixui-rich-text__text\"><span class=\"color_15 wixui-rich-text__text\">Nuestro restaurante est\u00e1 situado en el casco antiguo de Colmar, en el coraz\u00f3n de la Peque\u00f1a Venecia.  <\/span><\/span><span class=\"wixui-rich-text__text\"><span class=\"color_15 wixui-rich-text__text\">Nuestra cocina se prepara in situ con productos frescos en colaboraci\u00f3n con productores locales.  <\/span><\/span><span class=\"wixui-rich-text__text\"><span class=\"color_15 wixui-rich-text__text\">Nuestras ostras proceden directamente de nuestro productor de la isla de R\u00e9.\n<\/span><\/span><span class=\"wixui-rich-text__text\"><span class=\"color_15 wixui-rich-text__text\">Nuestro chef, que se preocupa por la calidad de tus platos, \u00a1te ayudar\u00e1 a descubrir y compartir los sabores del mundo!<\/span><\/span><\/p>\nOriginario de N\u00e1poles, a St\u00e9phane le apasiona combinar la cocina francesa con la herencia italiana de su abuela. Cada plato que prepara cuenta una historia, creando un rompecabezas culinario \u00fanico que mezcla sutilmente productos de la tierra y del mar. \u00a1Ven a probar la autenticidad y creatividad de su cocina en Les 6 Montagnes!","types_prestation":false,"photo":63982,"photo_bis":81478,"photo_3":4703,"adresse":{"address":"Les Six Montagnes, Rue Landeck, Colmar, France","lat":48.07394790000001,"lng":7.356301500000001,"zoom":7,"place_id":"ChIJF9EAbJtlkUcRYTDNU-Ry6ec","name":"Les Six Montagnes","street_number":1,"street_name":"Rue Landeck","city":"Colmar","state":"Grand Est","post_code":68000,"country":"France","country_short":"FR"},"horaires":"Lunes: 09:00 - 22:00\nMartes: 09:00 - 22:00\nMi\u00e9rcoles: 09:00 - 22:00\nJueves: 09:00 - 22:00\nViernes: 09:00 - 22:00\nS\u00e1bado: 09:00 - 22:00\nDomingo: 09:00 - 22:00","tel":"03 68 61 13 70","boutons":[{"title":"Sitio de Internet","link":"https:\/\/www.les-six-montagnes.com\/"},{"title":"Tarjeta","link":"https:\/\/www.les-six-montagnes.com\/la-carte"}],"boutons_reservation":"","boutons_social":null,"articles":[{"title":"","text":"<h2>Un viaje a la f\u00e1brica de cerveza de Colmar<\/h2>\n<span style=\"font-weight: 400;\">El chef Phuong Vu-Ngoc combina sus or\u00edgenes alsacianos y vietnamitas en una cocina creativa y bistron\u00f3mica. Ha hecho del pescado su especialidad, y ahora ofrece durante todo el a\u00f1o ostras directamente del productor: L'Ostr\u00e9ica, en la isla de R\u00e9, entregadas en 48 horas del mar al plato. Platos estrella: \u00a1Couteaux \u00e0 la proven\u00e7ale o Pluma Ib\u00e9rica al estilo tailand\u00e9s!<\/span>\n\nInf\u00f3rmate de las \u00faltimas noticias sobre la f\u00e1brica de cerveza de Colmar en su <a href=\"https:\/\/www.les-six-montagnes.com\">sitio web<\/a>.","image":""}]},"_links":{"self":[{"href":"https:\/\/foodandgood.fr\/es\/wp-json\/wp\/v2\/etablissement\/72929","targetHints":{"allow":["GET"]}}],"collection":[{"href":"https:\/\/foodandgood.fr\/es\/wp-json\/wp\/v2\/etablissement"}],"about":[{"href":"https:\/\/foodandgood.fr\/es\/wp-json\/wp\/v2\/types\/etablissement"}],"author":[{"embeddable":true,"href":"https:\/\/foodandgood.fr\/es\/wp-json\/wp\/v2\/users\/1"}],"replies":[{"embeddable":true,"href":"https:\/\/foodandgood.fr\/es\/wp-json\/wp\/v2\/comments?post=72929"}],"version-history":[{"count":1,"href":"https:\/\/foodandgood.fr\/es\/wp-json\/wp\/v2\/etablissement\/72929\/revisions"}],"predecessor-version":[{"id":81449,"href":"https:\/\/foodandgood.fr\/es\/wp-json\/wp\/v2\/etablissement\/72929\/revisions\/81449"}],"wp:featuredmedia":[{"embeddable":true,"href":"https:\/\/foodandgood.fr\/es\/wp-json\/wp\/v2\/media\/63982"}],"wp:attachment":[{"href":"https:\/\/foodandgood.fr\/es\/wp-json\/wp\/v2\/media?parent=72929"}],"curies":[{"name":"wp","href":"https:\/\/api.w.org\/{rel}","templated":true}]}}

<p class="font_8 wixui-rich-text__text"><span class="wixui-rich-text__text"><span class="color_15 wixui-rich-text__text">Nuestro restaurante está situado en el casco antiguo de Colmar, en el corazón de la Pequeña Venecia.  </span></span><span class="wixui-rich-text__text"><span class="color_15 wixui-rich-text__text">Nuestra cocina se prepara in situ con productos frescos en colaboración con productores locales.  </span></span><span class="wixui-rich-text__text"><span class="color_15 wixui-rich-text__text">Nuestras ostras proceden directamente de nuestro productor de la isla de Ré.
</span></span><span class="wixui-rich-text__text"><span class="color_15 wixui-rich-text__text">Nuestro chef, que se preocupa por la calidad de tus platos, ¡te ayudará a descubrir y compartir los sabores del mundo!</span></span></p>
Originario de Nápoles, a Stéphane le apasiona combinar la cocina francesa con la herencia italiana de su abuela. Cada plato que prepara cuenta una historia, creando un rompecabezas culinario único que mezcla sutilmente productos de la tierra y del mar. ¡Ven a probar la autenticidad y creatividad de su cocina en Les 6 Montagnes!

Lunes: 09:00 - 22:00
Martes: 09:00 - 22:00
Miércoles: 09:00 - 22:00
Jueves: 09:00 - 22:00
Viernes: 09:00 - 22:00
Sábado: 09:00 - 22:00
Domingo: 09:00 - 22:00

<h2>Un viaje a la fábrica de cerveza de Colmar</h2>
<span style="font-weight: 400;">El chef Phuong Vu-Ngoc combina sus orígenes alsacianos y vietnamitas en una cocina creativa y bistronómica. Ha hecho del pescado su especialidad, y ahora ofrece durante todo el año ostras directamente del productor: L'Ostréica, en la isla de Ré, entregadas en 48 horas del mar al plato. Platos estrella: ¡Couteaux à la provençale o Pluma Ibérica al estilo tailandés!</span>

Infórmate de las últimas noticias sobre la fábrica de cerveza de Colmar en su <a href="https://www.les-six-montagnes.com">sitio web</a>.
