 {"id":72897,"date":"2022-03-08T11:40:42","date_gmt":"2022-03-08T10:40:42","guid":{"rendered":"https:\/\/foodandgood.fr\/etablissement\/caveau-saint-jean\/"},"modified":"2024-06-10T17:40:31","modified_gmt":"2024-06-10T15:40:31","slug":"caveau-saint-jean","status":"publish","type":"etablissement","link":"https:\/\/foodandgood.fr\/es\/caveau-saint-jean\/","title":{"rendered":"Caveau Saint Jean"},"excerpt":{"rendered":"","protected":false},"author":1,"comment_status":"closed","ping_status":"closed","template":"","meta":{"_acf_changed":false,"beyondwords_generate_audio":"","beyondwords_integration_method":"","beyondwords_project_id":"","beyondwords_content_id":"","beyondwords_preview_token":"","beyondwords_player_content":"","beyondwords_player_style":"","beyondwords_language_code":"","beyondwords_language_id":"","beyondwords_title_voice_id":"","beyondwords_body_voice_id":"","beyondwords_summary_voice_id":"","beyondwords_error_message":"","beyondwords_disabled":"","beyondwords_delete_content":"","beyondwords_podcast_id":"","beyondwords_hash":"","publish_post_to_speechkit":"","speechkit_hash":"","speechkit_generate_audio":"","speechkit_project_id":"","speechkit_podcast_id":"","speechkit_error_message":"","speechkit_disabled":"","speechkit_access_key":"","speechkit_error":"","speechkit_info":"","speechkit_response":"","speechkit_retries":"","speechkit_status":"","speechkit_updated_at":"","_speechkit_link":"","_speechkit_text":""},"class_list":["post-72897","etablissement","type-etablissement","status-publish","has-post-thumbnail","hentry","type-etablissement-cocina-alsaciana","type-etablissement-comida-italiana","type-etablissement-vales-regalo"],"acf":{"id_eta_scn":"","id_app_foodandgood":268,"id_exponum":"","abo":[],"etoile_michelin":[],"titre_presentation":"Frescura y placer","presentation":"Cena de lujo en Colmar\nComo un antro dedicado a los epic\u00fareos, el Caveau Saint Jean de Colmar sabe c\u00f3mo tratar a sus hu\u00e9spedes.\n\nComo un antro dedicado a los epic\u00fareos, Caveau Saint Jean sabe c\u00f3mo tratar a sus hu\u00e9spedes. A los propietarios Claire y Julien les encanta compartir los placeres de la comida buena, sencilla y generosa. Sus pizzas son reconfortantes, sus tartas flambeadas crujientes y sus carnes charolesas sabrosas. El men\u00fa es conciso para garantizar la absoluta frescura de los productos. Para acompa\u00f1ar la comida o como sobremesa, la selecci\u00f3n de bebidas es meticulosa: buenos vinos tintos y vino blanco alsaciano ecol\u00f3gico, aguardientes alsacianos, buen whisky y ron a\u00f1ejo.","types_prestation":false,"photo":46614,"photo_bis":46636,"photo_3":53444,"adresse":{"address":"Caveau Saint Jean, Grand Rue, Colmar, France","lat":48.07477300000001,"lng":7.357376299999999,"zoom":7,"place_id":"ChIJ9eRLNuZlkUcRASOTCzNChUw","name":"Caveau Saint Jean","street_number":47,"street_name":"Grand Rue","city":"Colmar","state":"Grand Est","post_code":68000,"country":"France","country_short":"FR"},"horaires":"Lunes: 12:00 - 14:00, 18:30 - 21:00\nMartes: 12:00 - 14:00, 18:30 - 21:00\nMi\u00e9rcoles: Cerrado\nJueves: Cerrado\nViernes: 12:00 - 14:00, 18:30 - 21:45\nS\u00e1bado: 12:00 - 14:00, 18:30 - 21:45\nDomingo: 12:00 - 14:00, 18:30 - 21:45","tel":"03 68 61 23 30","boutons":[{"title":"Sitio de Internet","link":"https:\/\/www.facebook.com\/p\/Caveau-St-Jean-100061943928536\/?locale=fr_FR"},{"title":"Vales de regalo","link":"https:\/\/aji-box.com\/-\/food_and_good_boutique_officielle\/"}],"boutons_reservation":"","boutons_social":null,"articles":[{"title":"","text":"","image":""}]},"_links":{"self":[{"href":"https:\/\/foodandgood.fr\/es\/wp-json\/wp\/v2\/etablissement\/72897","targetHints":{"allow":["GET"]}}],"collection":[{"href":"https:\/\/foodandgood.fr\/es\/wp-json\/wp\/v2\/etablissement"}],"about":[{"href":"https:\/\/foodandgood.fr\/es\/wp-json\/wp\/v2\/types\/etablissement"}],"author":[{"embeddable":true,"href":"https:\/\/foodandgood.fr\/es\/wp-json\/wp\/v2\/users\/1"}],"replies":[{"embeddable":true,"href":"https:\/\/foodandgood.fr\/es\/wp-json\/wp\/v2\/comments?post=72897"}],"version-history":[{"count":1,"href":"https:\/\/foodandgood.fr\/es\/wp-json\/wp\/v2\/etablissement\/72897\/revisions"}],"predecessor-version":[{"id":79683,"href":"https:\/\/foodandgood.fr\/es\/wp-json\/wp\/v2\/etablissement\/72897\/revisions\/79683"}],"wp:featuredmedia":[{"embeddable":true,"href":"https:\/\/foodandgood.fr\/es\/wp-json\/wp\/v2\/media\/46614"}],"wp:attachment":[{"href":"https:\/\/foodandgood.fr\/es\/wp-json\/wp\/v2\/media?parent=72897"}],"curies":[{"name":"wp","href":"https:\/\/api.w.org\/{rel}","templated":true}]}}

Cena de lujo en Colmar
Como un antro dedicado a los epicúreos, el Caveau Saint Jean de Colmar sabe cómo tratar a sus huéspedes.

Como un antro dedicado a los epicúreos, Caveau Saint Jean sabe cómo tratar a sus huéspedes. A los propietarios Claire y Julien les encanta compartir los placeres de la comida buena, sencilla y generosa. Sus pizzas son reconfortantes, sus tartas flambeadas crujientes y sus carnes charolesas sabrosas. El menú es conciso para garantizar la absoluta frescura de los productos. Para acompañar la comida o como sobremesa, la selección de bebidas es meticulosa: buenos vinos tintos y vino blanco alsaciano ecológico, aguardientes alsacianos, buen whisky y ron añejo.

Lunes: 12:00 - 14:00, 18:30 - 21:00
Martes: 12:00 - 14:00, 18:30 - 21:00
Miércoles: Cerrado
Jueves: Cerrado
Viernes: 12:00 - 14:00, 18:30 - 21:45
Sábado: 12:00 - 14:00, 18:30 - 21:45
Domingo: 12:00 - 14:00, 18:30 - 21:45
