 {"id":72834,"date":"2024-04-12T15:21:48","date_gmt":"2024-04-12T13:21:48","guid":{"rendered":"https:\/\/foodandgood.fr\/etablissement\/ortam\/"},"modified":"2024-06-05T19:43:52","modified_gmt":"2024-06-05T17:43:52","slug":"ortam","status":"publish","type":"etablissement","link":"https:\/\/foodandgood.fr\/es\/ortam\/","title":{"rendered":"Ortam"},"excerpt":{"rendered":"<p>Para la familia Tekin, la ZI Nord de Colmar era el lugar ideal para instalar su restaurante Ortam.<\/p>\n","protected":false},"author":13,"comment_status":"closed","ping_status":"closed","template":"","meta":{"_acf_changed":false,"beyondwords_generate_audio":"","beyondwords_integration_method":"","beyondwords_project_id":"","beyondwords_content_id":"","beyondwords_preview_token":"","beyondwords_player_content":"","beyondwords_player_style":"","beyondwords_language_code":"","beyondwords_language_id":"","beyondwords_title_voice_id":"","beyondwords_body_voice_id":"","beyondwords_summary_voice_id":"","beyondwords_error_message":"","beyondwords_disabled":"","beyondwords_delete_content":"","beyondwords_podcast_id":"","beyondwords_hash":"","publish_post_to_speechkit":"","speechkit_hash":"","speechkit_generate_audio":"","speechkit_project_id":"","speechkit_podcast_id":"","speechkit_error_message":"","speechkit_disabled":"","speechkit_access_key":"","speechkit_error":"","speechkit_info":"","speechkit_response":"","speechkit_retries":"","speechkit_status":"","speechkit_updated_at":"","_speechkit_link":"","_speechkit_text":""},"class_list":["post-72834","etablissement","type-etablissement","status-publish","has-post-thumbnail","hentry","type-etablissement-cocina-internacional"],"acf":{"id_eta_scn":"","id_app_foodandgood":"","id_exponum":"","abo":[],"etoile_michelin":[],"titre_presentation":"EL RESTAURANTE EST\u00c1 CERRADO  <br>POR TIEMPO INDEFINIDO  <br>TRAS UN INCENDIO","presentation":"<p class=\"p2\">Para la familia Tekin, la ZI Nord de Colmar era el lugar ideal para instalar su restaurante Ortam. Esto hace m\u00e1s c\u00f3moda la acogida de los clientes (incluidos los que aparcan) y nos permite ofrecer una cocina elegante que respeta las tradiciones culinarias turcas, sobre todo con las especialidades a la parrilla, muy populares por su sabor inimitable. Porque s\u00ed, \u00a1aqu\u00ed todo se cocina con fuego de le\u00f1a y carb\u00f3n! Las cocinas est\u00e1n abiertas, mostrando las diferentes estaciones de cocci\u00f3n (parrillas, espetones, horno de le\u00f1a), y la elecci\u00f3n de las carnes, que se sirven ante los ojos de los comensales con toda sinceridad. No te pierdas la paletilla de cordero al asador, s\u00f3lo disponible los fines de semana.<\/p>\n<p class=\"p2\">El objetivo es atender a los profesionales de la zona a mediod\u00eda y atraer a una clientela m\u00e1s diversa por la noche.<\/p>\n<p class=\"p2\">En un marco excepcional de 260m2, que combina h\u00e1bilmente la pureza de la modernidad y la riqueza de las tradiciones turcas, todo el equipo se compromete a que los hu\u00e9spedes disfruten de una experiencia \u00fanica.<\/p>\n<p class=\"p2\"><i>Nota: La nueva terraza abre en mayo. \u00a1No olvides reservar!<\/i><\/p>","types_prestation":false,"photo":66575,"photo_bis":66798,"photo_3":66588,"adresse":{"address":"Ortam Grill Restaurant, Rue des Fr\u00e8res Lumi\u00e8re, Colmar, France","lat":48.1111218,"lng":7.3726216,"zoom":7,"place_id":"ChIJCz4zo-xnkUcRFe6l2Uxr6HM","name":"Ortam Grill Restaurant","street_number":15,"street_name":"Rue des Fr\u00e8res Lumi\u00e8re","city":"Colmar","state":"Grand Est","post_code":68000,"country":"France","country_short":"FR"},"horaires":"Lunes 12:00-14:00, 18:30-23:00\nMartes Cerrado\nMi\u00e9rcoles 12:00-14:00, 18:30-23:00\nJueves 12:00-14:00, 18:30-23:00\nViernes 12:00-14:00, 18:30-23:00\nS\u00e1bado 12:00-14:00, 18:30-23:00\ndomingo 18:30-23:00","tel":"03 89 20 10 39","boutons":[{"title":"Sitio de Internet","link":"https:\/\/ortam-restaurant.eatbu.com\/"}],"boutons_reservation":"","boutons_social":null,"articles":[{"title":"","text":"","image":""}]},"_links":{"self":[{"href":"https:\/\/foodandgood.fr\/es\/wp-json\/wp\/v2\/etablissement\/72834","targetHints":{"allow":["GET"]}}],"collection":[{"href":"https:\/\/foodandgood.fr\/es\/wp-json\/wp\/v2\/etablissement"}],"about":[{"href":"https:\/\/foodandgood.fr\/es\/wp-json\/wp\/v2\/types\/etablissement"}],"author":[{"embeddable":true,"href":"https:\/\/foodandgood.fr\/es\/wp-json\/wp\/v2\/users\/13"}],"replies":[{"embeddable":true,"href":"https:\/\/foodandgood.fr\/es\/wp-json\/wp\/v2\/comments?post=72834"}],"version-history":[{"count":1,"href":"https:\/\/foodandgood.fr\/es\/wp-json\/wp\/v2\/etablissement\/72834\/revisions"}],"predecessor-version":[{"id":74957,"href":"https:\/\/foodandgood.fr\/es\/wp-json\/wp\/v2\/etablissement\/72834\/revisions\/74957"}],"wp:featuredmedia":[{"embeddable":true,"href":"https:\/\/foodandgood.fr\/es\/wp-json\/wp\/v2\/media\/66575"}],"wp:attachment":[{"href":"https:\/\/foodandgood.fr\/es\/wp-json\/wp\/v2\/media?parent=72834"}],"curies":[{"name":"wp","href":"https:\/\/api.w.org\/{rel}","templated":true}]}}

EL RESTAURANTE ESTÁ CERRADO  <br>POR TIEMPO INDEFINIDO  <br>TRAS UN INCENDIO

<p class="p2">Para la familia Tekin, la ZI Nord de Colmar era el lugar ideal para instalar su restaurante Ortam. Esto hace más cómoda la acogida de los clientes (incluidos los que aparcan) y nos permite ofrecer una cocina elegante que respeta las tradiciones culinarias turcas, sobre todo con las especialidades a la parrilla, muy populares por su sabor inimitable. Porque sí, ¡aquí todo se cocina con fuego de leña y carbón! Las cocinas están abiertas, mostrando las diferentes estaciones de cocción (parrillas, espetones, horno de leña), y la elección de las carnes, que se sirven ante los ojos de los comensales con toda sinceridad. No te pierdas la paletilla de cordero al asador, sólo disponible los fines de semana.</p>
<p class="p2">El objetivo es atender a los profesionales de la zona a mediodía y atraer a una clientela más diversa por la noche.</p>
<p class="p2">En un marco excepcional de 260m2, que combina hábilmente la pureza de la modernidad y la riqueza de las tradiciones turcas, todo el equipo se compromete a que los huéspedes disfruten de una experiencia única.</p>
<p class="p2"><i>Nota: La nueva terraza abre en mayo. ¡No olvides reservar!</i></p>

Ortam Grill Restaurant, Rue des Frères Lumière, Colmar, France

Rue des Frères Lumière

Lunes 12:00-14:00, 18:30-23:00
Martes Cerrado
Miércoles 12:00-14:00, 18:30-23:00
Jueves 12:00-14:00, 18:30-23:00
Viernes 12:00-14:00, 18:30-23:00
Sábado 12:00-14:00, 18:30-23:00
domingo 18:30-23:00
