 {"id":62136,"date":"2023-12-05T18:43:51","date_gmt":"2023-12-05T17:43:51","guid":{"rendered":"https:\/\/foodandgood.fr\/etablissement\/la-hora-de-la-copa\/"},"modified":"2024-06-10T15:01:42","modified_gmt":"2024-06-10T13:01:42","slug":"la-hora-de-la-copa","status":"publish","type":"etablissement","link":"https:\/\/foodandgood.fr\/es\/la-hora-de-la-copa\/","title":{"rendered":"Le Temps d'une Coupe"},"excerpt":{"rendered":"","protected":false},"author":1,"comment_status":"closed","ping_status":"closed","template":"","meta":{"_acf_changed":false,"beyondwords_generate_audio":"","beyondwords_integration_method":"","beyondwords_project_id":"","beyondwords_content_id":"","beyondwords_preview_token":"","beyondwords_player_content":"","beyondwords_player_style":"","beyondwords_language_code":"","beyondwords_language_id":"","beyondwords_title_voice_id":"","beyondwords_body_voice_id":"","beyondwords_summary_voice_id":"","beyondwords_error_message":"","beyondwords_disabled":"","beyondwords_delete_content":"","beyondwords_podcast_id":"","beyondwords_hash":"","publish_post_to_speechkit":"","speechkit_hash":"","speechkit_generate_audio":"","speechkit_project_id":"","speechkit_podcast_id":"","speechkit_error_message":"","speechkit_disabled":"","speechkit_access_key":"","speechkit_error":"","speechkit_info":"","speechkit_response":"","speechkit_retries":"","speechkit_status":"","speechkit_updated_at":"","_speechkit_link":"","_speechkit_text":""},"class_list":["post-62136","etablissement","type-etablissement","status-publish","has-post-thumbnail","hentry","type-etablissement-bienestar"],"acf":{"id_eta_scn":"","id_app_foodandgood":236,"id_exponum":"","abo":[],"etoile_michelin":[],"titre_presentation":"Un momento de relajaci\u00f3n inolvidable","presentation":"Le Temps d'une Coupe destaca por la calidad y diversidad de sus servicios. Tanto si necesitas un simple corte de pelo, una coloraci\u00f3n sofisticada o un tratamiento capilar completo, nuestro equipo de profesionales cualificados est\u00e1 ah\u00ed para satisfacer todas tus necesidades. El sal\u00f3n utiliza productos de alta calidad, a menudo de marcas que respetan el medio ambiente y la salud del cabello. Los peluqueros se toman el tiempo necesario para comprender las necesidades de cada cliente, ofreci\u00e9ndole asesoramiento personalizado y soluciones a medida.\n\nAdem\u00e1s de servicios de peluquer\u00eda, Le Temps d'une Coupe tambi\u00e9n ofrece tratamientos de bienestar para una relajaci\u00f3n completa. Puedes disfrutar de un masaje craneal y de espalda en nuestros sillones de masaje. Estos momentos de relajaci\u00f3n a\u00f1aden una dimensi\u00f3n extra a tu visita, convirtiendo el sal\u00f3n en un lugar donde recargar las pilas de verdad.","types_prestation":false,"photo":62124,"photo_bis":78842,"photo_3":78830,"adresse":{"address":"Le Temps d'une Coupe, Rue du G\u00e9n Bourgeois, Sainte-Marie-aux-Mines, France","lat":48.2408523,"lng":7.1787931,"zoom":7,"place_id":"ChIJGVFk6p3hk0cRnfFa4No-u_o","name":"Le Temps d'une Coupe","street_number":37,"street_name":"Rue du G\u00e9n Bourgeois","city":"Sainte-Marie-aux-Mines","state":"Grand Est","post_code":68160,"country":"France","country_short":"FR"},"horaires":"","tel":"03 89 73 99 65","boutons":[{"title":"Sitio de Internet","link":"https:\/\/beautyplanet.com\/le-temps-d-une-coupe-453"},{"title":"Vales de regalo","link":"https:\/\/aji-box.com\/-\/cheques-cadeaux-val-dargent\/"}],"boutons_reservation":"","boutons_social":null,"articles":[{"title":"","text":"El sal\u00f3n est\u00e1 atendido por un equipo din\u00e1mico y amable que est\u00e1 a tu disposici\u00f3n para ofrecerte asesoramiento profesional. El interior del sal\u00f3n est\u00e1 dise\u00f1ado para ofrecer una experiencia completa y agradable a cada visitante, con zonas especializadas para satisfacer las variadas necesidades de los clientes.\n<ul>\n \t<li><strong>Una zona de barba especial para vosotros, caballeros<\/strong><\/li>\n<\/ul>\nEste espacio ofrece servicios de afeitado y cuidado de la barba en un entorno c\u00f3modo y sofisticado, donde cada detalle est\u00e1 pensado para garantizar tu bienestar.\n<ul>\n \t<li><strong>Una zona de juegos para ni\u00f1os<\/strong><\/li>\n<\/ul>\nLos m\u00e1s peque\u00f1os son acogidos en un entorno seguro y divertido donde pueden jugar y relajarse mientras sus padres son mimados.\n<ul>\n \t<li><strong>Un espacio de venta de maquillaje con productos 100% BIO<\/strong><\/li>\n<\/ul>\nPara quienes buscan productos de belleza naturales y respetuosos con la piel, este espacio ofrece una selecci\u00f3n de maquillaje ecol\u00f3gico, garant\u00eda de calidad y ecorresponsabilidad.\n<ul>\n \t<li><strong>Una zona de venta de productos para el cuidado del cabello<\/strong><\/li>\n<\/ul>\nEncontrar\u00e1s una amplia gama de productos de cuidado capilar para mantener y mejorar tu cabello en casa.","image":78836},{"title":"","text":"","image":""},{"title":"","text":"","image":""}]},"_links":{"self":[{"href":"https:\/\/foodandgood.fr\/es\/wp-json\/wp\/v2\/etablissement\/62136","targetHints":{"allow":["GET"]}}],"collection":[{"href":"https:\/\/foodandgood.fr\/es\/wp-json\/wp\/v2\/etablissement"}],"about":[{"href":"https:\/\/foodandgood.fr\/es\/wp-json\/wp\/v2\/types\/etablissement"}],"author":[{"embeddable":true,"href":"https:\/\/foodandgood.fr\/es\/wp-json\/wp\/v2\/users\/1"}],"replies":[{"embeddable":true,"href":"https:\/\/foodandgood.fr\/es\/wp-json\/wp\/v2\/comments?post=62136"}],"version-history":[{"count":1,"href":"https:\/\/foodandgood.fr\/es\/wp-json\/wp\/v2\/etablissement\/62136\/revisions"}],"predecessor-version":[{"id":78853,"href":"https:\/\/foodandgood.fr\/es\/wp-json\/wp\/v2\/etablissement\/62136\/revisions\/78853"}],"wp:featuredmedia":[{"embeddable":true,"href":"https:\/\/foodandgood.fr\/es\/wp-json\/wp\/v2\/media\/62124"}],"wp:attachment":[{"href":"https:\/\/foodandgood.fr\/es\/wp-json\/wp\/v2\/media?parent=62136"}],"curies":[{"name":"wp","href":"https:\/\/api.w.org\/{rel}","templated":true}]}}

Un momento de relajación inolvidable

Le Temps d'une Coupe destaca por la calidad y diversidad de sus servicios. Tanto si necesitas un simple corte de pelo, una coloración sofisticada o un tratamiento capilar completo, nuestro equipo de profesionales cualificados está ahí para satisfacer todas tus necesidades. El salón utiliza productos de alta calidad, a menudo de marcas que respetan el medio ambiente y la salud del cabello. Los peluqueros se toman el tiempo necesario para comprender las necesidades de cada cliente, ofreciéndole asesoramiento personalizado y soluciones a medida.

Además de servicios de peluquería, Le Temps d'une Coupe también ofrece tratamientos de bienestar para una relajación completa. Puedes disfrutar de un masaje craneal y de espalda en nuestros sillones de masaje. Estos momentos de relajación añaden una dimensión extra a tu visita, convirtiendo el salón en un lugar donde recargar las pilas de verdad.

Le Temps d'une Coupe, Rue du Gén Bourgeois, Sainte-Marie-aux-Mines, France

Rue du Gén Bourgeois

El salón está atendido por un equipo dinámico y amable que está a tu disposición para ofrecerte asesoramiento profesional. El interior del salón está diseñado para ofrecer una experiencia completa y agradable a cada visitante, con zonas especializadas para satisfacer las variadas necesidades de los clientes.
<ul>
 	<li><strong>Una zona de barba especial para vosotros, caballeros</strong></li>
</ul>
Este espacio ofrece servicios de afeitado y cuidado de la barba en un entorno cómodo y sofisticado, donde cada detalle está pensado para garantizar tu bienestar.
<ul>
 	<li><strong>Una zona de juegos para niños</strong></li>
</ul>
Los más pequeños son acogidos en un entorno seguro y divertido donde pueden jugar y relajarse mientras sus padres son mimados.
<ul>
 	<li><strong>Un espacio de venta de maquillaje con productos 100% BIO</strong></li>
</ul>
Para quienes buscan productos de belleza naturales y respetuosos con la piel, este espacio ofrece una selección de maquillaje ecológico, garantía de calidad y ecorresponsabilidad.
<ul>
 	<li><strong>Una zona de venta de productos para el cuidado del cabello</strong></li>
</ul>
Encontrarás una amplia gama de productos de cuidado capilar para mantener y mejorar tu cabello en casa.
