 {"id":58956,"date":"2023-11-08T11:54:20","date_gmt":"2023-11-08T10:54:20","guid":{"rendered":"https:\/\/foodandgood.fr\/etablissement\/pasteles-de-boda-clergue\/"},"modified":"2024-06-12T14:44:14","modified_gmt":"2024-06-12T12:44:14","slug":"pasteles-de-boda-clergue","status":"publish","type":"etablissement","link":"https:\/\/foodandgood.fr\/es\/pasteles-de-boda-clergue\/","title":{"rendered":"JM Clergue Weddings Cakes & Co"},"excerpt":{"rendered":"<p>Fundada en 1972, la Maison Clergue tiene su sede desde entonces en la plaza de la Cath\u00e9drale de Colmar. Pasteler\u00eda, confiter\u00eda y sal\u00f3n de t\u00e9, esta peque\u00f1a empresa familiar se mantiene fiel a sus valores, ofreciendo recetas familiares elaboradas con m\u00e9todos tradicionales.<\/p>\n","protected":false},"author":1,"comment_status":"closed","ping_status":"closed","template":"","meta":{"_acf_changed":false,"beyondwords_generate_audio":"","beyondwords_integration_method":"","beyondwords_project_id":"","beyondwords_content_id":"","beyondwords_preview_token":"","beyondwords_player_content":"","beyondwords_player_style":"","beyondwords_language_code":"","beyondwords_language_id":"","beyondwords_title_voice_id":"","beyondwords_body_voice_id":"","beyondwords_summary_voice_id":"","beyondwords_error_message":"","beyondwords_disabled":"","beyondwords_delete_content":"","beyondwords_podcast_id":"","beyondwords_hash":"","publish_post_to_speechkit":"","speechkit_hash":"","speechkit_generate_audio":"","speechkit_project_id":"","speechkit_podcast_id":"","speechkit_error_message":"","speechkit_disabled":"","speechkit_access_key":"","speechkit_error":"","speechkit_info":"","speechkit_response":"","speechkit_retries":"","speechkit_status":"","speechkit_updated_at":"","_speechkit_link":"","_speechkit_text":""},"class_list":["post-58956","etablissement","type-etablissement","status-publish","has-post-thumbnail","hentry","type-etablissement-catering-shops-es","type-etablissement-dulce-descanso"],"acf":{"id_eta_scn":"","id_app_foodandgood":57,"id_exponum":"","abo":[],"etoile_michelin":[],"titre_presentation":"Crecer para servirle mejor","presentation":"Fundada en 1972, la Maison Clergue tiene su sede desde entonces en la plaza de la Cath\u00e9drale de Colmar. Pasteler\u00eda, confiter\u00eda y sal\u00f3n de t\u00e9, esta peque\u00f1a empresa familiar se mantiene fiel a sus valores, ofreciendo recetas familiares elaboradas con m\u00e9todos tradicionales.\n\nMientras la tienda del centro de la ciudad acoge cada vez a m\u00e1s turistas, la empresa acaba de trasladar su laboratorio a Sainte-Croix-en-Plaine y ha abierto una peque\u00f1a tienda integrada, que Marianne Clergue, nieta de los fundadores, est\u00e1 encantada de dirigir. Esta nueva direcci\u00f3n ofrece boller\u00eda, bocadillos y tentempi\u00e9s a los trabajadores locales, as\u00ed como un punto de recogida f\u00e1cil para los clientes habituales.\n\nNota: \u00a1Se ha previsto un servicio de catering para 2024!","types_prestation":false,"photo":58950,"photo_bis":59901,"photo_3":59906,"adresse":{"address":"7d Rue Montgolfier, 68127 Sainte-Croix-en-Plaine, France","lat":48.0228966,"lng":7.380687900000001,"zoom":7,"place_id":"ChIJeWK2MJNvkUcR2Qc_eGofFIw","street_number":"7d","street_name":"Rue Montgolfier","city":"Sainte-Croix-en-Plaine","state":"Grand Est","post_code":68127,"country":"France","country_short":"FR"},"horaires":"Lunes de 7.00 a 14.00 h, de martes a viernes de 7.00 a 18.30 h S\u00e1bados y domingos de 7.00 a 14.00 h","tel":"03 89 29 46 61","boutons":[{"title":"Sitio de Internet","link":""},{"title":"Vales de regalo","link":""},{"title":"","link":""},{"title":"","link":""}],"boutons_reservation":"","boutons_social":null,"articles":[{"title":"","text":"","image":""},{"title":"","text":"","image":""},{"title":"","text":"","image":""}]},"_links":{"self":[{"href":"https:\/\/foodandgood.fr\/es\/wp-json\/wp\/v2\/etablissement\/58956","targetHints":{"allow":["GET"]}}],"collection":[{"href":"https:\/\/foodandgood.fr\/es\/wp-json\/wp\/v2\/etablissement"}],"about":[{"href":"https:\/\/foodandgood.fr\/es\/wp-json\/wp\/v2\/types\/etablissement"}],"author":[{"embeddable":true,"href":"https:\/\/foodandgood.fr\/es\/wp-json\/wp\/v2\/users\/1"}],"replies":[{"embeddable":true,"href":"https:\/\/foodandgood.fr\/es\/wp-json\/wp\/v2\/comments?post=58956"}],"version-history":[{"count":3,"href":"https:\/\/foodandgood.fr\/es\/wp-json\/wp\/v2\/etablissement\/58956\/revisions"}],"predecessor-version":[{"id":59917,"href":"https:\/\/foodandgood.fr\/es\/wp-json\/wp\/v2\/etablissement\/58956\/revisions\/59917"}],"wp:featuredmedia":[{"embeddable":true,"href":"https:\/\/foodandgood.fr\/es\/wp-json\/wp\/v2\/media\/58950"}],"wp:attachment":[{"href":"https:\/\/foodandgood.fr\/es\/wp-json\/wp\/v2\/media?parent=58956"}],"curies":[{"name":"wp","href":"https:\/\/api.w.org\/{rel}","templated":true}]}}

<p>Fundada en 1972, la Maison Clergue tiene su sede desde entonces en la plaza de la Cathédrale de Colmar. Pastelería, confitería y salón de té, esta pequeña empresa familiar se mantiene fiel a sus valores, ofreciendo recetas familiares elaboradas con métodos tradicionales.</p>

Fundada en 1972, la Maison Clergue tiene su sede desde entonces en la plaza de la Cathédrale de Colmar. Pastelería, confitería y salón de té, esta pequeña empresa familiar se mantiene fiel a sus valores, ofreciendo recetas familiares elaboradas con métodos tradicionales.

Mientras la tienda del centro de la ciudad acoge cada vez a más turistas, la empresa acaba de trasladar su laboratorio a Sainte-Croix-en-Plaine y ha abierto una pequeña tienda integrada, que Marianne Clergue, nieta de los fundadores, está encantada de dirigir. Esta nueva dirección ofrece bollería, bocadillos y tentempiés a los trabajadores locales, así como un punto de recogida fácil para los clientes habituales.

Nota: ¡Se ha previsto un servicio de catering para 2024!

Lunes de 7.00 a 14.00 h, de martes a viernes de 7.00 a 18.30 h Sábados y domingos de 7.00 a 14.00 h
