 {"id":45339,"date":"2023-04-02T12:41:38","date_gmt":"2023-04-02T10:41:38","guid":{"rendered":"https:\/\/foodandgood.fr\/etablissement\/kouglopf-cie\/"},"modified":"2024-06-20T15:13:45","modified_gmt":"2024-06-20T13:13:45","slug":"kouglopf-cie","status":"publish","type":"etablissement","link":"https:\/\/foodandgood.fr\/es\/kouglopf-cie\/","title":{"rendered":"Kouglopf & Cie"},"excerpt":{"rendered":"","protected":false},"author":6,"comment_status":"closed","ping_status":"closed","template":"","meta":{"_acf_changed":false,"beyondwords_generate_audio":"","beyondwords_integration_method":"","beyondwords_project_id":"","beyondwords_content_id":"","beyondwords_preview_token":"","beyondwords_player_content":"","beyondwords_player_style":"","beyondwords_language_code":"","beyondwords_language_id":"","beyondwords_title_voice_id":"","beyondwords_body_voice_id":"","beyondwords_summary_voice_id":"","beyondwords_error_message":"","beyondwords_disabled":"","beyondwords_delete_content":"","beyondwords_podcast_id":"","beyondwords_hash":"","publish_post_to_speechkit":"","speechkit_hash":"","speechkit_generate_audio":"","speechkit_project_id":"","speechkit_podcast_id":"","speechkit_error_message":"","speechkit_disabled":"","speechkit_access_key":"","speechkit_error":"","speechkit_info":"","speechkit_response":"","speechkit_retries":"","speechkit_status":"","speechkit_updated_at":"","_speechkit_link":"","_speechkit_text":""},"class_list":["post-45339","etablissement","type-etablissement","status-publish","has-post-thumbnail","hentry","type-etablissement-dulce-descanso","type-etablissement-panadero","type-etablissement-riquewihr-es"],"acf":{"id_eta_scn":"","id_app_foodandgood":275,"id_exponum":"","abo":[],"etoile_michelin":[],"titre_presentation":"Un descanso dulce y sabroso","presentation":"En 2020, Anthony y Julie Schmidt abrieron la \u00fanica panader\u00eda de la ciudad de Riquewihr, que desde el principio atrajo a muchos clientes locales y turistas gastron\u00f3micos.\nLos panes especiales y tradicionales reci\u00e9n salidos del horno, as\u00ed como las viennoiseries perfuman la rue de la Couronne desde por la ma\u00f1ana. Kouglopfs, Streusels, Lamalas, donuts y pretzels se exhiben para los entendidos. Anthony presenta regularmente sus creaciones: canela, crema de pistacho o croissant de frambuesa...\n\nPara una pausa dulce, Kouglopf & Cie ofrece reposter\u00eda casera y para eventos y celebraciones tradicionales se ofrece un servicio de catering con muchas especialidades locales.","types_prestation":false,"photo":45318,"photo_bis":45305,"photo_3":45298,"adresse":{"address":"Kouglopf & Cie, Rue de la Couronne, Riquewihr, France","lat":48.16583670000001,"lng":7.2975164,"zoom":7,"place_id":"ChIJ69l2a79hkUcRtArCvyetWhg","name":"Kouglopf & Cie","street_number":17,"street_name":"Rue de la Couronne","city":"Riquewihr","state":"Grand Est","post_code":68340,"country":"France","country_short":"FR"},"horaires":"Lunes: 07:00 - 18:00\nMartes: 07:00 - 18:00\nMi\u00e9rcoles: 07:00 - 18:00\nJueves: 07:00 - 18:00\nViernes: 07:00 - 18:00\nS\u00e1bado: 07:00 - 18:00\ndomingo: 07:00 - 18:00","tel":"03 89 72 91 57","boutons":[{"title":"Sitio de Internet","link":""}],"boutons_reservation":"","boutons_social":null,"articles":[{"title":"","text":"","image":""}]},"_links":{"self":[{"href":"https:\/\/foodandgood.fr\/es\/wp-json\/wp\/v2\/etablissement\/45339","targetHints":{"allow":["GET"]}}],"collection":[{"href":"https:\/\/foodandgood.fr\/es\/wp-json\/wp\/v2\/etablissement"}],"about":[{"href":"https:\/\/foodandgood.fr\/es\/wp-json\/wp\/v2\/types\/etablissement"}],"author":[{"embeddable":true,"href":"https:\/\/foodandgood.fr\/es\/wp-json\/wp\/v2\/users\/6"}],"replies":[{"embeddable":true,"href":"https:\/\/foodandgood.fr\/es\/wp-json\/wp\/v2\/comments?post=45339"}],"version-history":[{"count":1,"href":"https:\/\/foodandgood.fr\/es\/wp-json\/wp\/v2\/etablissement\/45339\/revisions"}],"predecessor-version":[{"id":45346,"href":"https:\/\/foodandgood.fr\/es\/wp-json\/wp\/v2\/etablissement\/45339\/revisions\/45346"}],"wp:featuredmedia":[{"embeddable":true,"href":"https:\/\/foodandgood.fr\/es\/wp-json\/wp\/v2\/media\/45318"}],"wp:attachment":[{"href":"https:\/\/foodandgood.fr\/es\/wp-json\/wp\/v2\/media?parent=45339"}],"curies":[{"name":"wp","href":"https:\/\/api.w.org\/{rel}","templated":true}]}}

En 2020, Anthony y Julie Schmidt abrieron la única panadería de la ciudad de Riquewihr, que desde el principio atrajo a muchos clientes locales y turistas gastronómicos.
Los panes especiales y tradicionales recién salidos del horno, así como las viennoiseries perfuman la rue de la Couronne desde por la mañana. Kouglopfs, Streusels, Lamalas, donuts y pretzels se exhiben para los entendidos. Anthony presenta regularmente sus creaciones: canela, crema de pistacho o croissant de frambuesa...

Para una pausa dulce, Kouglopf & Cie ofrece repostería casera y para eventos y celebraciones tradicionales se ofrece un servicio de catering con muchas especialidades locales.

Lunes: 07:00 - 18:00
Martes: 07:00 - 18:00
Miércoles: 07:00 - 18:00
Jueves: 07:00 - 18:00
Viernes: 07:00 - 18:00
Sábado: 07:00 - 18:00
domingo: 07:00 - 18:00
