 {"id":43599,"date":"2022-06-08T10:53:44","date_gmt":"2022-06-08T08:53:44","guid":{"rendered":"https:\/\/foodandgood.fr\/etablissement\/castillo-de-isenburg\/"},"modified":"2024-06-12T18:03:29","modified_gmt":"2024-06-12T16:03:29","slug":"castillo-de-isenburg","status":"publish","type":"etablissement","link":"https:\/\/foodandgood.fr\/es\/castillo-de-isenburg\/","title":{"rendered":"Ch\u00e2teau d'Isenbourg"},"excerpt":{"rendered":"","protected":false},"author":1,"comment_status":"closed","ping_status":"closed","template":"","meta":{"_acf_changed":false,"beyondwords_generate_audio":"","beyondwords_integration_method":"","beyondwords_project_id":"","beyondwords_content_id":"","beyondwords_preview_token":"","beyondwords_player_content":"","beyondwords_player_style":"","beyondwords_language_code":"","beyondwords_language_id":"","beyondwords_title_voice_id":"","beyondwords_body_voice_id":"","beyondwords_summary_voice_id":"","beyondwords_error_message":"","beyondwords_disabled":"","beyondwords_delete_content":"","beyondwords_podcast_id":"","beyondwords_hash":"","publish_post_to_speechkit":"","speechkit_hash":"","speechkit_generate_audio":"","speechkit_project_id":"","speechkit_podcast_id":"","speechkit_error_message":"","speechkit_disabled":"","speechkit_access_key":"","speechkit_error":"","speechkit_info":"","speechkit_response":"","speechkit_retries":"","speechkit_status":"","speechkit_updated_at":"","_speechkit_link":"","_speechkit_text":""},"class_list":["post-43599","etablissement","type-etablissement","status-publish","has-post-thumbnail","hentry","type-etablissement-cocina-francesa","type-etablissement-cocina-gastronomica","type-etablissement-dormir-es"],"acf":{"id_eta_scn":"","id_app_foodandgood":"","id_exponum":"","abo":[],"etoile_michelin":[],"titre_presentation":"Vista notable para momentos deliciosos","presentation":"Un hito hist\u00f3rico que data de la Edad Media, el Ch\u00e2teau d'Isenbourg & Spa da la bienvenida a sus hu\u00e9spedes en un entorno excepcional con vistas al pueblo de Rouffach.\n\nEn la famosa ruta del vino de Alsacia, a pocos kil\u00f3metros de Colmar, el Castillo de Isenbourg, rodeado de 5 hect\u00e1reas de vi\u00f1edos, domina la antigua ciudad de Rouffach y ofrece un magn\u00edfico panorama: la llanura del Rin y la Selva Negra a lo lejos, y las estribaciones de los montes Vosgos.\n\nEn el restaurante \"Les Tommeries\" de este Ch\u00e2teau-Hotel de 5*, disfrute de la magn\u00edfica sala panor\u00e1mica o de la gran terraza con vistas al Clos du Ch\u00e2teau y a la Selva Negra.\nEl chef Matthias Lingelser prepara cocina gourmet con productos regionales y destaca a los productores locales.\n\nComo por ejemplo el pollo de corral de la granja Dirringer en Dessenheim, se sublima para convertirse en \"El filete a la parrilla, la pierna estofada con bayas de verbena, champi\u00f1ones, zanahorias cubiertas y p\u00e9talos de cebolla con heno\".","types_prestation":false,"photo":27623,"photo_bis":6530,"photo_3":81784,"adresse":{"address":"Chateau d'Isenbourg & Spa, Rue de Pfaffenheim, Rouffach, France","lat":47.9628494,"lng":7.296536400000001,"zoom":7,"place_id":"ChIJKyz-a6l7kUcRZ96SqbfIeds","name":"Chateau d'Isenbourg & Spa","street_number":"9-11","street_name":"Rue de Pfaffenheim","city":"Rouffach","state":"Grand Est","post_code":68250,"country":"France","country_short":"FR"},"horaires":"Abierto todos los d\u00edas.","tel":"03 89 78 58 50","boutons":[{"title":"Sitio de Internet","link":"https:\/\/www.grandesetapes.com\/chateau-hotel-isenbourg-alsace?utm_source=google&utm_medium=gmb&utm_campaign=gmb-ise"},{"title":"A la carta y Men\u00fas","link":"https:\/\/www.restaurantlestommeries.fr\/cartes-menus?utm_source=www.grandesetapes.com&utm_medium=referral"}],"boutons_reservation":"","boutons_social":null,"articles":[{"title":"","text":"<h2>Descubrimientos embriagadores<\/h2>\nPara este invierno, ven a descubrir el risotto de orzo con gambas y salsa de bisque o el huevo cocido a 64\u00baC, salsa de apio y mantequilla de trufa.\nEn el lado dulce, d\u00e9jese tentar por la stracciatella de chocolate y helado Arlette o la frambuesa glaseada perfecta y manzanas confitadas en aceite de oliva.\n\nEn el men\u00fa del momento, descubra el bacalao de las C\u00f4tes d'Armor: pav\u00e9 a la parrilla, crema de ajo, rutabaga confitada con mirto, tapioca y salsa gardiana.\nDe postre el souffl\u00e9 con flores de sa\u00faco y licor Ribeauvil\u00e9, coraz\u00f3n de ar\u00e1ndanos-frambuesa, sorbete de clementina.","image":6531},{"title":"","text":"","image":""}]},"_links":{"self":[{"href":"https:\/\/foodandgood.fr\/es\/wp-json\/wp\/v2\/etablissement\/43599","targetHints":{"allow":["GET"]}}],"collection":[{"href":"https:\/\/foodandgood.fr\/es\/wp-json\/wp\/v2\/etablissement"}],"about":[{"href":"https:\/\/foodandgood.fr\/es\/wp-json\/wp\/v2\/types\/etablissement"}],"author":[{"embeddable":true,"href":"https:\/\/foodandgood.fr\/es\/wp-json\/wp\/v2\/users\/1"}],"replies":[{"embeddable":true,"href":"https:\/\/foodandgood.fr\/es\/wp-json\/wp\/v2\/comments?post=43599"}],"version-history":[{"count":1,"href":"https:\/\/foodandgood.fr\/es\/wp-json\/wp\/v2\/etablissement\/43599\/revisions"}],"predecessor-version":[{"id":81529,"href":"https:\/\/foodandgood.fr\/es\/wp-json\/wp\/v2\/etablissement\/43599\/revisions\/81529"}],"wp:featuredmedia":[{"embeddable":true,"href":"https:\/\/foodandgood.fr\/es\/wp-json\/wp\/v2\/media\/27623"}],"wp:attachment":[{"href":"https:\/\/foodandgood.fr\/es\/wp-json\/wp\/v2\/media?parent=43599"}],"curies":[{"name":"wp","href":"https:\/\/api.w.org\/{rel}","templated":true}]}}

Château d'Isenbourg

Un hito histórico que data de la Edad Media, el Château d'Isenbourg & Spa da la bienvenida a sus huéspedes en un entorno excepcional con vistas al pueblo de Rouffach.

En la famosa ruta del vino de Alsacia, a pocos kilómetros de Colmar, el Castillo de Isenbourg, rodeado de 5 hectáreas de viñedos, domina la antigua ciudad de Rouffach y ofrece un magnífico panorama: la llanura del Rin y la Selva Negra a lo lejos, y las estribaciones de los montes Vosgos.

En el restaurante "Les Tommeries" de este Château-Hotel de 5*, disfrute de la magnífica sala panorámica o de la gran terraza con vistas al Clos du Château y a la Selva Negra.
El chef Matthias Lingelser prepara cocina gourmet con productos regionales y destaca a los productores locales.

Como por ejemplo el pollo de corral de la granja Dirringer en Dessenheim, se sublima para convertirse en "El filete a la parrilla, la pierna estofada con bayas de verbena, champiñones, zanahorias cubiertas y pétalos de cebolla con heno".

Abierto todos los días.

A la carta y Menús

<h2>Descubrimientos embriagadores</h2>
Para este invierno, ven a descubrir el risotto de orzo con gambas y salsa de bisque o el huevo cocido a 64ºC, salsa de apio y mantequilla de trufa.
En el lado dulce, déjese tentar por la stracciatella de chocolate y helado Arlette o la frambuesa glaseada perfecta y manzanas confitadas en aceite de oliva.

En el menú del momento, descubra el bacalao de las Côtes d'Armor: pavé a la parrilla, crema de ajo, rutabaga confitada con mirto, tapioca y salsa gardiana.
De postre el soufflé con flores de saúco y licor Ribeauvilé, corazón de arándanos-frambuesa, sorbete de clementina.
