 {"id":43489,"date":"2022-11-15T09:39:32","date_gmt":"2022-11-15T08:39:32","guid":{"rendered":"https:\/\/foodandgood.fr\/etablissement\/finalmente\/"},"modified":"2025-04-14T11:07:15","modified_gmt":"2025-04-14T09:07:15","slug":"finalmente","status":"publish","type":"etablissement","link":"https:\/\/foodandgood.fr\/es\/finalmente\/","title":{"rendered":"Enfin"},"excerpt":{"rendered":"","protected":false},"author":13,"comment_status":"closed","ping_status":"closed","template":"","meta":{"_acf_changed":false,"beyondwords_generate_audio":"","beyondwords_integration_method":"","beyondwords_project_id":"","beyondwords_content_id":"","beyondwords_preview_token":"","beyondwords_player_content":"","beyondwords_player_style":"","beyondwords_language_code":"","beyondwords_language_id":"","beyondwords_title_voice_id":"","beyondwords_body_voice_id":"","beyondwords_summary_voice_id":"","beyondwords_error_message":"","beyondwords_disabled":"","beyondwords_delete_content":"","beyondwords_podcast_id":"","beyondwords_hash":"","publish_post_to_speechkit":"","speechkit_hash":"","speechkit_generate_audio":"","speechkit_project_id":"","speechkit_podcast_id":"","speechkit_error_message":"","speechkit_disabled":"","speechkit_access_key":"","speechkit_error":"","speechkit_info":"","speechkit_response":"","speechkit_retries":"","speechkit_status":"","speechkit_updated_at":"","_speechkit_link":"","_speechkit_text":""},"class_list":["post-43489","etablissement","type-etablissement","status-publish","has-post-thumbnail","hentry","type-etablissement-cocina-francesa","type-etablissement-cocina-gastronomica","type-etablissement-mesa-excepcional"],"acf":{"id_eta_scn":"","id_app_foodandgood":214,"id_exponum":"","abo":[],"etoile_michelin":[],"titre_presentation":"Lo que la naturaleza nos ofrece","presentation":"En una antigua carpinter\u00eda rehabilitada en un lugar abierto y confortable, el restaurante cuenta #Enfin ciclos estacionales a trav\u00e9s de una cocina dedicada a la naturaleza y a los peque\u00f1os productores de Alsacia y, a veces, de Francia. En invierno, los productos vegetales son limitados. Es por eso que el equipo prepara frascos durante todo el a\u00f1o para mantener un men\u00fa lleno de sabores. Los c\u00edtricos de Menton vienen a transmitir la cocina local esta temporada, y redescubrimos de manera singular, los productos de caza y el pescado de la costa bretona, en cantidades medidas.\n<p class=\"font_8 wixui-rich-text__text\"><span class=\"color_11 wixui-rich-text__text\"><span class=\"wixui-rich-text__text\">Nuestra cocina se basa en productos de los agricultores de aqu\u00ed y de otros lugares, pero siempre con la vista puesta en los problemas medioambientales actuales.  <\/span><\/span><span class=\"color_11 wixui-rich-text__text\"><span class=\"wixui-rich-text__text\">Vamos a encontrarnos con ellos por Alsacia y Francia, para contarte su historia.  <\/span><\/span><span class=\"color_11 wixui-rich-text__text\"><span class=\"wixui-rich-text__text\">Las plantas ocupan un lugar de honor en nuestras creaciones. La materia animal es s\u00f3lo la pieza central del men\u00fa.  <\/span><\/span><span class=\"color_11 wixui-rich-text__text\"><span class=\"wixui-rich-text__text\">El secado, el vinagre, la salmuera y la fermentaci\u00f3n nos permiten prolongar ciertos placeres estacionales.<\/span><\/span><\/p>\nEl 6 de marzo de 2023, #Enfin vio sus esfuerzos coronados con una estrella Michelin. Todo el equipo est\u00e1 en camino a nuevas aventuras.","types_prestation":false,"photo":9628,"photo_bis":39343,"photo_3":39364,"adresse":{"address":"ENFIN, Chemin du Ch\u00e2teau d'Andlau, Barr, France","lat":48.4048734,"lng":7.4255135,"zoom":7,"place_id":"ChIJ5SYaSVdTkUcRqh9LV7rx9IE","name":"ENFIN","street_number":2,"street_name":"Chemin du Ch\u00e2teau d'Andlau","street_name_short":"Chem. du Ch\u00e2teau d'Andlau","city":"Barr","state":"Grand Est","post_code":67140,"country":"France","country_short":"FR"},"horaires":"Lunes: Cerrado\nMartes: Cerrado\nMi\u00e9rcoles: 12:00 - 14:30, 19:15 - 23:30\nJueves: 12:00 - 14:30, 19:15 - 23:30\nViernes: 12:00 - 14:30, 19:15 - 23:30\nS\u00e1bado: 12:00 - 14:30, 19:15 - 23:30\nDomingo: Cerrado","tel":"03 69 61 37 30","boutons":[{"title":"Sitio de Internet","link":"http:\/\/www.enfin-barr.com\/"},{"title":"Vales de regalo","link":"https:\/\/aji-box.com\/-\/restaurant-enfin-barr\/"},{"title":"Men\u00fas","link":"https:\/\/www.enfin-barr.com\/boire"}],"boutons_reservation":"","boutons_social":null,"articles":[{"title":"","text":"","image":""}]},"_links":{"self":[{"href":"https:\/\/foodandgood.fr\/es\/wp-json\/wp\/v2\/etablissement\/43489","targetHints":{"allow":["GET"]}}],"collection":[{"href":"https:\/\/foodandgood.fr\/es\/wp-json\/wp\/v2\/etablissement"}],"about":[{"href":"https:\/\/foodandgood.fr\/es\/wp-json\/wp\/v2\/types\/etablissement"}],"author":[{"embeddable":true,"href":"https:\/\/foodandgood.fr\/es\/wp-json\/wp\/v2\/users\/13"}],"replies":[{"embeddable":true,"href":"https:\/\/foodandgood.fr\/es\/wp-json\/wp\/v2\/comments?post=43489"}],"version-history":[{"count":3,"href":"https:\/\/foodandgood.fr\/es\/wp-json\/wp\/v2\/etablissement\/43489\/revisions"}],"predecessor-version":[{"id":113471,"href":"https:\/\/foodandgood.fr\/es\/wp-json\/wp\/v2\/etablissement\/43489\/revisions\/113471"}],"wp:featuredmedia":[{"embeddable":true,"href":"https:\/\/foodandgood.fr\/es\/wp-json\/wp\/v2\/media\/28113"}],"wp:attachment":[{"href":"https:\/\/foodandgood.fr\/es\/wp-json\/wp\/v2\/media?parent=43489"}],"curies":[{"name":"wp","href":"https:\/\/api.w.org\/{rel}","templated":true}]}}

En una antigua carpintería rehabilitada en un lugar abierto y confortable, el restaurante cuenta #Enfin ciclos estacionales a través de una cocina dedicada a la naturaleza y a los pequeños productores de Alsacia y, a veces, de Francia. En invierno, los productos vegetales son limitados. Es por eso que el equipo prepara frascos durante todo el año para mantener un menú lleno de sabores. Los cítricos de Menton vienen a transmitir la cocina local esta temporada, y redescubrimos de manera singular, los productos de caza y el pescado de la costa bretona, en cantidades medidas.
<p class="font_8 wixui-rich-text__text"><span class="color_11 wixui-rich-text__text"><span class="wixui-rich-text__text">Nuestra cocina se basa en productos de los agricultores de aquí y de otros lugares, pero siempre con la vista puesta en los problemas medioambientales actuales.  </span></span><span class="color_11 wixui-rich-text__text"><span class="wixui-rich-text__text">Vamos a encontrarnos con ellos por Alsacia y Francia, para contarte su historia.  </span></span><span class="color_11 wixui-rich-text__text"><span class="wixui-rich-text__text">Las plantas ocupan un lugar de honor en nuestras creaciones. La materia animal es sólo la pieza central del menú.  </span></span><span class="color_11 wixui-rich-text__text"><span class="wixui-rich-text__text">El secado, el vinagre, la salmuera y la fermentación nos permiten prolongar ciertos placeres estacionales.</span></span></p>
El 6 de marzo de 2023, #Enfin vio sus esfuerzos coronados con una estrella Michelin. Todo el equipo está en camino a nuevas aventuras.

ENFIN, Chemin du Château d'Andlau, Barr, France

Chemin du Château d'Andlau

Chem. du Château d'Andlau

Lunes: Cerrado
Martes: Cerrado
Miércoles: 12:00 - 14:30, 19:15 - 23:30
Jueves: 12:00 - 14:30, 19:15 - 23:30
Viernes: 12:00 - 14:30, 19:15 - 23:30
Sábado: 12:00 - 14:30, 19:15 - 23:30
Domingo: Cerrado

Menús
