 {"id":41872,"date":"2023-03-05T16:18:03","date_gmt":"2023-03-05T15:18:03","guid":{"rendered":"https:\/\/foodandgood.fr\/etablissement\/restaurante-le-dolder\/"},"modified":"2024-06-19T17:02:46","modified_gmt":"2024-06-19T15:02:46","slug":"restaurante-le-dolder","status":"publish","type":"etablissement","link":"https:\/\/foodandgood.fr\/es\/restaurante-le-dolder\/","title":{"rendered":"Restaurant Le Dolder"},"excerpt":{"rendered":"","protected":false},"author":6,"comment_status":"closed","ping_status":"closed","template":"","meta":{"_acf_changed":false,"beyondwords_generate_audio":"","beyondwords_integration_method":"","beyondwords_project_id":"","beyondwords_content_id":"","beyondwords_preview_token":"","beyondwords_player_content":"","beyondwords_player_style":"","beyondwords_language_code":"","beyondwords_language_id":"","beyondwords_title_voice_id":"","beyondwords_body_voice_id":"","beyondwords_summary_voice_id":"","beyondwords_error_message":"","beyondwords_disabled":"","beyondwords_delete_content":"","beyondwords_podcast_id":"","beyondwords_hash":"","publish_post_to_speechkit":"","speechkit_hash":"","speechkit_generate_audio":"","speechkit_project_id":"","speechkit_podcast_id":"","speechkit_error_message":"","speechkit_disabled":"","speechkit_access_key":"","speechkit_error":"","speechkit_info":"","speechkit_response":"","speechkit_retries":"","speechkit_status":"","speechkit_updated_at":"","_speechkit_link":"","_speechkit_text":""},"class_list":["post-41872","etablissement","type-etablissement","status-publish","has-post-thumbnail","hentry","type-etablissement-cocina-alsaciana","type-etablissement-riquewihr-es"],"acf":{"id_eta_scn":"","id_app_foodandgood":363,"id_exponum":"","abo":["APP"],"etoile_michelin":[],"titre_presentation":"Aqu\u00ed servimos a los Riquewihrienne","presentation":"La cocina Au Dolder es sobre todo un saber hacer, una pasi\u00f3n, un encuentro gustativo de modernismo y tradici\u00f3n en la mayor simplicidad. Situado en el centro de Riquewihr, con todo el encanto de un edificio alsaciano del siglo 16, este restaurante ofrece cocina local y le ofrece la oportunidad de descubrir lo que hace la reputaci\u00f3n de la gastronom\u00eda alsaciana.\n\nDescubra tambi\u00e9n una receta \u00fanica en Riquewihr: chucrut Riquewihrienne.\n\nLa propiedad tambi\u00e9n ofrece una terraza en verano, para que pueda disfrutar de buena comida a los pies de la torre Dolder.","types_prestation":false,"photo":41843,"photo_bis":41850,"photo_3":84782,"adresse":{"address":"Au Dolder - Restaurant Riquewihr Colmar, Rue du G\u00e9n\u00e9ral de Gaulle, Riquewihr, France","lat":48.1672646,"lng":7.296270900000001,"zoom":7,"place_id":"ChIJl83f2algkUcRPsIMYURJbL4","name":"Au Dolder - Restaurant Riquewihr Colmar","street_number":52,"street_name":"Rue du G\u00e9n\u00e9ral de Gaulle","city":"Riquewihr","state":"Grand Est","post_code":68340,"country":"France","country_short":"FR"},"horaires":"Lunes: 11:30 - 14:15, 18:30 - 21:00\nMartes: 11:45 - 14:15, 18:45 - 21:00\nMi\u00e9rcoles: Cerrado\nJueves: Cerrado\nViernes: 11:45 - 14:15, 18:45 - 21:00\nS\u00e1bado: 11:45 - 14:15, 18:45 - 21:00\nDomingo: 11:45 - 14:15, 18:45 - 21:00","tel":"03 89 47 92 56","boutons":[{"title":"Sitio de Internet","link":"http:\/\/www.dolder.fr\/"}],"boutons_reservation":"","boutons_social":null,"articles":[{"title":"","text":"","image":""}]},"_links":{"self":[{"href":"https:\/\/foodandgood.fr\/es\/wp-json\/wp\/v2\/etablissement\/41872","targetHints":{"allow":["GET"]}}],"collection":[{"href":"https:\/\/foodandgood.fr\/es\/wp-json\/wp\/v2\/etablissement"}],"about":[{"href":"https:\/\/foodandgood.fr\/es\/wp-json\/wp\/v2\/types\/etablissement"}],"author":[{"embeddable":true,"href":"https:\/\/foodandgood.fr\/es\/wp-json\/wp\/v2\/users\/6"}],"replies":[{"embeddable":true,"href":"https:\/\/foodandgood.fr\/es\/wp-json\/wp\/v2\/comments?post=41872"}],"version-history":[{"count":1,"href":"https:\/\/foodandgood.fr\/es\/wp-json\/wp\/v2\/etablissement\/41872\/revisions"}],"predecessor-version":[{"id":84789,"href":"https:\/\/foodandgood.fr\/es\/wp-json\/wp\/v2\/etablissement\/41872\/revisions\/84789"}],"wp:featuredmedia":[{"embeddable":true,"href":"https:\/\/foodandgood.fr\/es\/wp-json\/wp\/v2\/media\/41849"}],"wp:attachment":[{"href":"https:\/\/foodandgood.fr\/es\/wp-json\/wp\/v2\/media?parent=41872"}],"curies":[{"name":"wp","href":"https:\/\/api.w.org\/{rel}","templated":true}]}}

Aquí servimos a los Riquewihrienne

La cocina Au Dolder es sobre todo un saber hacer, una pasión, un encuentro gustativo de modernismo y tradición en la mayor simplicidad. Situado en el centro de Riquewihr, con todo el encanto de un edificio alsaciano del siglo 16, este restaurante ofrece cocina local y le ofrece la oportunidad de descubrir lo que hace la reputación de la gastronomía alsaciana.

Descubra también una receta única en Riquewihr: chucrut Riquewihrienne.

La propiedad también ofrece una terraza en verano, para que pueda disfrutar de buena comida a los pies de la torre Dolder.

Au Dolder - Restaurant Riquewihr Colmar, Rue du Général de Gaulle, Riquewihr, France

Rue du Général de Gaulle

Lunes: 11:30 - 14:15, 18:30 - 21:00
Martes: 11:45 - 14:15, 18:45 - 21:00
Miércoles: Cerrado
Jueves: Cerrado
Viernes: 11:45 - 14:15, 18:45 - 21:00
Sábado: 11:45 - 14:15, 18:45 - 21:00
Domingo: 11:45 - 14:15, 18:45 - 21:00
