 {"id":33403,"date":"2022-12-19T13:58:29","date_gmt":"2022-12-19T12:58:29","guid":{"rendered":"https:\/\/foodandgood.fr\/etablissement\/a-los-brazos-de-colmar\/"},"modified":"2024-06-17T16:10:48","modified_gmt":"2024-06-17T14:10:48","slug":"a-los-brazos-de-colmar","status":"publish","type":"etablissement","link":"https:\/\/foodandgood.fr\/es\/a-los-brazos-de-colmar\/","title":{"rendered":"Aux Armes de Colmar"},"excerpt":{"rendered":"<p>Este restaurante se llama #Aux #Armes #de #Colmar, un lugar agradable y familiar en un bonito edificio de entramado de madera.<\/p>\n","protected":false},"author":13,"comment_status":"closed","ping_status":"closed","template":"","meta":{"_acf_changed":false,"beyondwords_generate_audio":"","beyondwords_integration_method":"","beyondwords_project_id":"","beyondwords_content_id":"","beyondwords_preview_token":"","beyondwords_player_content":"","beyondwords_player_style":"","beyondwords_language_code":"","beyondwords_language_id":"","beyondwords_title_voice_id":"","beyondwords_body_voice_id":"","beyondwords_summary_voice_id":"","beyondwords_error_message":"","beyondwords_disabled":"","beyondwords_delete_content":"","beyondwords_podcast_id":"","beyondwords_hash":"","publish_post_to_speechkit":"","speechkit_hash":"","speechkit_generate_audio":"","speechkit_project_id":"","speechkit_podcast_id":"","speechkit_error_message":"","speechkit_disabled":"","speechkit_access_key":"","speechkit_error":"","speechkit_info":"","speechkit_response":"","speechkit_retries":"","speechkit_status":"","speechkit_updated_at":"","_speechkit_link":"","_speechkit_text":""},"class_list":["post-33403","etablissement","type-etablissement","status-publish","has-post-thumbnail","hentry","type-etablissement-cocina-alsaciana","type-etablissement-cocina-francesa"],"acf":{"id_eta_scn":"","id_app_foodandgood":"","id_exponum":"","abo":[],"etoile_michelin":[],"titre_presentation":"En el coraz\u00f3n del viejo Colmar","presentation":"#Emmanuel y #Anne-Marie #Delautre y su equipo se instalaron en un bonito edificio de entramado de madera en el coraz\u00f3n del viejo Colmar. Este restaurante se llama #Aux #Armes #de #Colmar, un lugar agradable y familiar. #Emmanuel est\u00e1 en la recepci\u00f3n mientras #Anne-Marie prepara una cocina tradicional y regional de calidad totalmente casera. Tambi\u00e9n se agregan sugerencias m\u00e1s contempor\u00e1neas a los imprescindibles en el mapa.\n<p class=\"kt-adv-heading6_80d22b-04 wp-block-kadence-advancedheading\" data-kb-block=\"kb-adv-heading6_80d22b-04\">La Cheffe te invita a degustar platos tradicionales elaborados con productos locales frescos. Cocina local generosa y gourmet.\nVen a descubrir nuestra tradicional Choucroute Royale, Baeckoeffe con 3 carnes, jam\u00f3n estofado con Munster o sobre un lecho de Choucroute...<\/p>\n\u00a0","types_prestation":false,"photo":43854,"photo_bis":83146,"photo_3":83140,"adresse":{"address":"Aux Armes de Colmar, 2b Rue Rapp, 68000 Colmar, France","lat":48.0792084,"lng":7.359044999999998,"zoom":7,"place_id":"ChIJP-JOMeFlkUcR8rifFMNXaAk","name":"Aux Armes de Colmar","street_number":"2b","street_name":"Rue Rapp","city":"Colmar","state":"Grand Est","post_code":68000,"country":"France","country_short":"FR"},"horaires":"Lunes: Cerrado\nMartes: 12:00 - 14:30, 19:00 - 21:30\nMi\u00e9rcoles: 12:00 - 14:30, 19:00 - 21:30\nJueves: 12:00 - 14:30, 19:00 - 21:30\nViernes: 12:00 - 14:30, 19:00 - 21:30\nS\u00e1bado: 12:00 - 14:30, 19:00 - 21:30\nDomingo: Cerrado","tel":"03 89 41 46 23","boutons":[{"title":"Sitio de Internet","link":"http:\/\/restaurant-auxarmesdecolmar.fr\/"},{"title":"Men\u00fas","link":"https:\/\/www.restaurant-auxarmesdecolmar.fr\/menus-du-terroir\/"},{"title":"Tarjeta","link":"https:\/\/www.restaurant-auxarmesdecolmar.fr\/specialites-du-terroir\/"}],"boutons_reservation":"","boutons_social":null,"articles":[{"title":"","text":"<h2>\u00a1Platos que te dejar\u00e1n sin palabras!<\/h2>\nLa tostada caliente de Munster sobre una cama de ensalada con lomo de salm\u00f3n al horno y fideos de Alsacia con postre una mousse de casta\u00f1as y su coulis de rosa mosqueta te dejar\u00e1n sin palabras.\n\nEsta primavera, adem\u00e1s del buen baeckeoffe casero y las deliciosas tartas flambeadas, los esp\u00e1rragos de Alsacia de la Granja Clarisse estar\u00e1n en el centro de atenci\u00f3n.","image":43834}]},"_links":{"self":[{"href":"https:\/\/foodandgood.fr\/es\/wp-json\/wp\/v2\/etablissement\/33403","targetHints":{"allow":["GET"]}}],"collection":[{"href":"https:\/\/foodandgood.fr\/es\/wp-json\/wp\/v2\/etablissement"}],"about":[{"href":"https:\/\/foodandgood.fr\/es\/wp-json\/wp\/v2\/types\/etablissement"}],"author":[{"embeddable":true,"href":"https:\/\/foodandgood.fr\/es\/wp-json\/wp\/v2\/users\/13"}],"replies":[{"embeddable":true,"href":"https:\/\/foodandgood.fr\/es\/wp-json\/wp\/v2\/comments?post=33403"}],"version-history":[{"count":3,"href":"https:\/\/foodandgood.fr\/es\/wp-json\/wp\/v2\/etablissement\/33403\/revisions"}],"predecessor-version":[{"id":81438,"href":"https:\/\/foodandgood.fr\/es\/wp-json\/wp\/v2\/etablissement\/33403\/revisions\/81438"}],"wp:featuredmedia":[{"embeddable":true,"href":"https:\/\/foodandgood.fr\/es\/wp-json\/wp\/v2\/media\/43854"}],"wp:attachment":[{"href":"https:\/\/foodandgood.fr\/es\/wp-json\/wp\/v2\/media?parent=33403"}],"curies":[{"name":"wp","href":"https:\/\/api.w.org\/{rel}","templated":true}]}}

En el corazón del viejo Colmar

#Emmanuel y #Anne-Marie #Delautre y su equipo se instalaron en un bonito edificio de entramado de madera en el corazón del viejo Colmar. Este restaurante se llama #Aux #Armes #de #Colmar, un lugar agradable y familiar. #Emmanuel está en la recepción mientras #Anne-Marie prepara una cocina tradicional y regional de calidad totalmente casera. También se agregan sugerencias más contemporáneas a los imprescindibles en el mapa.
<p class="kt-adv-heading6_80d22b-04 wp-block-kadence-advancedheading" data-kb-block="kb-adv-heading6_80d22b-04">La Cheffe te invita a degustar platos tradicionales elaborados con productos locales frescos. Cocina local generosa y gourmet.
Ven a descubrir nuestra tradicional Choucroute Royale, Baeckoeffe con 3 carnes, jamón estofado con Munster o sobre un lecho de Choucroute...</p>

Lunes: Cerrado
Martes: 12:00 - 14:30, 19:00 - 21:30
Miércoles: 12:00 - 14:30, 19:00 - 21:30
Jueves: 12:00 - 14:30, 19:00 - 21:30
Viernes: 12:00 - 14:30, 19:00 - 21:30
Sábado: 12:00 - 14:30, 19:00 - 21:30
Domingo: Cerrado

Menús

<h2>¡Platos que te dejarán sin palabras!</h2>
La tostada caliente de Munster sobre una cama de ensalada con lomo de salmón al horno y fideos de Alsacia con postre una mousse de castañas y su coulis de rosa mosqueta te dejarán sin palabras.

Esta primavera, además del buen baeckeoffe casero y las deliciosas tartas flambeadas, los espárragos de Alsacia de la Granja Clarisse estarán en el centro de atención.
