 {"id":33346,"date":"2022-12-19T12:14:30","date_gmt":"2022-12-19T11:14:30","guid":{"rendered":"https:\/\/foodandgood.fr\/etablissement\/hostales-le-tanet\/"},"modified":"2024-06-17T15:53:41","modified_gmt":"2024-06-17T13:53:41","slug":"hostales-le-tanet","status":"publish","type":"etablissement","link":"https:\/\/foodandgood.fr\/es\/hostales-le-tanet\/","title":{"rendered":"Auberge du Tanet Seestaedtle"},"excerpt":{"rendered":"","protected":false},"author":13,"comment_status":"closed","ping_status":"closed","template":"","meta":{"_acf_changed":false,"beyondwords_generate_audio":"","beyondwords_integration_method":"","beyondwords_project_id":"","beyondwords_content_id":"","beyondwords_preview_token":"","beyondwords_player_content":"","beyondwords_player_style":"","beyondwords_language_code":"","beyondwords_language_id":"","beyondwords_title_voice_id":"","beyondwords_body_voice_id":"","beyondwords_summary_voice_id":"","beyondwords_error_message":"","beyondwords_disabled":"","beyondwords_delete_content":"","beyondwords_podcast_id":"","beyondwords_hash":"","publish_post_to_speechkit":"","speechkit_hash":"","speechkit_generate_audio":"","speechkit_project_id":"","speechkit_podcast_id":"","speechkit_error_message":"","speechkit_disabled":"","speechkit_access_key":"","speechkit_error":"","speechkit_info":"","speechkit_response":"","speechkit_retries":"","speechkit_status":"","speechkit_updated_at":"","_speechkit_link":"","_speechkit_text":""},"class_list":["post-33346","etablissement","type-etablissement","status-publish","has-post-thumbnail","hentry","type-etablissement-cocina-alsaciana","type-etablissement-ferme-auberge-es"],"acf":{"id_eta_scn":"","id_app_foodandgood":"","id_exponum":"","abo":[],"etoile_michelin":[],"titre_presentation":"Un descanso gourmet que toca las cumbres","presentation":"Situado a los pies del acantilado de Tanet, el Auberge du Tanet \"Seestaedtle\" est\u00e1 rodeado de un entorno natural excepcional. En las inmediaciones del Lac Vert y no lejos del Col de la Schlucht, los amantes del senderismo y los espacios abiertos (\u00a1o esquiar en invierno!) est\u00e1n encantados con esta parada gastron\u00f3mica de calidad.\n\nEl albergue es muy f\u00e1cil de llegar a trav\u00e9s de la carretera Schlucht. Est\u00e1 a menos de 30 minutos de Munster, La Bresse y G\u00e9rardmer, as\u00ed como en el eje de senderos y rutas de senderismo entre los pasos de Schlucht, Wettstein y Calvaire. Es un punto de partida ideal para todos los paseos y actividades deportivas.\n\nEn el comedor o en la terraza de este bonito edificio de piedra con persianas rojas, se puede disfrutar de una vista impresionante de las monta\u00f1as. El ambiente y la decoraci\u00f3n est\u00e1n en la imagen del lugar: generoso, c\u00e1lido y sin aspavientos. La decoraci\u00f3n, toda en madera, expresa plenamente los placeres de una cocina local de calidad.","types_prestation":false,"photo":27208,"photo_bis":7628,"photo_3":83092,"adresse":{"address":"Auberge du Tanet Seestaedtle, Soultzeren, France","lat":48.0827963,"lng":7.058208599999999,"zoom":7,"place_id":"ChIJGQP-Gpbbk0cR2PjCKEOrz1c","name":"Auberge du Tanet Seestaedtle","city":"Soultzeren","state":"Grand Est","post_code":68140,"country":"France","country_short":"FR"},"horaires":"Lunes: Cerrado\nMartes: Cerrado\nMi\u00e9rcoles: 09:30 - 17:30\nJueves: 09:30 - 17:30\nViernes: 09:30 - 17:30\nS\u00e1bado: 09:30 - 23:00\nDomingo: 09:30 - 17:30","tel":"03 89 77 41 42","boutons":[{"title":"Sitio de Internet","link":"http:\/\/www.aubergedutanet.com\/"},{"title":"Tarjeta","link":"https:\/\/www.aubergedutanet.com\/notre-carte"}],"boutons_reservation":"","boutons_social":null,"articles":[{"title":"","text":"Originario de Soultzeren, el chef Patrick Kempf se instal\u00f3 en Tanet por amor al esqu\u00ed y al medio ambiente. Desde el valle, su experiencia y reputaci\u00f3n lo siguieron hasta las cimas. Hoy en d\u00eda, florece a trav\u00e9s de una moderna cocina casera que destaca a los peque\u00f1os productores de la zona. Su habilidad, creatividad y aplicaci\u00f3n encarnan de manera innovadora todas las tradiciones de Alsacia y las monta\u00f1as de los Vosgos.","image":7627},{"title":"","text":"Entre especialidades de pescado, carne y queso, el men\u00fa revela una diversidad ventajosa sin hacer demasiado para garantizar la frescura de los platos. \u00a1Tenga en cuenta que los helados y sorbetes tambi\u00e9n son caseros!\n\nAl final de una hermosa excursi\u00f3n, no dudamos entre el \"Filete de Bar \u00e0 la plancha, verduras del mercado, brochetas de patata\", o el tradicional \"Pie del Valle de Munster\", adornado con un sabroso y esponjoso relleno a base de ternera y cerdo. Finalmente, nuestra curiosidad nos empuja hacia el \"Schlitte glac\u00e9e\", un merengue congelado original creado por el chef.","image":7625}]},"_links":{"self":[{"href":"https:\/\/foodandgood.fr\/es\/wp-json\/wp\/v2\/etablissement\/33346","targetHints":{"allow":["GET"]}}],"collection":[{"href":"https:\/\/foodandgood.fr\/es\/wp-json\/wp\/v2\/etablissement"}],"about":[{"href":"https:\/\/foodandgood.fr\/es\/wp-json\/wp\/v2\/types\/etablissement"}],"author":[{"embeddable":true,"href":"https:\/\/foodandgood.fr\/es\/wp-json\/wp\/v2\/users\/13"}],"replies":[{"embeddable":true,"href":"https:\/\/foodandgood.fr\/es\/wp-json\/wp\/v2\/comments?post=33346"}],"version-history":[{"count":2,"href":"https:\/\/foodandgood.fr\/es\/wp-json\/wp\/v2\/etablissement\/33346\/revisions"}],"predecessor-version":[{"id":83069,"href":"https:\/\/foodandgood.fr\/es\/wp-json\/wp\/v2\/etablissement\/33346\/revisions\/83069"}],"wp:featuredmedia":[{"embeddable":true,"href":"https:\/\/foodandgood.fr\/es\/wp-json\/wp\/v2\/media\/27208"}],"wp:attachment":[{"href":"https:\/\/foodandgood.fr\/es\/wp-json\/wp\/v2\/media?parent=33346"}],"curies":[{"name":"wp","href":"https:\/\/api.w.org\/{rel}","templated":true}]}}

Situado a los pies del acantilado de Tanet, el Auberge du Tanet "Seestaedtle" está rodeado de un entorno natural excepcional. En las inmediaciones del Lac Vert y no lejos del Col de la Schlucht, los amantes del senderismo y los espacios abiertos (¡o esquiar en invierno!) están encantados con esta parada gastronómica de calidad.

El albergue es muy fácil de llegar a través de la carretera Schlucht. Está a menos de 30 minutos de Munster, La Bresse y Gérardmer, así como en el eje de senderos y rutas de senderismo entre los pasos de Schlucht, Wettstein y Calvaire. Es un punto de partida ideal para todos los paseos y actividades deportivas.

En el comedor o en la terraza de este bonito edificio de piedra con persianas rojas, se puede disfrutar de una vista impresionante de las montañas. El ambiente y la decoración están en la imagen del lugar: generoso, cálido y sin aspavientos. La decoración, toda en madera, expresa plenamente los placeres de una cocina local de calidad.

Lunes: Cerrado
Martes: Cerrado
Miércoles: 09:30 - 17:30
Jueves: 09:30 - 17:30
Viernes: 09:30 - 17:30
Sábado: 09:30 - 23:00
Domingo: 09:30 - 17:30

Originario de Soultzeren, el chef Patrick Kempf se instaló en Tanet por amor al esquí y al medio ambiente. Desde el valle, su experiencia y reputación lo siguieron hasta las cimas. Hoy en día, florece a través de una moderna cocina casera que destaca a los pequeños productores de la zona. Su habilidad, creatividad y aplicación encarnan de manera innovadora todas las tradiciones de Alsacia y las montañas de los Vosgos.

Entre especialidades de pescado, carne y queso, el menú revela una diversidad ventajosa sin hacer demasiado para garantizar la frescura de los platos. ¡Tenga en cuenta que los helados y sorbetes también son caseros!

Al final de una hermosa excursión, no dudamos entre el "Filete de Bar à la plancha, verduras del mercado, brochetas de patata", o el tradicional "Pie del Valle de Munster", adornado con un sabroso y esponjoso relleno a base de ternera y cerdo. Finalmente, nuestra curiosidad nos empuja hacia el "Schlitte glacée", un merengue congelado original creado por el chef.
