 {"id":33322,"date":"2022-12-19T12:09:53","date_gmt":"2022-12-19T11:09:53","guid":{"rendered":"https:\/\/foodandgood.fr\/etablissement\/auberge-du-neuweiher-2\/"},"modified":"2024-06-17T15:41:23","modified_gmt":"2024-06-17T13:41:23","slug":"auberge-du-neuweiher-2","status":"publish","type":"etablissement","link":"https:\/\/foodandgood.fr\/es\/auberge-du-neuweiher-2\/","title":{"rendered":"Auberge Refuge du Neuweiher"},"excerpt":{"rendered":"","protected":false},"author":13,"comment_status":"closed","ping_status":"closed","template":"","meta":{"_acf_changed":false,"beyondwords_generate_audio":"","beyondwords_integration_method":"","beyondwords_project_id":"","beyondwords_content_id":"","beyondwords_preview_token":"","beyondwords_player_content":"","beyondwords_player_style":"","beyondwords_language_code":"","beyondwords_language_id":"","beyondwords_title_voice_id":"","beyondwords_body_voice_id":"","beyondwords_summary_voice_id":"","beyondwords_error_message":"","beyondwords_disabled":"","beyondwords_delete_content":"","beyondwords_podcast_id":"","beyondwords_hash":"","publish_post_to_speechkit":"","speechkit_hash":"","speechkit_generate_audio":"","speechkit_project_id":"","speechkit_podcast_id":"","speechkit_error_message":"","speechkit_disabled":"","speechkit_access_key":"","speechkit_error":"","speechkit_info":"","speechkit_response":"","speechkit_retries":"","speechkit_status":"","speechkit_updated_at":"","_speechkit_link":"","_speechkit_text":""},"class_list":["post-33322","etablissement","type-etablissement","status-publish","has-post-thumbnail","hentry","type-etablissement-cocina-alsaciana","type-etablissement-ferme-auberge-es"],"acf":{"id_eta_scn":"","id_app_foodandgood":"","id_exponum":"","abo":[],"etoile_michelin":[],"titre_presentation":"Un escenario excepcional para momentos especiales","presentation":"<article class=\"LIBHTMSANSNOM1-1 LIBHTMCOORDONNEES-0\">Tras un hermoso paseo por el bosque, entre torrentes y cascadas que conducen a dos lagos, ven a descubrir nuestro Albergue-Refugio, que te dar\u00e1 una c\u00e1lida bienvenida. Puedes disfrutar de una copa en la terraza, con una vista impresionante del gran Neuweiher, con la opci\u00f3n de comer fuera o pasar una o m\u00e1s noches en r\u00e9gimen de media pensi\u00f3n. \u00a1Disfruta de la paz y la tranquilidad de la naturaleza!<\/article>Accesible solo a pie, #l Auberge #Refuge #du #Neuweiher es un remanso de paz a 830 metros sobre el nivel del mar, a orillas del lago #Grand #Neuweiher. En la calma de la naturaleza, #Yves #Fluhr ahora contin\u00faa la historia de esta posada que se remonta a 1927. Al final de un hermoso paseo por el bosque, entre torrentes, lagos y cascadas, se puede comer para el almuerzo y la cena \"como en casa\", con comidas tradicionales y reconfortantes de la regi\u00f3n en las que los productores locales est\u00e1n en el centro de atenci\u00f3n. En los d\u00edas soleados, la terraza ofrece una notable vista panor\u00e1mica de la naturaleza.\n\nA tener en cuenta: habitaciones y dormitorios disponibles para reservar.","types_prestation":false,"photo":27153,"photo_bis":7585,"photo_3":7584,"adresse":{"address":"Auberge Refuge du Neuweiher, Oberbruck, France","lat":47.83249279999999,"lng":6.906551299999999,"zoom":7,"place_id":"ChIJowgWkustkkcRXEd5XyvR99E","name":"Auberge Refuge du Neuweiher","city":"Oberbruck","state":"Grand Est","post_code":68290,"country":"France","country_short":"FR"},"horaires":"Lunes: Cerrado\nMartes: 08:00 - 21:30\nMi\u00e9rcoles: 08:00 - 21:30\nJueves: 08:00 - 21:30\nViernes: 08:00 - 21:30\nS\u00e1bado: 08:00 - 21:30\nDomingo: 08:00 - 18:00","tel":"03 89 82 02 09","boutons":[{"title":"Sitio de Internet","link":"http:\/\/auberge-refuge-neuweiher.fr\/"}],"boutons_reservation":"","boutons_social":null,"articles":[{"title":"","text":"","image":""}]},"_links":{"self":[{"href":"https:\/\/foodandgood.fr\/es\/wp-json\/wp\/v2\/etablissement\/33322","targetHints":{"allow":["GET"]}}],"collection":[{"href":"https:\/\/foodandgood.fr\/es\/wp-json\/wp\/v2\/etablissement"}],"about":[{"href":"https:\/\/foodandgood.fr\/es\/wp-json\/wp\/v2\/types\/etablissement"}],"author":[{"embeddable":true,"href":"https:\/\/foodandgood.fr\/es\/wp-json\/wp\/v2\/users\/13"}],"replies":[{"embeddable":true,"href":"https:\/\/foodandgood.fr\/es\/wp-json\/wp\/v2\/comments?post=33322"}],"version-history":[{"count":2,"href":"https:\/\/foodandgood.fr\/es\/wp-json\/wp\/v2\/etablissement\/33322\/revisions"}],"predecessor-version":[{"id":83062,"href":"https:\/\/foodandgood.fr\/es\/wp-json\/wp\/v2\/etablissement\/33322\/revisions\/83062"}],"wp:featuredmedia":[{"embeddable":true,"href":"https:\/\/foodandgood.fr\/es\/wp-json\/wp\/v2\/media\/27153"}],"wp:attachment":[{"href":"https:\/\/foodandgood.fr\/es\/wp-json\/wp\/v2\/media?parent=33322"}],"curies":[{"name":"wp","href":"https:\/\/api.w.org\/{rel}","templated":true}]}}

<article class="LIBHTMSANSNOM1-1 LIBHTMCOORDONNEES-0">Tras un hermoso paseo por el bosque, entre torrentes y cascadas que conducen a dos lagos, ven a descubrir nuestro Albergue-Refugio, que te dará una cálida bienvenida. Puedes disfrutar de una copa en la terraza, con una vista impresionante del gran Neuweiher, con la opción de comer fuera o pasar una o más noches en régimen de media pensión. ¡Disfruta de la paz y la tranquilidad de la naturaleza!</article>Accesible solo a pie, #l Auberge #Refuge #du #Neuweiher es un remanso de paz a 830 metros sobre el nivel del mar, a orillas del lago #Grand #Neuweiher. En la calma de la naturaleza, #Yves #Fluhr ahora continúa la historia de esta posada que se remonta a 1927. Al final de un hermoso paseo por el bosque, entre torrentes, lagos y cascadas, se puede comer para el almuerzo y la cena "como en casa", con comidas tradicionales y reconfortantes de la región en las que los productores locales están en el centro de atención. En los días soleados, la terraza ofrece una notable vista panorámica de la naturaleza.

A tener en cuenta: habitaciones y dormitorios disponibles para reservar.

Lunes: Cerrado
Martes: 08:00 - 21:30
Miércoles: 08:00 - 21:30
Jueves: 08:00 - 21:30
Viernes: 08:00 - 21:30
Sábado: 08:00 - 21:30
Domingo: 08:00 - 18:00
