 {"id":31182,"date":"2020-12-03T15:04:04","date_gmt":"2020-12-03T14:04:04","guid":{"rendered":"https:\/\/foodandgood.fr\/etablissement\/sabores-del-libano\/"},"modified":"2024-06-06T15:04:10","modified_gmt":"2024-06-06T13:04:10","slug":"los-sabores-del-libano","status":"publish","type":"etablissement","link":"https:\/\/foodandgood.fr\/es\/los-sabores-del-libano\/","title":{"rendered":"Les Saveurs du Liban"},"excerpt":{"rendered":"","protected":false},"author":1,"comment_status":"closed","ping_status":"closed","template":"","meta":{"_acf_changed":false,"beyondwords_generate_audio":"","beyondwords_integration_method":"","beyondwords_project_id":"","beyondwords_content_id":"","beyondwords_preview_token":"","beyondwords_player_content":"","beyondwords_player_style":"","beyondwords_language_code":"","beyondwords_language_id":"","beyondwords_title_voice_id":"","beyondwords_body_voice_id":"","beyondwords_summary_voice_id":"","beyondwords_error_message":"","beyondwords_disabled":"","beyondwords_delete_content":"","beyondwords_podcast_id":"","beyondwords_hash":"","publish_post_to_speechkit":"","speechkit_hash":"","speechkit_generate_audio":"","speechkit_project_id":"","speechkit_podcast_id":"","speechkit_error_message":"","speechkit_disabled":"","speechkit_access_key":"","speechkit_error":"","speechkit_info":"","speechkit_response":"","speechkit_retries":"","speechkit_status":"","speechkit_updated_at":"","_speechkit_link":"","_speechkit_text":""},"class_list":["post-31182","etablissement","type-etablissement","status-publish","has-post-thumbnail","hentry","type-etablissement-cocina-internacional"],"acf":{"id_eta_scn":"","id_app_foodandgood":"","id_exponum":"","abo":[],"etoile_michelin":[],"titre_presentation":"A sus platos, dir\u00edjase a Les Saveurs du Liban en Mulhouse","presentation":"Encuentre todo el arte culinario tradicional del L\u00edbano, in situ o para llevar, en el coraz\u00f3n cultural de Mulhouse.\n\nCon una ubicaci\u00f3n ideal en Mulhouse, cerca de la Op\u00e9ra National du Rhin, la mediateca de Mulhouse y el Museo de Bellas Artes, Les Saveurs du Liban se encarga de transmitir todo el arte culinario tradicional del L\u00edbano.\n\nEn un ambiente t\u00edpico climatizado con decoraci\u00f3n oriental, o en la hermosa terraza, haga viajar sus papilas gustativas. El restaurante retoma los grandes cl\u00e1sicos de la cocina libanesa, para comer en casa o para llevar, asegurando el confort de grandes y peque\u00f1os, as\u00ed como de grupos. Desde hace m\u00e1s de 14 a\u00f1os, la prioridad de este establecimiento ha sido deleitar tu paladar con suculentos platos que te har\u00e1n descubrir nuevos sabores al momento o para llevar.\n\nTenga en cuenta que el estacionamiento cercano hace que el acceso al restaurante sea f\u00e1cil y conveniente para los amantes de la comida de todas las edades.","types_prestation":false,"photo":15332,"photo_bis":5258,"photo_3":5259,"adresse":{"address":"Les Saveurs Du Liban, Rue des 3 Rois, Mulhouse, France","lat":47.7449745,"lng":7.3347826,"zoom":7,"place_id":"ChIJIcekDg2bkUcRPtWQxR5Th4Y","name":"Les Saveurs Du Liban","street_number":26,"street_name":"Rue des 3 Rois","city":"Mulhouse","state":"Grand Est","post_code":68100,"country":"France","country_short":"FR"},"horaires":"Lunes: Cerrado\nMartes: 12:00 - 14:00, 19:00 - 22:00\nMi\u00e9rcoles: 12:00 - 14:00, 19:00 - 22:00\nJueves: 12:00 - 14:00, 19:00 - 22:00\nViernes: 12:00 - 14:00, 19:00 - 22:00\nS\u00e1bado: 12:00 - 14:00, 19:00 - 22:00\nDomingo: Cerrado","tel":"03 89 66 55 08","boutons":[{"title":"Sitio de Internet","link":"https:\/\/saveursduliban.com\/"},{"title":"Tarjeta","link":"https:\/\/saveursduliban.com\/la-carte\/"}],"boutons_reservation":"","boutons_social":null,"articles":[{"title":"","text":"<h2>apuestas seguras<\/h2>\nLos mezzes, compuestos por diferentes platos fr\u00edos y calientes para degustar, son una especialidad libanesa imprescindible que sin duda acompa\u00f1ar\u00e1s con carnes a la brasa, como las que ofrece el establecimiento: brochetas de bakar m\u00e9choui, chich taouk o kefta a la parrilla. Menci\u00f3n especial para el tabul\u00e9 liban\u00e9s, que despierta las papilas gustativas. \u00a1Un verdadero cambio de sabor!","image":5258}]},"_links":{"self":[{"href":"https:\/\/foodandgood.fr\/es\/wp-json\/wp\/v2\/etablissement\/31182","targetHints":{"allow":["GET"]}}],"collection":[{"href":"https:\/\/foodandgood.fr\/es\/wp-json\/wp\/v2\/etablissement"}],"about":[{"href":"https:\/\/foodandgood.fr\/es\/wp-json\/wp\/v2\/types\/etablissement"}],"author":[{"embeddable":true,"href":"https:\/\/foodandgood.fr\/es\/wp-json\/wp\/v2\/users\/1"}],"replies":[{"embeddable":true,"href":"https:\/\/foodandgood.fr\/es\/wp-json\/wp\/v2\/comments?post=31182"}],"version-history":[{"count":1,"href":"https:\/\/foodandgood.fr\/es\/wp-json\/wp\/v2\/etablissement\/31182\/revisions"}],"predecessor-version":[{"id":31774,"href":"https:\/\/foodandgood.fr\/es\/wp-json\/wp\/v2\/etablissement\/31182\/revisions\/31774"}],"wp:featuredmedia":[{"embeddable":true,"href":"https:\/\/foodandgood.fr\/es\/wp-json\/wp\/v2\/media\/15332"}],"wp:attachment":[{"href":"https:\/\/foodandgood.fr\/es\/wp-json\/wp\/v2\/media?parent=31182"}],"curies":[{"name":"wp","href":"https:\/\/api.w.org\/{rel}","templated":true}]}}

A sus platos, diríjase a Les Saveurs du Liban en Mulhouse

Encuentre todo el arte culinario tradicional del Líbano, in situ o para llevar, en el corazón cultural de Mulhouse.

Con una ubicación ideal en Mulhouse, cerca de la Opéra National du Rhin, la mediateca de Mulhouse y el Museo de Bellas Artes, Les Saveurs du Liban se encarga de transmitir todo el arte culinario tradicional del Líbano.

En un ambiente típico climatizado con decoración oriental, o en la hermosa terraza, haga viajar sus papilas gustativas. El restaurante retoma los grandes clásicos de la cocina libanesa, para comer en casa o para llevar, asegurando el confort de grandes y pequeños, así como de grupos. Desde hace más de 14 años, la prioridad de este establecimiento ha sido deleitar tu paladar con suculentos platos que te harán descubrir nuevos sabores al momento o para llevar.

Tenga en cuenta que el estacionamiento cercano hace que el acceso al restaurante sea fácil y conveniente para los amantes de la comida de todas las edades.

Lunes: Cerrado
Martes: 12:00 - 14:00, 19:00 - 22:00
Miércoles: 12:00 - 14:00, 19:00 - 22:00
Jueves: 12:00 - 14:00, 19:00 - 22:00
Viernes: 12:00 - 14:00, 19:00 - 22:00
Sábado: 12:00 - 14:00, 19:00 - 22:00
Domingo: Cerrado

<h2>apuestas seguras</h2>
Los mezzes, compuestos por diferentes platos fríos y calientes para degustar, son una especialidad libanesa imprescindible que sin duda acompañarás con carnes a la brasa, como las que ofrece el establecimiento: brochetas de bakar méchoui, chich taouk o kefta a la parrilla. Mención especial para el tabulé libanés, que despierta las papilas gustativas. ¡Un verdadero cambio de sabor!
