 {"id":31130,"date":"2020-12-03T15:04:04","date_gmt":"2020-12-03T14:04:04","guid":{"rendered":"https:\/\/foodandgood.fr\/etablissement\/el-pequeno-paris\/"},"modified":"2024-08-27T16:33:22","modified_gmt":"2024-08-27T14:33:22","slug":"le-petit-paris","status":"publish","type":"etablissement","link":"https:\/\/foodandgood.fr\/es\/le-petit-paris\/","title":{"rendered":"Le Petit Paris"},"excerpt":{"rendered":"","protected":false},"author":1,"comment_status":"closed","ping_status":"closed","template":"","meta":{"_acf_changed":false,"beyondwords_generate_audio":"","beyondwords_integration_method":"","beyondwords_project_id":"","beyondwords_content_id":"","beyondwords_preview_token":"","beyondwords_player_content":"","beyondwords_player_style":"","beyondwords_language_code":"","beyondwords_language_id":"","beyondwords_title_voice_id":"","beyondwords_body_voice_id":"","beyondwords_summary_voice_id":"","beyondwords_error_message":"","beyondwords_disabled":"","beyondwords_delete_content":"","beyondwords_podcast_id":"","beyondwords_hash":"","publish_post_to_speechkit":"","speechkit_hash":"","speechkit_generate_audio":"","speechkit_project_id":"","speechkit_podcast_id":"","speechkit_error_message":"","speechkit_disabled":"","speechkit_access_key":"","speechkit_error":"","speechkit_info":"","speechkit_response":"","speechkit_retries":"","speechkit_status":"","speechkit_updated_at":"","_speechkit_link":"","_speechkit_text":""},"class_list":["post-31130","etablissement","type-etablissement","status-publish","has-post-thumbnail","hentry","type-etablissement-bistronomia","type-etablissement-cocina-francesa","type-etablissement-vales-regalo"],"acf":{"id_eta_scn":12066,"id_app_foodandgood":193,"id_exponum":12066,"abo":["APP"],"etoile_michelin":[],"titre_presentation":"El men\u00fa del \u00e9xito","presentation":"Un men\u00fa regularmente renovado, productos originales y una carta de vinos muy extensa, \u00a1Le Petit Paris le est\u00e1 esperando! Thi\u00e9baud Turnani, un Mulhousien de 28 a\u00f1os, pas\u00f3 por la escuela de hoteler\u00eda, Suiza e Inglaterra antes de hacerse cargo de Le Petit Paris hace apenas un a\u00f1o. Mantiene al equipo, incluido el chef Florent Amiot, que avanza hacia una cocina casera de calidad con productos de temporada. Un men\u00fa regularmente renovado, productos originales como Poupe de Galice y una carta de vinos muy extensa y diversificada, \u00a1eso es todo lo que se necesita para deleitar a los visitantes!","types_prestation":false,"photo":48809,"photo_bis":48767,"photo_3":53451,"adresse":{"address":"Le Petit Paris, Rue de la Moselle, Mulhouse, France","lat":47.7482391,"lng":7.3399918,"zoom":7,"place_id":"ChIJuze0bHWbkUcR1m3GB5FKTjE","name":"Le Petit Paris","street_number":12,"street_name":"Rue de la Moselle","city":"Mulhouse","state":"Grand Est","post_code":68100,"country":"France","country_short":"FR"},"horaires":"Lunes: Cerrado Martes: 12:00 - 13:30, 19:00 - 21:00 Mi\u00e9rcoles: 12:00 - 13:30, 19:00 - 21:00 Jueves: 12:00 - 13:30, 19:00 - 21:00 Viernes: 12:00 - 13:30, 19:30 - 21:00 S\u00e1bado: 12:00 - 13:30, 19:30 - 21:00 Domingo: Cerrado","tel":"03 89 61 17 85","boutons":[{"title":"Sitio de Internet","link":"http:\/\/www.lepetitparis.alsace\/"},{"title":"buenos regalos","link":"https:\/\/aji-box.com\/-\/le-petit-paris"}],"boutons_reservation":"","boutons_social":null,"articles":[{"title":"","text":"","image":""}]},"_links":{"self":[{"href":"https:\/\/foodandgood.fr\/es\/wp-json\/wp\/v2\/etablissement\/31130","targetHints":{"allow":["GET"]}}],"collection":[{"href":"https:\/\/foodandgood.fr\/es\/wp-json\/wp\/v2\/etablissement"}],"about":[{"href":"https:\/\/foodandgood.fr\/es\/wp-json\/wp\/v2\/types\/etablissement"}],"author":[{"embeddable":true,"href":"https:\/\/foodandgood.fr\/es\/wp-json\/wp\/v2\/users\/1"}],"replies":[{"embeddable":true,"href":"https:\/\/foodandgood.fr\/es\/wp-json\/wp\/v2\/comments?post=31130"}],"version-history":[{"count":1,"href":"https:\/\/foodandgood.fr\/es\/wp-json\/wp\/v2\/etablissement\/31130\/revisions"}],"predecessor-version":[{"id":31750,"href":"https:\/\/foodandgood.fr\/es\/wp-json\/wp\/v2\/etablissement\/31130\/revisions\/31750"}],"wp:featuredmedia":[{"embeddable":true,"href":"https:\/\/foodandgood.fr\/es\/wp-json\/wp\/v2\/media\/48815"}],"wp:attachment":[{"href":"https:\/\/foodandgood.fr\/es\/wp-json\/wp\/v2\/media?parent=31130"}],"curies":[{"name":"wp","href":"https:\/\/api.w.org\/{rel}","templated":true}]}}

El menú del éxito

Un menú regularmente renovado, productos originales y una carta de vinos muy extensa, ¡Le Petit Paris le está esperando! Thiébaud Turnani, un Mulhousien de 28 años, pasó por la escuela de hotelería, Suiza e Inglaterra antes de hacerse cargo de Le Petit Paris hace apenas un año. Mantiene al equipo, incluido el chef Florent Amiot, que avanza hacia una cocina casera de calidad con productos de temporada. Un menú regularmente renovado, productos originales como Poupe de Galice y una carta de vinos muy extensa y diversificada, ¡eso es todo lo que se necesita para deleitar a los visitantes!

Lunes: Cerrado Martes: 12:00 - 13:30, 19:00 - 21:00 Miércoles: 12:00 - 13:30, 19:00 - 21:00 Jueves: 12:00 - 13:30, 19:00 - 21:00 Viernes: 12:00 - 13:30, 19:30 - 21:00 Sábado: 12:00 - 13:30, 19:30 - 21:00 Domingo: Cerrado
