 {"id":31122,"date":"2020-12-03T15:04:04","date_gmt":"2020-12-03T14:04:04","guid":{"rendered":"https:\/\/foodandgood.fr\/etablissement\/el-ramloc\/"},"modified":"2024-06-04T16:44:52","modified_gmt":"2024-06-04T14:44:52","slug":"le-ramloc","status":"publish","type":"etablissement","link":"https:\/\/foodandgood.fr\/es\/le-ramloc\/","title":{"rendered":"Le Ramloc"},"excerpt":{"rendered":"","protected":false},"author":1,"comment_status":"closed","ping_status":"closed","template":"","meta":{"_acf_changed":false,"beyondwords_generate_audio":"","beyondwords_integration_method":"","beyondwords_project_id":"","beyondwords_content_id":"","beyondwords_preview_token":"","beyondwords_player_content":"","beyondwords_player_style":"","beyondwords_language_code":"","beyondwords_language_id":"","beyondwords_title_voice_id":"","beyondwords_body_voice_id":"","beyondwords_summary_voice_id":"","beyondwords_error_message":"","beyondwords_disabled":"","beyondwords_delete_content":"","beyondwords_podcast_id":"","beyondwords_hash":"","publish_post_to_speechkit":"","speechkit_hash":"","speechkit_generate_audio":"","speechkit_project_id":"","speechkit_podcast_id":"","speechkit_error_message":"","speechkit_disabled":"","speechkit_access_key":"","speechkit_error":"","speechkit_info":"","speechkit_response":"","speechkit_retries":"","speechkit_status":"","speechkit_updated_at":"","_speechkit_link":"","_speechkit_text":""},"class_list":["post-31122","etablissement","type-etablissement","status-publish","has-post-thumbnail","hentry","type-etablissement-cocina-alsaciana","type-etablissement-cocina-francesa","type-etablissement-cocina-gastronomica"],"acf":{"id_eta_scn":"","id_app_foodandgood":"","id_exponum":"","abo":[],"etoile_michelin":[],"titre_presentation":"Le Ramloc en Colmar, un restaurante donde te gusta volver","presentation":"En el centro de Colmar, lejos del ajetreo y el bullicio, en una peque\u00f1a plaza sombreada, el \"Ramloc\" (\"\u00a1Colmar\" al rev\u00e9s!) es un restaurante al que a veces entras por casualidad... pero donde volvemos r\u00e1pidamente por nuestra cuenta. \u00a1voluntad!\n\nAl frente de este encantador establecimiento, Zweta y Christophe Heck, pareja desde hace veinte a\u00f1os en la vida y en el trabajo, le dan la bienvenida a este lugar de refinada decoraci\u00f3n.","types_prestation":false,"photo":22783,"photo_bis":63199,"photo_3":75674,"adresse":{"address":"Ramloc, Rue du Chasseur, Colmar, France","lat":48.076865,"lng":7.361594699999999,"zoom":7,"place_id":"ChIJTVwcgpplkUcRz--LZfIj9no","name":"Ramloc","street_number":13,"street_name":"Rue du Chasseur","city":"Colmar","state":"Grand Est","post_code":68000,"country":"France","country_short":"FR"},"horaires":"Lunes: Cerrado\nMartes: 12:00 - 13:30, 19:00 - 21:00\nMi\u00e9rcoles: 12:00 - 13:30, 19:00 - 21:00\nJueves: 12:00 - 13:30, 19:00 - 21:00\nViernes: 12:00 - 13:30, 19:00 - 21:00\nS\u00e1bado: 12:00 - 13:30, 19:00 - 21:30\nDomingo: Cerrado","tel":"03 89 29 64 70","boutons":[{"title":"Sitio de Internet","link":"https:\/\/facebook.com\/100063727052473\/"}],"boutons_reservation":"","boutons_social":null,"articles":[{"title":"","text":"<h2>Chef y maestro restaurador de Alsacia<\/h2>\nRecientemente galardonado con los t\u00edtulos Chefs d'Alsace y <u>Ma\u00eetre Restaurateur<\/u> por la calidad de los platos, el chef Christophe Heck y su equipo crean y producen, seg\u00fan su inspiraci\u00f3n, platos de temporada a partir de productos locales e internacionales. En el comedor, Zweta y su equipo estar\u00e1n encantados de atenderte y asesorarte. Todos est\u00e1n muy atentos para hacerte pasar un buen rato y estar atentos a cada petici\u00f3n bajo un gran tilo. La excelente carta de vinos a\u00f1ade a\u00fan m\u00e1s atractivo a este establecimiento.\n\nRecuerda que al chef le encanta la caza en oto\u00f1o... \u00a1y a la redacci\u00f3n le encant\u00f3 su carta en torno a las trufas!","image":5325},{"title":"","text":"<h2>un gran descubrimiento<\/h2>\nEn invierno, ven a probar el guiso de conejo con coco, hojas de c\u00farcuma y limoncillo, arroz con vinagre. Esta primavera, prueba la pechuga de pollo al estilo americano, los fideos con mantequilla y las verduras mixtas.","image":2284}]},"_links":{"self":[{"href":"https:\/\/foodandgood.fr\/es\/wp-json\/wp\/v2\/etablissement\/31122","targetHints":{"allow":["GET"]}}],"collection":[{"href":"https:\/\/foodandgood.fr\/es\/wp-json\/wp\/v2\/etablissement"}],"about":[{"href":"https:\/\/foodandgood.fr\/es\/wp-json\/wp\/v2\/types\/etablissement"}],"author":[{"embeddable":true,"href":"https:\/\/foodandgood.fr\/es\/wp-json\/wp\/v2\/users\/1"}],"replies":[{"embeddable":true,"href":"https:\/\/foodandgood.fr\/es\/wp-json\/wp\/v2\/comments?post=31122"}],"version-history":[{"count":1,"href":"https:\/\/foodandgood.fr\/es\/wp-json\/wp\/v2\/etablissement\/31122\/revisions"}],"predecessor-version":[{"id":31756,"href":"https:\/\/foodandgood.fr\/es\/wp-json\/wp\/v2\/etablissement\/31122\/revisions\/31756"}],"wp:featuredmedia":[{"embeddable":true,"href":"https:\/\/foodandgood.fr\/es\/wp-json\/wp\/v2\/media\/22783"}],"wp:attachment":[{"href":"https:\/\/foodandgood.fr\/es\/wp-json\/wp\/v2\/media?parent=31122"}],"curies":[{"name":"wp","href":"https:\/\/api.w.org\/{rel}","templated":true}]}}

En el centro de Colmar, lejos del ajetreo y el bullicio, en una pequeña plaza sombreada, el "Ramloc" ("¡Colmar" al revés!) es un restaurante al que a veces entras por casualidad... pero donde volvemos rápidamente por nuestra cuenta. ¡voluntad!

Al frente de este encantador establecimiento, Zweta y Christophe Heck, pareja desde hace veinte años en la vida y en el trabajo, le dan la bienvenida a este lugar de refinada decoración.

Lunes: Cerrado
Martes: 12:00 - 13:30, 19:00 - 21:00
Miércoles: 12:00 - 13:30, 19:00 - 21:00
Jueves: 12:00 - 13:30, 19:00 - 21:00
Viernes: 12:00 - 13:30, 19:00 - 21:00
Sábado: 12:00 - 13:30, 19:00 - 21:30
Domingo: Cerrado

<h2>Chef y maestro restaurador de Alsacia</h2>
Recientemente galardonado con los títulos Chefs d'Alsace y <u>Maître Restaurateur</u> por la calidad de los platos, el chef Christophe Heck y su equipo crean y producen, según su inspiración, platos de temporada a partir de productos locales e internacionales. En el comedor, Zweta y su equipo estarán encantados de atenderte y asesorarte. Todos están muy atentos para hacerte pasar un buen rato y estar atentos a cada petición bajo un gran tilo. La excelente carta de vinos añade aún más atractivo a este establecimiento.

Recuerda que al chef le encanta la caza en otoño... ¡y a la redacción le encantó su carta en torno a las trufas!

<h2>un gran descubrimiento</h2>
En invierno, ven a probar el guiso de conejo con coco, hojas de cúrcuma y limoncillo, arroz con vinagre. Esta primavera, prueba la pechuga de pollo al estilo americano, los fideos con mantequilla y las verduras mixtas.
