 {"id":31106,"date":"2020-12-03T15:04:04","date_gmt":"2020-12-03T14:04:04","guid":{"rendered":"https:\/\/foodandgood.fr\/etablissement\/adriatico\/"},"modified":"2024-06-04T13:58:17","modified_gmt":"2024-06-04T11:58:17","slug":"adriatico","status":"publish","type":"etablissement","link":"https:\/\/foodandgood.fr\/es\/adriatico\/","title":{"rendered":"Adriatico"},"excerpt":{"rendered":"","protected":false},"author":1,"comment_status":"closed","ping_status":"closed","template":"","meta":{"_acf_changed":false,"beyondwords_generate_audio":"","beyondwords_integration_method":"","beyondwords_project_id":"","beyondwords_content_id":"","beyondwords_preview_token":"","beyondwords_player_content":"","beyondwords_player_style":"","beyondwords_language_code":"","beyondwords_language_id":"","beyondwords_title_voice_id":"","beyondwords_body_voice_id":"","beyondwords_summary_voice_id":"","beyondwords_error_message":"","beyondwords_disabled":"","beyondwords_delete_content":"","beyondwords_podcast_id":"","beyondwords_hash":"","publish_post_to_speechkit":"","speechkit_hash":"","speechkit_generate_audio":"","speechkit_project_id":"","speechkit_podcast_id":"","speechkit_error_message":"","speechkit_disabled":"","speechkit_access_key":"","speechkit_error":"","speechkit_info":"","speechkit_response":"","speechkit_retries":"","speechkit_status":"","speechkit_updated_at":"","_speechkit_link":"","_speechkit_text":""},"class_list":["post-31106","etablissement","type-etablissement","status-publish","has-post-thumbnail","hentry","type-etablissement-comida-italiana"],"acf":{"id_eta_scn":"","id_app_foodandgood":3542,"id_exponum":"","abo":[],"etoile_michelin":[],"titre_presentation":"El Adriatico, arte della buona cucina en Colmar","presentation":"En Colmar, cerca del centro de la ciudad, las especialidades italianas de Roberto se preparan con amor por los productos y la tradici\u00f3n.\n\nSi te gusta la cocina italiana, la familia Giovane te invita a descubrir los sabores de su infancia. Situado cerca del centro de la ciudad, el restaurante italiano Adriatico ha seducido a lo largo del tiempo a los paladares m\u00e1s exigentes. Los platos son generosos y hechos con amor, desde las deliciosas pizzas de Claudio hasta las especialidades italianas de Roberto. Una direcci\u00f3n de Colmar para saber degustar toda la gastronom\u00eda italiana en el lugar o para llevar.\n\nLa terraza en un patio privado har\u00e1 que no te pierdas ni un rayo de sol de verano mientras comes o cenas en paz.\n\nEl servicio es excepcional con amabilidad, atenci\u00f3n y buenos consejos.","types_prestation":false,"photo":32340,"photo_bis":6062,"photo_3":32362,"adresse":{"address":"Restaurant Adriatico, Route de Neuf-Brisach, Colmar, France","lat":48.0798028,"lng":7.362888799999999,"zoom":7,"place_id":"ChIJDUSYvuNlkUcRW3Gc_AWhq34","name":"Restaurant Adriatico","street_number":6,"street_name":"Route de Neuf-Brisach","street_name_short":"Rte de Neuf-Brisach","city":"Colmar","state":"Grand Est","post_code":68000,"country":"France","country_short":"FR"},"horaires":"Lunes: 12:00 - 14:00, 19:00 - 22:00\nMartes: Cerrado\nMi\u00e9rcoles: Cerrado\nJueves: 12:00 - 14:00, 19:00 - 22:00\nViernes: 12:00 - 14:00, 19:00 - 22:30\nS\u00e1bado: 12:00 - 14:00, 19:00 - 22:30\nDomingo: 12:00 - 14:00, 19:00 - 22:00","tel":"03 89 41 21 94","boutons":[{"title":"Sitio de Internet","link":"https:\/\/adriatico-colmar.com\/"},{"title":"A la carta y Men\u00fas","link":"https:\/\/adriatico-colmar.com\/wp-content\/uploads\/2023\/01\/carte-adriatico-janvier-23-2.pdf"}],"boutons_reservation":"","boutons_social":null,"articles":[{"title":"","text":"<h3>Especialidades italianas hechas con amor<\/h3>\nLas veinte o m\u00e1s pizzas del men\u00fa ofrecen una verg\u00fcenza de elecci\u00f3n, mientras que las pastas y las especialidades de carne se sirven con generosidad. Todos los d\u00edas, se proponen deliciosas recetas tradicionales para completar el men\u00fa, para seguir seduciendo a los asiduos. Entre la pasta con almejas, los \u00f1oquis caseros al pesto, las escalopas a la bolo\u00f1esa y el solomillo al horno, es dif\u00edcil elegir: \u00a1la \u00fanica soluci\u00f3n sigue siendo repetir la experiencia volviendo aqu\u00ed varias veces!","image":6061}]},"_links":{"self":[{"href":"https:\/\/foodandgood.fr\/es\/wp-json\/wp\/v2\/etablissement\/31106","targetHints":{"allow":["GET"]}}],"collection":[{"href":"https:\/\/foodandgood.fr\/es\/wp-json\/wp\/v2\/etablissement"}],"about":[{"href":"https:\/\/foodandgood.fr\/es\/wp-json\/wp\/v2\/types\/etablissement"}],"author":[{"embeddable":true,"href":"https:\/\/foodandgood.fr\/es\/wp-json\/wp\/v2\/users\/1"}],"replies":[{"embeddable":true,"href":"https:\/\/foodandgood.fr\/es\/wp-json\/wp\/v2\/comments?post=31106"}],"version-history":[{"count":1,"href":"https:\/\/foodandgood.fr\/es\/wp-json\/wp\/v2\/etablissement\/31106\/revisions"}],"predecessor-version":[{"id":31610,"href":"https:\/\/foodandgood.fr\/es\/wp-json\/wp\/v2\/etablissement\/31106\/revisions\/31610"}],"wp:featuredmedia":[{"embeddable":true,"href":"https:\/\/foodandgood.fr\/es\/wp-json\/wp\/v2\/media\/32340"}],"wp:attachment":[{"href":"https:\/\/foodandgood.fr\/es\/wp-json\/wp\/v2\/media?parent=31106"}],"curies":[{"name":"wp","href":"https:\/\/api.w.org\/{rel}","templated":true}]}}

En Colmar, cerca del centro de la ciudad, las especialidades italianas de Roberto se preparan con amor por los productos y la tradición.

Si te gusta la cocina italiana, la familia Giovane te invita a descubrir los sabores de su infancia. Situado cerca del centro de la ciudad, el restaurante italiano Adriatico ha seducido a lo largo del tiempo a los paladares más exigentes. Los platos son generosos y hechos con amor, desde las deliciosas pizzas de Claudio hasta las especialidades italianas de Roberto. Una dirección de Colmar para saber degustar toda la gastronomía italiana en el lugar o para llevar.

La terraza en un patio privado hará que no te pierdas ni un rayo de sol de verano mientras comes o cenas en paz.

El servicio es excepcional con amabilidad, atención y buenos consejos.

Lunes: 12:00 - 14:00, 19:00 - 22:00
Martes: Cerrado
Miércoles: Cerrado
Jueves: 12:00 - 14:00, 19:00 - 22:00
Viernes: 12:00 - 14:00, 19:00 - 22:30
Sábado: 12:00 - 14:00, 19:00 - 22:30
Domingo: 12:00 - 14:00, 19:00 - 22:00

A la carta y Menús

<h3>Especialidades italianas hechas con amor</h3>
Las veinte o más pizzas del menú ofrecen una vergüenza de elección, mientras que las pastas y las especialidades de carne se sirven con generosidad. Todos los días, se proponen deliciosas recetas tradicionales para completar el menú, para seguir seduciendo a los asiduos. Entre la pasta con almejas, los ñoquis caseros al pesto, las escalopas a la boloñesa y el solomillo al horno, es difícil elegir: ¡la única solución sigue siendo repetir la experiencia volviendo aquí varias veces!
