 {"id":31077,"date":"2022-01-13T10:50:37","date_gmt":"2022-01-13T09:50:37","guid":{"rendered":"https:\/\/foodandgood.fr\/etablissement\/el-cortil\/"},"modified":"2024-09-02T15:18:31","modified_gmt":"2024-09-02T13:18:31","slug":"restaurante-il-cortile-mulhouse","status":"publish","type":"etablissement","link":"https:\/\/foodandgood.fr\/es\/restaurante-il-cortile-mulhouse\/","title":{"rendered":"Il Cortile"},"excerpt":{"rendered":"","protected":false},"author":1,"comment_status":"closed","ping_status":"closed","template":"","meta":{"_acf_changed":false,"beyondwords_generate_audio":"","beyondwords_integration_method":"","beyondwords_project_id":"","beyondwords_content_id":"","beyondwords_preview_token":"","beyondwords_player_content":"","beyondwords_player_style":"","beyondwords_language_code":"","beyondwords_language_id":"","beyondwords_title_voice_id":"","beyondwords_body_voice_id":"","beyondwords_summary_voice_id":"","beyondwords_error_message":"","beyondwords_disabled":"","beyondwords_delete_content":"","beyondwords_podcast_id":"","beyondwords_hash":"","publish_post_to_speechkit":"","speechkit_hash":"","speechkit_generate_audio":"","speechkit_project_id":"","speechkit_podcast_id":"","speechkit_error_message":"","speechkit_disabled":"","speechkit_access_key":"","speechkit_error":"","speechkit_info":"","speechkit_response":"","speechkit_retries":"","speechkit_status":"","speechkit_updated_at":"","_speechkit_link":"","_speechkit_text":""},"class_list":["post-31077","etablissement","type-etablissement","status-publish","has-post-thumbnail","hentry","type-etablissement-cocina-gastronomica","type-etablissement-comida-italiana","type-etablissement-mesa-excepcional"],"acf":{"id_eta_scn":"","id_app_foodandgood":491,"id_exponum":"","abo":[],"etoile_michelin":[],"titre_presentation":"\u00a1Un cambio de aires garantizado!","presentation":"El chef Jean-Michel Feger desarrolla una cocina mediterr\u00e1nea aut\u00e9ntica, fresca y creativa en un marco sutil y contempor\u00e1neo, rodeado por las \u00faltimas murallas de Mulhouse, donde se entremezclan los aromas de los limoneros y los naranjos. En el coraz\u00f3n de Old Mulhouse, emana un delicado aroma de cocina mediterr\u00e1nea refinada y creativa que encaja perfectamente con el terroir local. As\u00ed es el restaurante mediterr\u00e1neo Il Cortile. Sucediendo a la familia D'Onghia, Jean-Michel Feger, chef galardonado con una estrella en la gu\u00eda Michelin y en la cocina desde que el restaurante abri\u00f3 sus puertas en 2001, tom\u00f3 la antorcha del establecimiento a principios de 2018. De este renacimiento nace una cocina apasionada. M\u00e1s sencillo y m\u00e1s generoso, como el chef. Tambi\u00e9n un servicio menos solemne y m\u00e1s c\u00e1lido que har\u00e1 las delicias de los habituales y los reci\u00e9n llegados.","types_prestation":false,"photo":17832,"photo_bis":75169,"photo_3":75163,"adresse":{"address":"Restaurant Il Cortile | \u00c9toil\u00e9 Michelin, Rue des Franciscains, Mulhouse, France","lat":47.74752679999999,"lng":7.3338101,"zoom":7,"place_id":"ChIJn5BgSHObkUcRbwexHCarHpo","name":"Restaurant Il Cortile | \u00c9toil\u00e9 Michelin","street_number":11,"street_name":"Rue des Franciscains","city":"Mulhouse","state":"Grand Est","post_code":68100,"country":"France","country_short":"FR"},"horaires":"Lunes: Cerrado Martes: 12:00 - 13:30, 19:30 - 21:30 Mi\u00e9rcoles: 12:00 - 13:30, 19:30 - 21:30 Jueves: 12:00 - 13:30, 19:30 - 21:30 Viernes: 12:00 - 13:30, 19:30 - 21:30 S\u00e1bado: 12:00 - 13:30, 19:30 - 21:30 Domingo: Cerrado","tel":"03 89 66 39 79","boutons":[{"title":"Sitio de Internet","link":"https:\/\/ilcortile-mulhouse.fr\/"},{"title":"A la carta y Men\u00fas","link":"https:\/\/ilcortile-mulhouse.fr\/#menu"},{"title":"buenos regalos","link":"https:\/\/aji-box.com\/-\/restaurant-il-cortile"}],"boutons_reservation":"","boutons_social":null,"articles":[{"title":"","text":"<h2>Con grandes medios, buenos men\u00fas.<\/h2>  El restaurante mediterr\u00e1neo Il Cortile de Mulhouse ofrece una cocina inventiva y sabrosa, que no deben perderse <u>los amantes de la carne y el pescado<\/u>.\n. Chef Jean-Michel Feger est\u00e1 ampliando su men\u00fa con dos nuevos men\u00fas. Adem\u00e1s del men\u00fa de negocios, disponible para el almuerzo durante la semana, de martes a viernes, y el men\u00fa \"La petite cour\", los men\u00fas \"Riviera\" y \"Cortile\" abren los placeres. Si tuvi\u00e9ramos que recordar solo tres creaciones del restaurante, tenemos excelentes recuerdos de estos platos: el Vitello tonnato, el apio, las alcaparras y el tomate seco. Seguido de una suprema de pich\u00f3n, zanahoria y yuzu, n\u00edscalos y jugo de vinagre de flor de sa\u00faco. Para terminar con la galleta con aceite de oliva, fresas y mousse de albahaca.","image":2970},{"title":"","text":"<h2>Restaurante mediterr\u00e1neo: parece el sur\u2026<\/h2>  La canci\u00f3n de Nino Ferrer acompa\u00f1a la idea de este oasis rodeado por las \u00faltimas murallas de la ciudad. El restaurante mediterr\u00e1neo de Mulhouse tiene sin duda la terraza m\u00e1s bonita de la ciudad. Abierto hasta finales de agosto, es un rinc\u00f3n tranquilo expuesto a los aromas de los limoneros y los naranjos. La terraza invita a realizar un delicioso viaje a orillas del Mediterr\u00e1neo. \u00a1Incluso se podr\u00eda creer que es una creaci\u00f3n del Cielo!","image":2964}]},"_links":{"self":[{"href":"https:\/\/foodandgood.fr\/es\/wp-json\/wp\/v2\/etablissement\/31077","targetHints":{"allow":["GET"]}}],"collection":[{"href":"https:\/\/foodandgood.fr\/es\/wp-json\/wp\/v2\/etablissement"}],"about":[{"href":"https:\/\/foodandgood.fr\/es\/wp-json\/wp\/v2\/types\/etablissement"}],"author":[{"embeddable":true,"href":"https:\/\/foodandgood.fr\/es\/wp-json\/wp\/v2\/users\/1"}],"replies":[{"embeddable":true,"href":"https:\/\/foodandgood.fr\/es\/wp-json\/wp\/v2\/comments?post=31077"}],"version-history":[{"count":3,"href":"https:\/\/foodandgood.fr\/es\/wp-json\/wp\/v2\/etablissement\/31077\/revisions"}],"predecessor-version":[{"id":113695,"href":"https:\/\/foodandgood.fr\/es\/wp-json\/wp\/v2\/etablissement\/31077\/revisions\/113695"}],"wp:featuredmedia":[{"embeddable":true,"href":"https:\/\/foodandgood.fr\/es\/wp-json\/wp\/v2\/media\/17832"}],"wp:attachment":[{"href":"https:\/\/foodandgood.fr\/es\/wp-json\/wp\/v2\/media?parent=31077"}],"curies":[{"name":"wp","href":"https:\/\/api.w.org\/{rel}","templated":true}]}}

El chef Jean-Michel Feger desarrolla una cocina mediterránea auténtica, fresca y creativa en un marco sutil y contemporáneo, rodeado por las últimas murallas de Mulhouse, donde se entremezclan los aromas de los limoneros y los naranjos. En el corazón de Old Mulhouse, emana un delicado aroma de cocina mediterránea refinada y creativa que encaja perfectamente con el terroir local. Así es el restaurante mediterráneo Il Cortile. Sucediendo a la familia D'Onghia, Jean-Michel Feger, chef galardonado con una estrella en la guía Michelin y en la cocina desde que el restaurante abrió sus puertas en 2001, tomó la antorcha del establecimiento a principios de 2018. De este renacimiento nace una cocina apasionada. Más sencillo y más generoso, como el chef. También un servicio menos solemne y más cálido que hará las delicias de los habituales y los recién llegados.

Restaurant Il Cortile | Étoilé Michelin, Rue des Franciscains, Mulhouse, France

Restaurant Il Cortile | Étoilé Michelin

Lunes: Cerrado Martes: 12:00 - 13:30, 19:30 - 21:30 Miércoles: 12:00 - 13:30, 19:30 - 21:30 Jueves: 12:00 - 13:30, 19:30 - 21:30 Viernes: 12:00 - 13:30, 19:30 - 21:30 Sábado: 12:00 - 13:30, 19:30 - 21:30 Domingo: Cerrado

A la carta y Menús

<h2>Con grandes medios, buenos menús.</h2>  El restaurante mediterráneo Il Cortile de Mulhouse ofrece una cocina inventiva y sabrosa, que no deben perderse <u>los amantes de la carne y el pescado</u>.
. Chef Jean-Michel Feger está ampliando su menú con dos nuevos menús. Además del menú de negocios, disponible para el almuerzo durante la semana, de martes a viernes, y el menú "La petite cour", los menús "Riviera" y "Cortile" abren los placeres. Si tuviéramos que recordar solo tres creaciones del restaurante, tenemos excelentes recuerdos de estos platos: el Vitello tonnato, el apio, las alcaparras y el tomate seco. Seguido de una suprema de pichón, zanahoria y yuzu, níscalos y jugo de vinagre de flor de saúco. Para terminar con la galleta con aceite de oliva, fresas y mousse de albahaca.

<h2>Restaurante mediterráneo: parece el sur…</h2>  La canción de Nino Ferrer acompaña la idea de este oasis rodeado por las últimas murallas de la ciudad. El restaurante mediterráneo de Mulhouse tiene sin duda la terraza más bonita de la ciudad. Abierto hasta finales de agosto, es un rincón tranquilo expuesto a los aromas de los limoneros y los naranjos. La terraza invita a realizar un delicioso viaje a orillas del Mediterráneo. ¡Incluso se podría creer que es una creación del Cielo!
