 {"id":170860,"date":"2025-09-04T09:25:23","date_gmt":"2025-09-04T07:25:23","guid":{"rendered":"https:\/\/foodandgood.fr\/?post_type=etablissement&#038;p=170860"},"modified":"2025-09-04T09:25:42","modified_gmt":"2025-09-04T07:25:42","slug":"saarland-therme","status":"publish","type":"etablissement","link":"https:\/\/foodandgood.fr\/saarland-therme\/","title":{"rendered":"Saarland Therme"},"excerpt":{"rendered":"","protected":false},"author":13,"comment_status":"closed","ping_status":"closed","template":"","meta":{"_acf_changed":false,"beyondwords_generate_audio":"0","beyondwords_integration_method":"","beyondwords_project_id":"","beyondwords_content_id":"","beyondwords_preview_token":"","beyondwords_player_content":"","beyondwords_player_style":"small","beyondwords_language_code":"fr_FR","beyondwords_language_id":"","beyondwords_title_voice_id":"1950","beyondwords_body_voice_id":"1950","beyondwords_summary_voice_id":"1950","beyondwords_error_message":"","beyondwords_disabled":"","beyondwords_delete_content":"","beyondwords_podcast_id":"","beyondwords_hash":"","publish_post_to_speechkit":"","speechkit_hash":"","speechkit_generate_audio":"","speechkit_project_id":"","speechkit_podcast_id":"","speechkit_error_message":"","speechkit_disabled":"","speechkit_access_key":"","speechkit_error":"","speechkit_info":"","speechkit_response":"","speechkit_retries":"","speechkit_status":"","speechkit_updated_at":"","_speechkit_link":"","_speechkit_text":""},"class_list":["post-170860","etablissement","type-etablissement","status-publish","hentry","type-etablissement-bien-etre","type-etablissement-centre-thermal"],"acf":{"id_eta_scn":"","id_app_foodandgood":"","id_exponum":"","abo":[],"etoile_michelin":[],"titre_presentation":"Saarland Therme \u2013 L\u2019Orient en Sarre, entre relaxation et bien-\u00eatre","presentation":"<h4 data-start=\"775\" data-end=\"818\">Situ\u00e9e \u00e0 Rilchingen-Hanweiler, \u00e0 quelques minutes de Sarrebruck, la <strong data-start=\"217\" data-end=\"236\">Saarland Therme<\/strong> est un spa thermal adulte inspir\u00e9 de l\u2019architecture hispano-mauresque. Elle se distingue par son d\u00e9cor raffin\u00e9 (carreaux andalous, tadelakt marocain, toit-terrasse en verre ouvrable), ses bassins d\u2019<strong data-start=\"435\" data-end=\"469\">eau curative riche en min\u00e9raux<\/strong>, ses saunas, hammams, espaces de soins et <strong data-start=\"512\" data-end=\"546\">\u00e9v\u00e9nements nocturnes f\u00e9\u00e9riques<\/strong> comme la \u00ab Night of Lights \u00bb. Une exp\u00e9rience sensuelle et r\u00e9g\u00e9n\u00e9rante unique.<\/h4>\r\n<p data-start=\"819\" data-end=\"1126\"><\/p>","types_prestation":false,"photo":170862,"photo_bis":170880,"photo_3":"","adresse":{"address":"Saarland Therme, Zum Bergwald, Kleinblittersdorf, Allemagne","lat":49.1286004,"lng":7.0517543,"zoom":5,"place_id":"ChIJX9jH0Z5KlEcRWDXIhuQgxaY","name":"Saarland Therme","street_number":1,"street_name":"Zum Bergwald","city":"Kleinblittersdorf","state":"Saarland","state_short":"SL","post_code":66271,"country":"Allemagne","country_short":"DE"},"horaires":"lundi: 09:00\u2009\u2013\u200900:00\r\nmardi: 09:00\u2009\u2013\u200900:00\r\nmercredi: 09:00\u2009\u2013\u200900:00\r\njeudi: 09:00\u2009\u2013\u200900:00\r\nvendredi: 09:00\u2009\u2013\u200901:00\r\nsamedi: 09:00\u2009\u2013\u200902:00\r\ndimanche: 09:00\u2009\u2013\u200900:00","tel":"+49 6805 600000","boutons":[{"title":"Site Internet","link":"http:\/\/www.saarland-therme.de\/"}],"boutons_reservation":"","boutons_social":[{"type":"facebook-f","link":"https:\/\/www.facebook.com\/saarland.therme\/"},{"type":"instagram","link":"https:\/\/www.instagram.com\/saarlandtherme\/"}],"articles":null},"_links":{"self":[{"href":"https:\/\/foodandgood.fr\/es\/wp-json\/wp\/v2\/etablissement\/170860","targetHints":{"allow":["GET"]}}],"collection":[{"href":"https:\/\/foodandgood.fr\/es\/wp-json\/wp\/v2\/etablissement"}],"about":[{"href":"https:\/\/foodandgood.fr\/es\/wp-json\/wp\/v2\/types\/etablissement"}],"author":[{"embeddable":true,"href":"https:\/\/foodandgood.fr\/es\/wp-json\/wp\/v2\/users\/13"}],"replies":[{"embeddable":true,"href":"https:\/\/foodandgood.fr\/es\/wp-json\/wp\/v2\/comments?post=170860"}],"version-history":[{"count":2,"href":"https:\/\/foodandgood.fr\/es\/wp-json\/wp\/v2\/etablissement\/170860\/revisions"}],"predecessor-version":[{"id":170917,"href":"https:\/\/foodandgood.fr\/es\/wp-json\/wp\/v2\/etablissement\/170860\/revisions\/170917"}],"wp:attachment":[{"href":"https:\/\/foodandgood.fr\/es\/wp-json\/wp\/v2\/media?parent=170860"}],"curies":[{"name":"wp","href":"https:\/\/api.w.org\/{rel}","templated":true}]}}

Saarland Therme – L’Orient en Sarre, entre relaxation et bien-être

<h4 data-start="775" data-end="818">Située à Rilchingen-Hanweiler, à quelques minutes de Sarrebruck, la <strong data-start="217" data-end="236">Saarland Therme</strong> est un spa thermal adulte inspiré de l’architecture hispano-mauresque. Elle se distingue par son décor raffiné (carreaux andalous, tadelakt marocain, toit-terrasse en verre ouvrable), ses bassins d’<strong data-start="435" data-end="469">eau curative riche en minéraux</strong>, ses saunas, hammams, espaces de soins et <strong data-start="512" data-end="546">événements nocturnes féériques</strong> comme la « Night of Lights ». Une expérience sensuelle et régénérante unique.</h4>
<p data-start="819" data-end="1126"></p>
