 {"id":151801,"date":"2024-10-29T09:55:52","date_gmt":"2024-10-29T08:55:52","guid":{"rendered":"https:\/\/foodandgood.fr\/etablissement\/pasteleria-schmitt\/"},"modified":"2024-10-29T09:55:52","modified_gmt":"2024-10-29T08:55:52","slug":"pasteleria-schmitt","status":"publish","type":"etablissement","link":"https:\/\/foodandgood.fr\/es\/etablissement\/pasteleria-schmitt\/","title":{"rendered":"P\u00e2tisserie Schmitt"},"excerpt":{"rendered":"","protected":false},"author":10,"comment_status":"closed","ping_status":"closed","template":"","meta":{"_acf_changed":false,"beyondwords_generate_audio":"","beyondwords_integration_method":"","beyondwords_project_id":"","beyondwords_content_id":"","beyondwords_preview_token":"","beyondwords_player_content":"","beyondwords_player_style":"","beyondwords_language_code":"","beyondwords_language_id":"","beyondwords_title_voice_id":"","beyondwords_body_voice_id":"","beyondwords_summary_voice_id":"","beyondwords_error_message":"","beyondwords_disabled":"","beyondwords_delete_content":"","beyondwords_podcast_id":"","beyondwords_hash":"","publish_post_to_speechkit":"","speechkit_hash":"","speechkit_generate_audio":"","speechkit_project_id":"","speechkit_podcast_id":"","speechkit_error_message":"","speechkit_disabled":"","speechkit_access_key":"","speechkit_error":"","speechkit_info":"","speechkit_response":"","speechkit_retries":"","speechkit_status":"","speechkit_updated_at":"","_speechkit_link":"","_speechkit_text":""},"class_list":["post-151801","etablissement","type-etablissement","status-publish","hentry","type-etablissement-pasteleria"],"acf":{"id_eta_scn":"","id_app_foodandgood":"","id_exponum":"","abo":[],"etoile_michelin":[],"titre_presentation":"La Casa de Charles Schmitt","presentation":"Desde hace m\u00e1s de 40 a\u00f1os, compartimos con\n\nnuestro amor por la gastronom\u00eda y el sabor \"aut\u00e9ntico\" y gourmet, sin aditivos ni elementos superfluos.\n\nCharles SCHMITT es Maestro P\u00e2tissier desde 1981 y lleva m\u00e1s de 30 a\u00f1os establecido en Colmar. Hace unos a\u00f1os, se le unieron su hija y su yerno, as\u00ed que es una gran historia familiar.\n\n \n\nJuntos, ofrecen una gama de productos caseros, elaborados respetando las tradiciones artesanales que tanto aprecian.\n\n\n\n Las consignas son sencillas:\n\nhazlo t\u00fa mismo y hazlo bien.","types_prestation":false,"photo":124613,"photo_bis":124591,"photo_3":124561,"adresse":{"address":"P\u00e2tisserie Schmitt, Avenue de la R\u00e9publique, Colmar, France","lat":48.07670539999999,"lng":7.352165599999999,"zoom":7,"place_id":"ChIJ_W3XoN1lkUcRVDg3WiX40gw","name":"P\u00e2tisserie Schmitt","street_number":30,"street_name":"Avenue de la R\u00e9publique","street_name_short":"Av. de la R\u00e9publique","city":"Colmar","state":"Grand Est","post_code":68000,"country":"France","country_short":"FR"},"horaires":"Lunes: Cerrado\nMartes: 07:00 - 19:00\nMi\u00e9rcoles: 07:00 - 19:00\nJueves: 07:00 - 19:00\nViernes: 07:00 - 19:00\nS\u00e1bado: 07:00 - 17:00\nDomingo: 07:00 - 12:30","tel":"03 89 41 23 29","boutons":[{"title":"Sitio de Internet","link":"http:\/\/www.patisserie-schmitt.com\/"}],"boutons_reservation":"","boutons_social":null,"articles":[{"title":"","text":"","image":""}]},"_links":{"self":[{"href":"https:\/\/foodandgood.fr\/es\/wp-json\/wp\/v2\/etablissement\/151801","targetHints":{"allow":["GET"]}}],"collection":[{"href":"https:\/\/foodandgood.fr\/es\/wp-json\/wp\/v2\/etablissement"}],"about":[{"href":"https:\/\/foodandgood.fr\/es\/wp-json\/wp\/v2\/types\/etablissement"}],"author":[{"embeddable":true,"href":"https:\/\/foodandgood.fr\/es\/wp-json\/wp\/v2\/users\/10"}],"replies":[{"embeddable":true,"href":"https:\/\/foodandgood.fr\/es\/wp-json\/wp\/v2\/comments?post=151801"}],"version-history":[{"count":0,"href":"https:\/\/foodandgood.fr\/es\/wp-json\/wp\/v2\/etablissement\/151801\/revisions"}],"wp:attachment":[{"href":"https:\/\/foodandgood.fr\/es\/wp-json\/wp\/v2\/media?parent=151801"}],"curies":[{"name":"wp","href":"https:\/\/api.w.org\/{rel}","templated":true}]}}

Pâtisserie Schmitt

Desde hace más de 40 años, compartimos con

nuestro amor por la gastronomía y el sabor "auténtico" y gourmet, sin aditivos ni elementos superfluos.

Charles SCHMITT es Maestro Pâtissier desde 1981 y lleva más de 30 años establecido en Colmar. Hace unos años, se le unieron su hija y su yerno, así que es una gran historia familiar.

 

Juntos, ofrecen una gama de productos caseros, elaborados respetando las tradiciones artesanales que tanto aprecian.



 Las consignas son sencillas:

hazlo tú mismo y hazlo bien.

Pâtisserie Schmitt, Avenue de la République, Colmar, France

Avenue de la République

Av. de la République

Lunes: Cerrado
Martes: 07:00 - 19:00
Miércoles: 07:00 - 19:00
Jueves: 07:00 - 19:00
Viernes: 07:00 - 19:00
Sábado: 07:00 - 17:00
Domingo: 07:00 - 12:30
