 {"id":149726,"date":"2025-02-24T11:07:34","date_gmt":"2025-02-24T10:07:34","guid":{"rendered":"https:\/\/foodandgood.fr\/etablissement\/santuario-del-monte-sainte-odile\/"},"modified":"2025-04-14T12:18:51","modified_gmt":"2025-04-14T10:18:51","slug":"santuario-del-monte-sainte-odile","status":"publish","type":"etablissement","link":"https:\/\/foodandgood.fr\/es\/santuario-del-monte-sainte-odile\/","title":{"rendered":"Sanctuaire du Mont Sainte-Odile"},"excerpt":{"rendered":"","protected":false},"author":13,"comment_status":"closed","ping_status":"closed","template":"","meta":{"_acf_changed":false,"beyondwords_generate_audio":"","beyondwords_integration_method":"","beyondwords_project_id":"","beyondwords_content_id":"","beyondwords_preview_token":"","beyondwords_player_content":"","beyondwords_player_style":"","beyondwords_language_code":"","beyondwords_language_id":"","beyondwords_title_voice_id":"","beyondwords_body_voice_id":"","beyondwords_summary_voice_id":"","beyondwords_error_message":"","beyondwords_disabled":"","beyondwords_delete_content":"","beyondwords_podcast_id":"","beyondwords_hash":"","publish_post_to_speechkit":"","speechkit_hash":"","speechkit_generate_audio":"","speechkit_project_id":"","speechkit_podcast_id":"","speechkit_error_message":"","speechkit_disabled":"","speechkit_access_key":"","speechkit_error":"","speechkit_info":"","speechkit_response":"","speechkit_retries":"","speechkit_status":"","speechkit_updated_at":"","_speechkit_link":"","_speechkit_text":""},"class_list":["post-149726","etablissement","type-etablissement","status-publish","hentry","type-etablissement-cultura"],"acf":{"id_eta_scn":"","id_app_foodandgood":"","id_exponum":"","abo":[],"etoile_michelin":[],"titre_presentation":"Un lugar espiritual y panor\u00e1mico cargado de historia","presentation":"<p data-start=\"65\" data-end=\"482\">Encaramado a 763 metros de altitud, el Monte Sainte-Odile es uno de los lugares m\u00e1s emblem\u00e1ticos de Alsacia. Este santuario, dedicado a Sainte Odile, patrona de la regi\u00f3n, es un importante lugar de peregrinaci\u00f3n, adem\u00e1s de un paraje natural de una belleza sobrecogedora. Desde el momento en que llegas, el panorama sobre la llanura alsaciana y la Selva Negra es impresionante, e invita a la relajaci\u00f3n y la contemplaci\u00f3n.  <\/p>\n<p data-start=\"65\" data-end=\"482\">Fundado en la Edad Media, este monasterio ha sobrevivido a los siglos para convertirse en un s\u00edmbolo espiritual y cultural. Los visitantes pueden descubrir la Capilla de las L\u00e1grimas, la Capilla de los \u00c1ngeles y la famosa fuente milagrosa, vinculada a la leyenda de Sainte Odile. Un verdadero viaje a trav\u00e9s de la historia y la fe, en un entorno natural reconfortante.  <\/p>","types_prestation":false,"photo":140559,"photo_bis":140527,"photo_3":140540,"adresse":{"address":"Sanctuaire du Mont Sainte Odile, Mont Sainte-Odile, Ottrott, France","lat":48.43764199999999,"lng":7.404859099999999,"zoom":7,"place_id":"ChIJJ2eN19NTkUcRXoB--MiKG9w","name":"Sanctuaire du Mont Sainte Odile","city":"Ottrott","state":"Grand Est","post_code":67530,"country":"France","country_short":"FR"},"horaires":"Lunes: 07:30 - 21:00\nMartes: 07:30 - 21:00\nMi\u00e9rcoles: 07:30 - 21:00\nJueves: 07:30 - 21:00\nViernes: 07:30 - 21:00\nS\u00e1bado: 07:30 - 21:00\nDomingo: 07:30 - 21:00","tel":"03 88 95 80 53","boutons":[{"title":"P\u00e1gina web","link":"https:\/\/www.mont-sainte-odile.com\/"}],"boutons_reservation":"","boutons_social":null,"articles":null},"_links":{"self":[{"href":"https:\/\/foodandgood.fr\/es\/wp-json\/wp\/v2\/etablissement\/149726","targetHints":{"allow":["GET"]}}],"collection":[{"href":"https:\/\/foodandgood.fr\/es\/wp-json\/wp\/v2\/etablissement"}],"about":[{"href":"https:\/\/foodandgood.fr\/es\/wp-json\/wp\/v2\/types\/etablissement"}],"author":[{"embeddable":true,"href":"https:\/\/foodandgood.fr\/es\/wp-json\/wp\/v2\/users\/13"}],"replies":[{"embeddable":true,"href":"https:\/\/foodandgood.fr\/es\/wp-json\/wp\/v2\/comments?post=149726"}],"version-history":[{"count":1,"href":"https:\/\/foodandgood.fr\/es\/wp-json\/wp\/v2\/etablissement\/149726\/revisions"}],"predecessor-version":[{"id":150339,"href":"https:\/\/foodandgood.fr\/es\/wp-json\/wp\/v2\/etablissement\/149726\/revisions\/150339"}],"wp:attachment":[{"href":"https:\/\/foodandgood.fr\/es\/wp-json\/wp\/v2\/media?parent=149726"}],"curies":[{"name":"wp","href":"https:\/\/api.w.org\/{rel}","templated":true}]}}

Un lugar espiritual y panorámico cargado de historia

<p data-start="65" data-end="482">Encaramado a 763 metros de altitud, el Monte Sainte-Odile es uno de los lugares más emblemáticos de Alsacia. Este santuario, dedicado a Sainte Odile, patrona de la región, es un importante lugar de peregrinación, además de un paraje natural de una belleza sobrecogedora. Desde el momento en que llegas, el panorama sobre la llanura alsaciana y la Selva Negra es impresionante, e invita a la relajación y la contemplación.  </p>
<p data-start="65" data-end="482">Fundado en la Edad Media, este monasterio ha sobrevivido a los siglos para convertirse en un símbolo espiritual y cultural. Los visitantes pueden descubrir la Capilla de las Lágrimas, la Capilla de los Ángeles y la famosa fuente milagrosa, vinculada a la leyenda de Sainte Odile. Un verdadero viaje a través de la historia y la fe, en un entorno natural reconfortante.  </p>

Lunes: 07:30 - 21:00
Martes: 07:30 - 21:00
Miércoles: 07:30 - 21:00
Jueves: 07:30 - 21:00
Viernes: 07:30 - 21:00
Sábado: 07:30 - 21:00
Domingo: 07:30 - 21:00

Página web
