 {"id":117303,"date":"2024-09-17T11:14:56","date_gmt":"2024-09-17T09:14:56","guid":{"rendered":"https:\/\/foodandgood.fr\/etablissement\/le-comptoir-de-georges-2\/"},"modified":"2024-09-17T14:46:44","modified_gmt":"2024-09-17T12:46:44","slug":"le-comptoir-de-georges-2","status":"publish","type":"etablissement","link":"https:\/\/foodandgood.fr\/es\/le-comptoir-de-georges-2\/","title":{"rendered":"Le Comptoir de Georges"},"excerpt":{"rendered":"","protected":false},"author":6,"comment_status":"closed","ping_status":"closed","template":"","meta":{"_acf_changed":false,"beyondwords_generate_audio":"","beyondwords_integration_method":"","beyondwords_project_id":"","beyondwords_content_id":"","beyondwords_preview_token":"","beyondwords_player_content":"","beyondwords_player_style":"","beyondwords_language_code":"","beyondwords_language_id":"","beyondwords_title_voice_id":"","beyondwords_body_voice_id":"","beyondwords_summary_voice_id":"","beyondwords_error_message":"","beyondwords_disabled":"","beyondwords_delete_content":"","beyondwords_podcast_id":"","beyondwords_hash":"","publish_post_to_speechkit":"","speechkit_hash":"","speechkit_generate_audio":"","speechkit_project_id":"","speechkit_podcast_id":"","speechkit_error_message":"","speechkit_disabled":"","speechkit_access_key":"","speechkit_error":"","speechkit_info":"","speechkit_response":"","speechkit_retries":"","speechkit_status":"","speechkit_updated_at":"","_speechkit_link":"","_speechkit_text":""},"class_list":["post-117303","etablissement","type-etablissement","status-publish","hentry","type-etablissement-cocina-alsaciana","type-etablissement-cocina-francesa"],"acf":{"id_eta_scn":"","id_app_foodandgood":"","id_exponum":"","abo":[],"etoile_michelin":[],"titre_presentation":"","presentation":"Enclavado en el coraz\u00f3n de la Peque\u00f1a Venecia de Colmar, Le Comptoir de Georges te invita a degustar una cocina tradicional a base de cortes de carne de carnicero y numerosos platos tradicionales alsacianos.\nUna terraza con vistas al r\u00edo Petite Venise.\nLo mejor de la cocina tradicional alsaciana para satisfacer a los gourmets m\u00e1s exigentes.\nPuedes elegir entre platos fr\u00edos y calientes.\nElijas la opci\u00f3n que elijas, seguro que te sumerges en los sabores de Alsacia.\nY para disfrutar al m\u00e1ximo de tu comida, no olvides reservar un asiento en la terraza con vistas al agua.     ","types_prestation":false,"photo":null,"photo_bis":117358,"photo_3":117384,"adresse":{"address":"Le Comptoir de Georges, Place des 6 Montagnes Noires, Colmar, France","lat":48.073965,"lng":7.357012999999999,"zoom":7,"place_id":"ChIJ1S0nKeZlkUcRuhMEG9RqxYI","name":"Le Comptoir de Georges","street_number":1,"street_name":"Place des 6 Montagnes Noires","street_name_short":"Pl. des 6 Montagnes Noires","city":"Colmar","state":"Grand Est","post_code":68000,"country":"France","country_short":"FR"},"horaires":"Lunes: 12:00 - 16:00, 19:00 - 22:00 Martes: 12:00 - 16:00, 19:00 - 22:00 Mi\u00e9rcoles: 12:00 - 16:00, 19:00 - 22:00 Jueves: 12:00 - 16:00, 19:00 - 22:00 Viernes: 12:00 - 16:00, 19:00 - 22:00 S\u00e1bado: 12:00 - 16:00, 19:00 - 22:00 Domingo: 12:00 - 16:00, 19:00 - 22:00","tel":"03 89 20 60 72","boutons":[{"title":"Sitio de Internet","link":"https:\/\/foodandgood.fr\/le-comptoir-de-georges"}],"boutons_reservation":"","boutons_social":null,"articles":[{"title":"","text":"<strong>Dentro del restaurante, descubre el mostrador de charcuter\u00eda para llevar<\/strong> El restaurante Comptoirs ocupa los locales de la hist\u00f3rica carnicer\u00eda y charcuter\u00eda de Colmar creada por Georges Herrscher en 1955.\nAqu\u00ed puedes comprar productos de charcuter\u00eda frescos y locales. <strong>Productos locales y catering en Colmar<\/strong> El Comptoir de Georges charcuterie te invita a descubrir un mundo de sabores aut\u00e9nticos y saber hacer tradicional.\nPara este apasionado charcutero-catering es un honor ofrecerte productos de gran calidad, preparados con esmero y respeto por la tradici\u00f3n.\nUna rigurosa selecci\u00f3n de los mejores ingredientes para crear sabrosos platos de charcuter\u00eda y delicatessen que deleitar\u00e1n tu paladar.   ","image":117304}]},"_links":{"self":[{"href":"https:\/\/foodandgood.fr\/es\/wp-json\/wp\/v2\/etablissement\/117303","targetHints":{"allow":["GET"]}}],"collection":[{"href":"https:\/\/foodandgood.fr\/es\/wp-json\/wp\/v2\/etablissement"}],"about":[{"href":"https:\/\/foodandgood.fr\/es\/wp-json\/wp\/v2\/types\/etablissement"}],"author":[{"embeddable":true,"href":"https:\/\/foodandgood.fr\/es\/wp-json\/wp\/v2\/users\/6"}],"replies":[{"embeddable":true,"href":"https:\/\/foodandgood.fr\/es\/wp-json\/wp\/v2\/comments?post=117303"}],"version-history":[{"count":1,"href":"https:\/\/foodandgood.fr\/es\/wp-json\/wp\/v2\/etablissement\/117303\/revisions"}],"predecessor-version":[{"id":117375,"href":"https:\/\/foodandgood.fr\/es\/wp-json\/wp\/v2\/etablissement\/117303\/revisions\/117375"}],"wp:attachment":[{"href":"https:\/\/foodandgood.fr\/es\/wp-json\/wp\/v2\/media?parent=117303"}],"curies":[{"name":"wp","href":"https:\/\/api.w.org\/{rel}","templated":true}]}}

Enclavado en el corazón de la Pequeña Venecia de Colmar, Le Comptoir de Georges te invita a degustar una cocina tradicional a base de cortes de carne de carnicero y numerosos platos tradicionales alsacianos.
Una terraza con vistas al río Petite Venise.
Lo mejor de la cocina tradicional alsaciana para satisfacer a los gourmets más exigentes.
Puedes elegir entre platos fríos y calientes.
Elijas la opción que elijas, seguro que te sumerges en los sabores de Alsacia.
Y para disfrutar al máximo de tu comida, no olvides reservar un asiento en la terraza con vistas al agua.

Lunes: 12:00 - 16:00, 19:00 - 22:00 Martes: 12:00 - 16:00, 19:00 - 22:00 Miércoles: 12:00 - 16:00, 19:00 - 22:00 Jueves: 12:00 - 16:00, 19:00 - 22:00 Viernes: 12:00 - 16:00, 19:00 - 22:00 Sábado: 12:00 - 16:00, 19:00 - 22:00 Domingo: 12:00 - 16:00, 19:00 - 22:00

<strong>Dentro del restaurante, descubre el mostrador de charcutería para llevar</strong> El restaurante Comptoirs ocupa los locales de la histórica carnicería y charcutería de Colmar creada por Georges Herrscher en 1955.
Aquí puedes comprar productos de charcutería frescos y locales. <strong>Productos locales y catering en Colmar</strong> El Comptoir de Georges charcuterie te invita a descubrir un mundo de sabores auténticos y saber hacer tradicional.
Para este apasionado charcutero-catering es un honor ofrecerte productos de gran calidad, preparados con esmero y respeto por la tradición.
Una rigurosa selección de los mejores ingredientes para crear sabrosos platos de charcutería y delicatessen que deleitarán tu paladar.
