 {"id":115660,"date":"2024-09-04T17:35:19","date_gmt":"2024-09-04T15:35:19","guid":{"rendered":"https:\/\/foodandgood.fr\/etablissement\/au-palais-des-abeilles\/"},"modified":"2024-09-04T17:35:19","modified_gmt":"2024-09-04T15:35:19","slug":"au-palais-des-abeilles","status":"publish","type":"etablissement","link":"https:\/\/foodandgood.fr\/es\/au-palais-des-abeilles\/","title":{"rendered":"Au Palais Des Abeilles"},"excerpt":{"rendered":"","protected":false},"author":1,"comment_status":"closed","ping_status":"closed","template":"","meta":{"_acf_changed":false,"beyondwords_generate_audio":"","beyondwords_integration_method":"","beyondwords_project_id":"","beyondwords_content_id":"","beyondwords_preview_token":"","beyondwords_player_content":"","beyondwords_player_style":"","beyondwords_language_code":"","beyondwords_language_id":"","beyondwords_title_voice_id":"","beyondwords_body_voice_id":"","beyondwords_summary_voice_id":"","beyondwords_error_message":"","beyondwords_disabled":"","beyondwords_delete_content":"","beyondwords_podcast_id":"","beyondwords_hash":"","publish_post_to_speechkit":"","speechkit_hash":"","speechkit_generate_audio":"","speechkit_project_id":"","speechkit_podcast_id":"","speechkit_error_message":"","speechkit_disabled":"","speechkit_access_key":"","speechkit_error":"","speechkit_info":"","speechkit_response":"","speechkit_retries":"","speechkit_status":"","speechkit_updated_at":"","_speechkit_link":"","_speechkit_text":""},"class_list":["post-115660","etablissement","type-etablissement","status-publish","has-post-thumbnail","hentry","type-etablissement-productos-locales"],"acf":{"id_eta_scn":"","id_app_foodandgood":"","id_exponum":51058,"abo":["GRAT"],"etoile_michelin":[],"titre_presentation":"En el Palacio de las Abejas, todas las abejas son reinas","presentation":"Esta empresa familiar produce miel francesa artesanal en Rozi\u00e8res-sur-Mouzon, cerca de Vittel, en los Vosgos.\nComo apicultores, ofrecen mieles deliciosas y \u00e9ticas, recolectadas y envasadas por nosotros.\nPuedes encontrar productos de la colmena y una gama de mieles de apicultor en el Bajo Rin (67), \u00a1en la tienda de Mittelbergheim!\nEn Le Palais des Abeilles hacemos todo lo posible para proteger el bienestar y la supervivencia a largo plazo de las abejas.\nM\u00e1s all\u00e1 de las preocupaciones de los apicultores, son ante todo las guardianas de la biodiversidad para las generaciones futuras.\nPara cuidar tanto de su salud como de la tuya, las colmenas se instalan en el coraz\u00f3n de un entorno sano y virgen.\nNuestros colmenares est\u00e1n repartidos por la regi\u00f3n de los Tres Pa\u00edses (Vosgos, Alto Saona y Alto Marne) y los montes Vosgos.\nEste entorno excepcional permite a las abejas forrajear en amplios espacios naturales, libres de los pesticidas utilizados en las zonas de agricultura intensiva.\nEste enfoque est\u00e1 en consonancia con nuestros valores, lo que nos permite ofrecerte una miel aut\u00e9ntica, sabrosa y responsable.        ","types_prestation":false,"photo":115661,"photo_bis":115662,"photo_3":115663,"adresse":{"address":"Au Palais Des Abeilles, Rue Rotland, Mittelbergheim, France","lat":48.3969086,"lng":7.441744399999999,"zoom":7,"place_id":"ChIJGUOtvPVRkUcRCsUMSCELbRA","name":"Au Palais Des Abeilles","street_number":11,"street_name":"Rue Rotland","city":"Mittelbergheim","state":"Grand Est","post_code":67140,"country":"France","country_short":"FR"},"horaires":"Lunes: 08:30 - 19:30 Martes: 09:00 - 19:00 Mi\u00e9rcoles: 09:00 - 19:00 Jueves: 09:00 - 17:00 Viernes: 09:00 - 19:00 S\u00e1bado: 09:00 - 19:00 Domingo: 09:00 - 19:00","tel":"06 28 73 64 93","boutons":[{"title":"Sitio de Internet","link":"https:\/\/www.aupalaisdesabeilles.com\/"}],"boutons_reservation":"","boutons_social":null,"articles":[{"title":"","text":"","image":""}]},"_links":{"self":[{"href":"https:\/\/foodandgood.fr\/es\/wp-json\/wp\/v2\/etablissement\/115660","targetHints":{"allow":["GET"]}}],"collection":[{"href":"https:\/\/foodandgood.fr\/es\/wp-json\/wp\/v2\/etablissement"}],"about":[{"href":"https:\/\/foodandgood.fr\/es\/wp-json\/wp\/v2\/types\/etablissement"}],"author":[{"embeddable":true,"href":"https:\/\/foodandgood.fr\/es\/wp-json\/wp\/v2\/users\/1"}],"replies":[{"embeddable":true,"href":"https:\/\/foodandgood.fr\/es\/wp-json\/wp\/v2\/comments?post=115660"}],"version-history":[{"count":0,"href":"https:\/\/foodandgood.fr\/es\/wp-json\/wp\/v2\/etablissement\/115660\/revisions"}],"wp:featuredmedia":[{"embeddable":true,"href":"https:\/\/foodandgood.fr\/es\/wp-json\/wp\/v2\/media\/115661"}],"wp:attachment":[{"href":"https:\/\/foodandgood.fr\/es\/wp-json\/wp\/v2\/media?parent=115660"}],"curies":[{"name":"wp","href":"https:\/\/api.w.org\/{rel}","templated":true}]}}

Esta empresa familiar produce miel francesa artesanal en Rozières-sur-Mouzon, cerca de Vittel, en los Vosgos.
Como apicultores, ofrecen mieles deliciosas y éticas, recolectadas y envasadas por nosotros.
Puedes encontrar productos de la colmena y una gama de mieles de apicultor en el Bajo Rin (67), ¡en la tienda de Mittelbergheim!
En Le Palais des Abeilles hacemos todo lo posible para proteger el bienestar y la supervivencia a largo plazo de las abejas.
Más allá de las preocupaciones de los apicultores, son ante todo las guardianas de la biodiversidad para las generaciones futuras.
Para cuidar tanto de su salud como de la tuya, las colmenas se instalan en el corazón de un entorno sano y virgen.
Nuestros colmenares están repartidos por la región de los Tres Países (Vosgos, Alto Saona y Alto Marne) y los montes Vosgos.
Este entorno excepcional permite a las abejas forrajear en amplios espacios naturales, libres de los pesticidas utilizados en las zonas de agricultura intensiva.
Este enfoque está en consonancia con nuestros valores, lo que nos permite ofrecerte una miel auténtica, sabrosa y responsable.

Lunes: 08:30 - 19:30 Martes: 09:00 - 19:00 Miércoles: 09:00 - 19:00 Jueves: 09:00 - 17:00 Viernes: 09:00 - 19:00 Sábado: 09:00 - 19:00 Domingo: 09:00 - 19:00
