 {"id":115533,"date":"2024-09-04T18:23:42","date_gmt":"2024-09-04T16:23:42","guid":{"rendered":"https:\/\/foodandgood.fr\/etablissement\/brasserie-tumulte-2\/"},"modified":"2025-04-17T08:23:18","modified_gmt":"2025-04-17T06:23:18","slug":"brasserie-tumulte-2","status":"publish","type":"etablissement","link":"https:\/\/foodandgood.fr\/es\/brasserie-tumulte-2\/","title":{"rendered":"Brasserie Tumulte"},"excerpt":{"rendered":"","protected":false},"author":1,"comment_status":"closed","ping_status":"closed","template":"","meta":{"_acf_changed":false,"beyondwords_generate_audio":"","beyondwords_integration_method":"","beyondwords_project_id":"","beyondwords_content_id":"","beyondwords_preview_token":"","beyondwords_player_content":"","beyondwords_player_style":"","beyondwords_language_code":"","beyondwords_language_id":"","beyondwords_title_voice_id":"","beyondwords_body_voice_id":"","beyondwords_summary_voice_id":"","beyondwords_error_message":"","beyondwords_disabled":"","beyondwords_delete_content":"","beyondwords_podcast_id":"","beyondwords_hash":"","publish_post_to_speechkit":"","speechkit_hash":"","speechkit_generate_audio":"","speechkit_project_id":"","speechkit_podcast_id":"","speechkit_error_message":"","speechkit_disabled":"","speechkit_access_key":"","speechkit_error":"","speechkit_info":"","speechkit_response":"","speechkit_retries":"","speechkit_status":"","speechkit_updated_at":"","_speechkit_link":"","_speechkit_text":""},"class_list":["post-115533","etablissement","type-etablissement","status-publish","has-post-thumbnail","hentry","type-etablissement-cerveceria-artesanal"],"acf":{"id_eta_scn":"","id_app_foodandgood":"","id_exponum":51112,"abo":[],"etoile_michelin":[],"titre_presentation":"Cervecer\u00eda artesanal en Lorena","presentation":"<p>Una cerveza es ante todo un deseo, una idea, un proyecto.<\/p>\n<p>La Tumulte es una f\u00e1brica de cerveza situada en el campo, que trabaja de forma local, directa y orgullosa. Todas las ventas se realizan a trav\u00e9s de canales de distribuci\u00f3n cortos. <\/p>\n<p>Nuestras cervezas est\u00e1n dise\u00f1adas para el consumo diario sin compromisos. Las recetas se han elaborado cuidadosamente para producir cervezas originales y asertivas que puedan disfrutarse con moderaci\u00f3n. La mayor\u00eda de nuestras cervezas tienen certificaci\u00f3n ecol\u00f3gica. \u00a1Disfr\u00fatalas!   <\/p>\n<p>Con este proyecto tambi\u00e9n pretendemos construir un mundo libre, justo y pac\u00edfico. Hacemos todo lo posible por apoyar las iniciativas locales que nos hablan. <\/p>\n<p>\u00a0<\/p>\n","types_prestation":false,"photo":116728,"photo_bis":116697,"photo_3":116702,"adresse":{"address":"Brasserie Tumulte, Grande Rue, Magni\u00e8res, France","lat":48.4471977,"lng":6.5636219,"zoom":7,"place_id":"ChIJVVVFf9mDk0cRFx4530On7Fw","name":"Brasserie Tumulte","street_number":19,"street_name":"Grande Rue","city":"Magni\u00e8res","state":"Grand Est","post_code":54129,"country":"France","country_short":"FR"},"horaires":"<p>Mi\u00e9rcoles: 17:00 - 19:00<br>Viernes: 17:00 - 19:00<br>En cuanto se abra la puerta.<\/p>\n","tel":"","boutons":[{"title":"P\u00e1gina web","link":"http:\/\/www.brasserietumulte.fr\/"}],"boutons_reservation":"","boutons_social":null,"articles":[{"title":"","text":"","image":""}]},"_links":{"self":[{"href":"https:\/\/foodandgood.fr\/es\/wp-json\/wp\/v2\/etablissement\/115533","targetHints":{"allow":["GET"]}}],"collection":[{"href":"https:\/\/foodandgood.fr\/es\/wp-json\/wp\/v2\/etablissement"}],"about":[{"href":"https:\/\/foodandgood.fr\/es\/wp-json\/wp\/v2\/types\/etablissement"}],"author":[{"embeddable":true,"href":"https:\/\/foodandgood.fr\/es\/wp-json\/wp\/v2\/users\/1"}],"replies":[{"embeddable":true,"href":"https:\/\/foodandgood.fr\/es\/wp-json\/wp\/v2\/comments?post=115533"}],"version-history":[{"count":1,"href":"https:\/\/foodandgood.fr\/es\/wp-json\/wp\/v2\/etablissement\/115533\/revisions"}],"predecessor-version":[{"id":152487,"href":"https:\/\/foodandgood.fr\/es\/wp-json\/wp\/v2\/etablissement\/115533\/revisions\/152487"}],"wp:featuredmedia":[{"embeddable":true,"href":"https:\/\/foodandgood.fr\/es\/wp-json\/wp\/v2\/media\/116728"}],"wp:attachment":[{"href":"https:\/\/foodandgood.fr\/es\/wp-json\/wp\/v2\/media?parent=115533"}],"curies":[{"name":"wp","href":"https:\/\/api.w.org\/{rel}","templated":true}]}}

Cervecería artesanal en Lorena

<p>Una cerveza es ante todo un deseo, una idea, un proyecto.</p>
<p>La Tumulte es una fábrica de cerveza situada en el campo, que trabaja de forma local, directa y orgullosa. Todas las ventas se realizan a través de canales de distribución cortos. </p>
<p>Nuestras cervezas están diseñadas para el consumo diario sin compromisos. Las recetas se han elaborado cuidadosamente para producir cervezas originales y asertivas que puedan disfrutarse con moderación. La mayoría de nuestras cervezas tienen certificación ecológica. ¡Disfrútalas!   </p>
<p>Con este proyecto también pretendemos construir un mundo libre, justo y pacífico. Hacemos todo lo posible por apoyar las iniciativas locales que nos hablan. </p>
<p> </p>

Brasserie Tumulte, Grande Rue, Magnières, France

Magnières

<p>Miércoles: 17:00 - 19:00<br>Viernes: 17:00 - 19:00<br>En cuanto se abra la puerta.</p>

Página web
