 {"id":111201,"date":"2024-08-08T10:03:49","date_gmt":"2024-08-08T08:03:49","guid":{"rendered":"https:\/\/foodandgood.fr\/etablissement\/cerveceria-qui-en-brasse\/"},"modified":"2025-04-17T08:23:27","modified_gmt":"2025-04-17T06:23:27","slug":"cerveceria-qui-en-brasse","status":"publish","type":"etablissement","link":"https:\/\/foodandgood.fr\/es\/cerveceria-qui-en-brasse\/","title":{"rendered":"Brasserie Qui En Brasse"},"excerpt":{"rendered":"","protected":false},"author":1,"comment_status":"closed","ping_status":"closed","template":"","meta":{"_acf_changed":false,"beyondwords_generate_audio":"","beyondwords_integration_method":"","beyondwords_project_id":"","beyondwords_content_id":"","beyondwords_preview_token":"","beyondwords_player_content":"","beyondwords_player_style":"","beyondwords_language_code":"","beyondwords_language_id":"","beyondwords_title_voice_id":"","beyondwords_body_voice_id":"","beyondwords_summary_voice_id":"","beyondwords_error_message":"","beyondwords_disabled":"","beyondwords_delete_content":"","beyondwords_podcast_id":"","beyondwords_hash":"","publish_post_to_speechkit":"","speechkit_hash":"","speechkit_generate_audio":"","speechkit_project_id":"","speechkit_podcast_id":"","speechkit_error_message":"","speechkit_disabled":"","speechkit_access_key":"","speechkit_error":"","speechkit_info":"","speechkit_response":"","speechkit_retries":"","speechkit_status":"","speechkit_updated_at":"","_speechkit_link":"","_speechkit_text":""},"class_list":["post-111201","etablissement","type-etablissement","status-publish","has-post-thumbnail","hentry","type-etablissement-cerveceria-artesanal"],"acf":{"id_eta_scn":"","id_app_foodandgood":"","id_exponum":49616,"abo":[],"etoile_michelin":[],"titre_presentation":"F\u00e1brica de cerveza artesanal en Suippes (51). Creaci\u00f3n, producci\u00f3n y venta de cervezas artesanales ","presentation":"<p>\" Kimouss, el ic\u00f3nico pin-up de la cervecer\u00eda, se instalar\u00e1 en julio de 2021 en Suippes, en la regi\u00f3n francesa de Marne. Sus cervezas, a menudo de influencia inglesa, desarrollan sabores maltosos con un amargor a menudo discreto. Las frutas tropicales, el chocolate y las maltas turbosas figuran en la gama de 10 cervezas permanentes y temporales de la f\u00e1brica. Hasta pronto.<\/p>\n","types_prestation":false,"photo":121771,"photo_bis":111203,"photo_3":121766,"adresse":{"address":"19 Route de Ch\u00e2lons, 51600 Suippes, France","lat":49.12714769999999,"lng":4.5252031,"zoom":7,"place_id":"ChIJV3Q0fx3Q60cRfFSgqfeh1so","name":"19 Rte de Ch\u00e2lons","street_number":19,"street_name":"Route de Ch\u00e2lons","street_name_short":"Rte de Ch\u00e2lons","city":"Suippes","state":"Grand Est","post_code":51600,"country":"France","country_short":"FR"},"horaires":"<p>Lunes y jueves: de 9 a 17 h<\/p>\n","tel":"06 83 38 19 85","boutons":[{"title":"P\u00e1gina web","link":"https:\/\/www.quienbrasse.fr\/"}],"boutons_reservation":"","boutons_social":null,"articles":[{"title":"","text":"<p>Mira las fotos de las 6 cervezas de la gama Kimouss, as\u00ed como de la \u00faltima incorporaci\u00f3n: Kimouss EPA.<\/p>\n<p>Descubre las cervezas de corta vida: Kimouss Imperial Stout, Kimouss Fraise, Kimouss des \u00eeles.<\/p>\n","image":""}]},"_links":{"self":[{"href":"https:\/\/foodandgood.fr\/es\/wp-json\/wp\/v2\/etablissement\/111201","targetHints":{"allow":["GET"]}}],"collection":[{"href":"https:\/\/foodandgood.fr\/es\/wp-json\/wp\/v2\/etablissement"}],"about":[{"href":"https:\/\/foodandgood.fr\/es\/wp-json\/wp\/v2\/types\/etablissement"}],"author":[{"embeddable":true,"href":"https:\/\/foodandgood.fr\/es\/wp-json\/wp\/v2\/users\/1"}],"replies":[{"embeddable":true,"href":"https:\/\/foodandgood.fr\/es\/wp-json\/wp\/v2\/comments?post=111201"}],"version-history":[{"count":1,"href":"https:\/\/foodandgood.fr\/es\/wp-json\/wp\/v2\/etablissement\/111201\/revisions"}],"predecessor-version":[{"id":152490,"href":"https:\/\/foodandgood.fr\/es\/wp-json\/wp\/v2\/etablissement\/111201\/revisions\/152490"}],"wp:featuredmedia":[{"embeddable":true,"href":"https:\/\/foodandgood.fr\/es\/wp-json\/wp\/v2\/media\/121771"}],"wp:attachment":[{"href":"https:\/\/foodandgood.fr\/es\/wp-json\/wp\/v2\/media?parent=111201"}],"curies":[{"name":"wp","href":"https:\/\/api.w.org\/{rel}","templated":true}]}}

Fábrica de cerveza artesanal en Suippes (51). Creación, producción y venta de cervezas artesanales

<p>" Kimouss, el icónico pin-up de la cervecería, se instalará en julio de 2021 en Suippes, en la región francesa de Marne. Sus cervezas, a menudo de influencia inglesa, desarrollan sabores maltosos con un amargor a menudo discreto. Las frutas tropicales, el chocolate y las maltas turbosas figuran en la gama de 10 cervezas permanentes y temporales de la fábrica. Hasta pronto.</p>

19 Route de Châlons, 51600 Suippes, France

19 Rte de Châlons

Route de Châlons

Rte de Châlons

Página web

<p>Mira las fotos de las 6 cervezas de la gama Kimouss, así como de la última incorporación: Kimouss EPA.</p>
<p>Descubre las cervezas de corta vida: Kimouss Imperial Stout, Kimouss Fraise, Kimouss des îles.</p>
