 {"id":111150,"date":"2024-08-08T10:40:50","date_gmt":"2024-08-08T08:40:50","guid":{"rendered":"https:\/\/foodandgood.fr\/etablissement\/cuchillos-bk\/"},"modified":"2025-04-17T08:22:16","modified_gmt":"2025-04-17T06:22:16","slug":"cuchillos-bk","status":"publish","type":"etablissement","link":"https:\/\/foodandgood.fr\/es\/cuchillos-bk\/","title":{"rendered":"Couteaux BK"},"excerpt":{"rendered":"","protected":false},"author":1,"comment_status":"closed","ping_status":"closed","template":"","meta":{"_acf_changed":false,"beyondwords_generate_audio":"","beyondwords_integration_method":"","beyondwords_project_id":"","beyondwords_content_id":"","beyondwords_preview_token":"","beyondwords_player_content":"","beyondwords_player_style":"","beyondwords_language_code":"","beyondwords_language_id":"","beyondwords_title_voice_id":"","beyondwords_body_voice_id":"","beyondwords_summary_voice_id":"","beyondwords_error_message":"","beyondwords_disabled":"","beyondwords_delete_content":"","beyondwords_podcast_id":"","beyondwords_hash":"","publish_post_to_speechkit":"","speechkit_hash":"","speechkit_generate_audio":"","speechkit_project_id":"","speechkit_podcast_id":"","speechkit_error_message":"","speechkit_disabled":"","speechkit_access_key":"","speechkit_error":"","speechkit_info":"","speechkit_response":"","speechkit_retries":"","speechkit_status":"","speechkit_updated_at":"","_speechkit_link":"","_speechkit_text":""},"class_list":["post-111150","etablissement","type-etablissement","status-publish","has-post-thumbnail","hentry","type-etablissement-creadores-artesanos"],"acf":{"id_eta_scn":"","id_app_foodandgood":"","id_exponum":31261,"abo":[],"etoile_michelin":[],"titre_presentation":"Fabricaci\u00f3n de cuchillos tradicionales","presentation":"<p>Olivier BRIEY siempre ha sido un apasionado de los cuchillos, y fabric\u00f3 su primer cuchillo a los 16 a\u00f1os. Desde entonces no ha dejado de formarse y mejorar. Tras obtener un DUT en Ingenier\u00eda Mec\u00e1nica y Producci\u00f3n, y apasionado por la metalurgia y la transformaci\u00f3n del acero, ejerci\u00f3 la cuchiller\u00eda paralelamente a su carrera profesional como ejecutivo del comercio minorista durante unos treinta a\u00f1os. En 2021, decidi\u00f3 convertirse en cuchillero a tiempo completo y vivir de esta pasi\u00f3n, para la que se inspira principalmente en los cuchillos tradicionales americanos y en las hojas japonesas.   <\/p>\n","types_prestation":false,"photo":111159,"photo_bis":111151,"photo_3":111152,"adresse":null,"horaires":"<p>Visitas: previa cita telef\u00f3nica<\/p>\n","tel":"","boutons":[{"title":"P\u00e1gina web","link":"https:\/\/metiersdart.grandest.fr\/index.php\/couteaux-bk\/coutelier\/domaine-du-metal\/artisans-du-grand-est#sthash.Psr6hn9R.dpbs"}],"boutons_reservation":"","boutons_social":null,"articles":[{"title":"","text":"","image":120941},{"title":"","text":"","image":null}]},"_links":{"self":[{"href":"https:\/\/foodandgood.fr\/es\/wp-json\/wp\/v2\/etablissement\/111150","targetHints":{"allow":["GET"]}}],"collection":[{"href":"https:\/\/foodandgood.fr\/es\/wp-json\/wp\/v2\/etablissement"}],"about":[{"href":"https:\/\/foodandgood.fr\/es\/wp-json\/wp\/v2\/types\/etablissement"}],"author":[{"embeddable":true,"href":"https:\/\/foodandgood.fr\/es\/wp-json\/wp\/v2\/users\/1"}],"replies":[{"embeddable":true,"href":"https:\/\/foodandgood.fr\/es\/wp-json\/wp\/v2\/comments?post=111150"}],"version-history":[{"count":1,"href":"https:\/\/foodandgood.fr\/es\/wp-json\/wp\/v2\/etablissement\/111150\/revisions"}],"predecessor-version":[{"id":152476,"href":"https:\/\/foodandgood.fr\/es\/wp-json\/wp\/v2\/etablissement\/111150\/revisions\/152476"}],"wp:featuredmedia":[{"embeddable":true,"href":"https:\/\/foodandgood.fr\/es\/wp-json\/wp\/v2\/media\/111159"}],"wp:attachment":[{"href":"https:\/\/foodandgood.fr\/es\/wp-json\/wp\/v2\/media?parent=111150"}],"curies":[{"name":"wp","href":"https:\/\/api.w.org\/{rel}","templated":true}]}}

Fabricación de cuchillos tradicionales

<p>Olivier BRIEY siempre ha sido un apasionado de los cuchillos, y fabricó su primer cuchillo a los 16 años. Desde entonces no ha dejado de formarse y mejorar. Tras obtener un DUT en Ingeniería Mecánica y Producción, y apasionado por la metalurgia y la transformación del acero, ejerció la cuchillería paralelamente a su carrera profesional como ejecutivo del comercio minorista durante unos treinta años. En 2021, decidió convertirse en cuchillero a tiempo completo y vivir de esta pasión, para la que se inspira principalmente en los cuchillos tradicionales americanos y en las hojas japonesas.   </p>

<p>Visitas: previa cita telefónica</p>

Página web
