 {"id":111093,"date":"2024-08-08T12:14:02","date_gmt":"2024-08-08T10:14:02","guid":{"rendered":"https:\/\/foodandgood.fr\/etablissement\/el-taller-entomo\/"},"modified":"2024-08-23T07:20:27","modified_gmt":"2024-08-23T05:20:27","slug":"el-taller-entomo","status":"publish","type":"etablissement","link":"https:\/\/foodandgood.fr\/es\/el-taller-entomo\/","title":{"rendered":"L'atelier Entomo"},"excerpt":{"rendered":"","protected":false},"author":6,"comment_status":"closed","ping_status":"closed","template":"","meta":{"_acf_changed":false,"beyondwords_generate_audio":"","beyondwords_integration_method":"","beyondwords_project_id":"","beyondwords_content_id":"","beyondwords_preview_token":"","beyondwords_player_content":"","beyondwords_player_style":"","beyondwords_language_code":"","beyondwords_language_id":"","beyondwords_title_voice_id":"","beyondwords_body_voice_id":"","beyondwords_summary_voice_id":"","beyondwords_error_message":"","beyondwords_disabled":"","beyondwords_delete_content":"","beyondwords_podcast_id":"","beyondwords_hash":"","publish_post_to_speechkit":"","speechkit_hash":"","speechkit_generate_audio":"","speechkit_project_id":"","speechkit_podcast_id":"","speechkit_error_message":"","speechkit_disabled":"","speechkit_access_key":"","speechkit_error":"","speechkit_info":"","speechkit_response":"","speechkit_retries":"","speechkit_status":"","speechkit_updated_at":"","_speechkit_link":"","_speechkit_text":""},"class_list":["post-111093","etablissement","type-etablissement","status-publish","has-post-thumbnail","hentry","type-etablissement-compras-deco","type-etablissement-creadores-artesanos"],"acf":{"id_eta_scn":"","id_app_foodandgood":"","id_exponum":"","abo":[],"etoile_michelin":[],"titre_presentation":"Amantes de los animales que buscan otras personas a las que inspirar","presentation":"L'Atelier Entomo es ante todo dos entusiastas de los insectos, Vincent y Myl\u00e8ne, por sus nombres de pila.\nLlevan criando insectos desde que eran ni\u00f1os, y han hecho de este fascinante tema el hilo conductor de sus estudios y experiencia profesional.\nSu proyecto Entomo es una forma de compartir con los dem\u00e1s esta pasi\u00f3n por los peque\u00f1os animales.   La decoraci\u00f3n o la cr\u00eda, respetando las especies protegidas, te ayudar\u00e1n a descubrir un mundo fascinante. Porque los insectos son bellos y fascinantes, \u00a1y no puedes dejar de impresionarte!","types_prestation":false,"photo":111094,"photo_bis":109888,"photo_3":109893,"adresse":{"address":"130 Rue de Dombrot, Crainvilliers, France","lat":48.1466185,"lng":5.8350954,"zoom":7,"place_id":"ChIJgevqe-swk0cRwpp9mIAEfb4","name":"130 Rue de Dombrot","street_number":130,"street_name":"Rue de Dombrot","city":"Crainvilliers","state":"Grand Est","post_code":88140,"country":"France","country_short":"FR"},"horaires":"","tel":"","boutons":[{"title":"Sitio de Internet","link":"https:\/\/www.atelier-entomo.com\/"}],"boutons_reservation":"","boutons_social":null,"articles":[{"title":"","text":"Criamos insectos en nuestra propia casa, en una sala especialmente dedicada a la cr\u00eda.\nUn espacio acogedor s\u00f3lo para nuestras peque\u00f1as criaturas.  Una vez que hayas hecho tu pedido, te los enviaremos en contenedores especiales para garantizar que tengan un viaje seguro. S\u00f3lo enviamos pedidos de lunes a mi\u00e9rcoles para evitar que las peque\u00f1as bestias pasen el fin de semana en un almac\u00e9n.","image":109898}]},"_links":{"self":[{"href":"https:\/\/foodandgood.fr\/es\/wp-json\/wp\/v2\/etablissement\/111093","targetHints":{"allow":["GET"]}}],"collection":[{"href":"https:\/\/foodandgood.fr\/es\/wp-json\/wp\/v2\/etablissement"}],"about":[{"href":"https:\/\/foodandgood.fr\/es\/wp-json\/wp\/v2\/types\/etablissement"}],"author":[{"embeddable":true,"href":"https:\/\/foodandgood.fr\/es\/wp-json\/wp\/v2\/users\/6"}],"replies":[{"embeddable":true,"href":"https:\/\/foodandgood.fr\/es\/wp-json\/wp\/v2\/comments?post=111093"}],"version-history":[{"count":1,"href":"https:\/\/foodandgood.fr\/es\/wp-json\/wp\/v2\/etablissement\/111093\/revisions"}],"predecessor-version":[{"id":111808,"href":"https:\/\/foodandgood.fr\/es\/wp-json\/wp\/v2\/etablissement\/111093\/revisions\/111808"}],"wp:featuredmedia":[{"embeddable":true,"href":"https:\/\/foodandgood.fr\/es\/wp-json\/wp\/v2\/media\/111094"}],"wp:attachment":[{"href":"https:\/\/foodandgood.fr\/es\/wp-json\/wp\/v2\/media?parent=111093"}],"curies":[{"name":"wp","href":"https:\/\/api.w.org\/{rel}","templated":true}]}}

L'Atelier Entomo es ante todo dos entusiastas de los insectos, Vincent y Mylène, por sus nombres de pila.
Llevan criando insectos desde que eran niños, y han hecho de este fascinante tema el hilo conductor de sus estudios y experiencia profesional.
Su proyecto Entomo es una forma de compartir con los demás esta pasión por los pequeños animales.   La decoración o la cría, respetando las especies protegidas, te ayudarán a descubrir un mundo fascinante. Porque los insectos son bellos y fascinantes, ¡y no puedes dejar de impresionarte!

Criamos insectos en nuestra propia casa, en una sala especialmente dedicada a la cría.
Un espacio acogedor sólo para nuestras pequeñas criaturas.  Una vez que hayas hecho tu pedido, te los enviaremos en contenedores especiales para garantizar que tengan un viaje seguro. Sólo enviamos pedidos de lunes a miércoles para evitar que las pequeñas bestias pasen el fin de semana en un almacén.
