 {"id":109074,"date":"2024-08-07T15:59:13","date_gmt":"2024-08-07T13:59:13","guid":{"rendered":"https:\/\/foodandgood.fr\/etablissement\/brasserie-la-fouillotte\/"},"modified":"2025-08-06T08:32:18","modified_gmt":"2025-08-06T06:32:18","slug":"brasserie-la-fouillotte","status":"publish","type":"etablissement","link":"https:\/\/foodandgood.fr\/es\/brasserie-la-fouillotte\/","title":{"rendered":"Brasserie La Fouillotte"},"excerpt":{"rendered":"","protected":false},"author":1,"comment_status":"closed","ping_status":"closed","template":"","meta":{"_acf_changed":false,"beyondwords_generate_audio":"","beyondwords_integration_method":"","beyondwords_project_id":"","beyondwords_content_id":"","beyondwords_preview_token":"","beyondwords_player_content":"","beyondwords_player_style":"","beyondwords_language_code":"","beyondwords_language_id":"","beyondwords_title_voice_id":"","beyondwords_body_voice_id":"","beyondwords_summary_voice_id":"","beyondwords_error_message":"","beyondwords_disabled":"","beyondwords_delete_content":"","beyondwords_podcast_id":"","beyondwords_hash":"","publish_post_to_speechkit":"","speechkit_hash":"","speechkit_generate_audio":"","speechkit_project_id":"","speechkit_podcast_id":"","speechkit_error_message":"","speechkit_disabled":"","speechkit_access_key":"","speechkit_error":"","speechkit_info":"","speechkit_response":"","speechkit_retries":"","speechkit_status":"","speechkit_updated_at":"","_speechkit_link":"","_speechkit_text":""},"class_list":["post-109074","etablissement","type-etablissement","status-publish","has-post-thumbnail","hentry","type-etablissement-cerveceria-artesanal"],"acf":{"id_eta_scn":"","id_app_foodandgood":"","id_exponum":49471,"abo":["GRAT"],"etoile_michelin":[],"titre_presentation":"Creaci\u00f3n de cervezas artesanales","presentation":"<p>Ofrecemos una amplia gama de cervezas, elaboradas con amor en nuestra f\u00e1brica de Epinal. Todas se elaboran con las mejores maltas y l\u00fapulos, y no se pasteurizan para conservar toda su potencia arom\u00e1tica. Rubia, blanca, \u00e1mbar, stout, IPA o afrutada, \u00a1seguro que hay una Fouillotte a tu medida!  <\/p>\n","types_prestation":false,"photo":109075,"photo_bis":109076,"photo_3":109077,"adresse":{"address":"Brasserie La Fouillotte, Rue Christophe Denis, \u00c9pinal, France","lat":48.1631636,"lng":6.4527297,"zoom":7,"place_id":"ChIJh2-JDoCgk0cRxYirMsSBv-Y","name":"Brasserie La Fouillotte","street_number":8,"street_name":"Rue Christophe Denis","city":"\u00c9pinal","state":"Grand Est","post_code":88000,"country":"France","country_short":"FR"},"horaires":"<p>Lunes: Cerrado<br>Martes: 10:00 - 18:00<br>Mi\u00e9rcoles: 10:00 - 18:00<br>Jueves: 10:00 - 18:00<br>Viernes: 10:00 - 18:00<br>S\u00e1bado: 10:00 - 17:00<br>Domingo: Cerrado<\/p>\n","tel":"03 29 33 03 74","boutons":[{"title":"P\u00e1gina web","link":"http:\/\/www.lafouillotte.fr\/"}],"boutons_reservation":"","boutons_social":null,"articles":[{"title":"","text":"<p>La Fouillotte organiza regularmente actos, conciertos y jornadas de puertas abiertas en la brasserie.<\/p>\n<h1>4 y 5 de octubre l'octoFou, la cervecer\u00eda celebra su 8\u00ba aniversario<\/h1>\n<p>para m\u00e1s informaci\u00f3n consulta nuestra p\u00e1gina de facebook: brasserielafouilotte<\/p>\n","image":109078}]},"_links":{"self":[{"href":"https:\/\/foodandgood.fr\/es\/wp-json\/wp\/v2\/etablissement\/109074","targetHints":{"allow":["GET"]}}],"collection":[{"href":"https:\/\/foodandgood.fr\/es\/wp-json\/wp\/v2\/etablissement"}],"about":[{"href":"https:\/\/foodandgood.fr\/es\/wp-json\/wp\/v2\/types\/etablissement"}],"author":[{"embeddable":true,"href":"https:\/\/foodandgood.fr\/es\/wp-json\/wp\/v2\/users\/1"}],"replies":[{"embeddable":true,"href":"https:\/\/foodandgood.fr\/es\/wp-json\/wp\/v2\/comments?post=109074"}],"version-history":[{"count":1,"href":"https:\/\/foodandgood.fr\/es\/wp-json\/wp\/v2\/etablissement\/109074\/revisions"}],"predecessor-version":[{"id":152491,"href":"https:\/\/foodandgood.fr\/es\/wp-json\/wp\/v2\/etablissement\/109074\/revisions\/152491"}],"wp:featuredmedia":[{"embeddable":true,"href":"https:\/\/foodandgood.fr\/es\/wp-json\/wp\/v2\/media\/109075"}],"wp:attachment":[{"href":"https:\/\/foodandgood.fr\/es\/wp-json\/wp\/v2\/media?parent=109074"}],"curies":[{"name":"wp","href":"https:\/\/api.w.org\/{rel}","templated":true}]}}

Creación de cervezas artesanales

<p>Ofrecemos una amplia gama de cervezas, elaboradas con amor en nuestra fábrica de Epinal. Todas se elaboran con las mejores maltas y lúpulos, y no se pasteurizan para conservar toda su potencia aromática. Rubia, blanca, ámbar, stout, IPA o afrutada, ¡seguro que hay una Fouillotte a tu medida!  </p>

Brasserie La Fouillotte, Rue Christophe Denis, Épinal, France

Épinal

<p>Lunes: Cerrado<br>Martes: 10:00 - 18:00<br>Miércoles: 10:00 - 18:00<br>Jueves: 10:00 - 18:00<br>Viernes: 10:00 - 18:00<br>Sábado: 10:00 - 17:00<br>Domingo: Cerrado</p>

Página web

<p>La Fouillotte organiza regularmente actos, conciertos y jornadas de puertas abiertas en la brasserie.</p>
<h1>4 y 5 de octubre l'octoFou, la cervecería celebra su 8º aniversario</h1>
<p>para más información consulta nuestra página de facebook: brasserielafouilotte</p>
