 {"id":109062,"date":"2024-08-07T15:06:52","date_gmt":"2024-08-07T13:06:52","guid":{"rendered":"https:\/\/foodandgood.fr\/etablissement\/brasserie-grenaille\/"},"modified":"2025-04-17T08:23:34","modified_gmt":"2025-04-17T06:23:34","slug":"brasserie-grenaille","status":"publish","type":"etablissement","link":"https:\/\/foodandgood.fr\/es\/brasserie-grenaille\/","title":{"rendered":"Brasserie Grenaille"},"excerpt":{"rendered":"","protected":false},"author":1,"comment_status":"closed","ping_status":"closed","template":"","meta":{"_acf_changed":false,"beyondwords_generate_audio":"","beyondwords_integration_method":"","beyondwords_project_id":"","beyondwords_content_id":"","beyondwords_preview_token":"","beyondwords_player_content":"","beyondwords_player_style":"","beyondwords_language_code":"","beyondwords_language_id":"","beyondwords_title_voice_id":"","beyondwords_body_voice_id":"","beyondwords_summary_voice_id":"","beyondwords_error_message":"","beyondwords_disabled":"","beyondwords_delete_content":"","beyondwords_podcast_id":"","beyondwords_hash":"","publish_post_to_speechkit":"","speechkit_hash":"","speechkit_generate_audio":"","speechkit_project_id":"","speechkit_podcast_id":"","speechkit_error_message":"","speechkit_disabled":"","speechkit_access_key":"","speechkit_error":"","speechkit_info":"","speechkit_response":"","speechkit_retries":"","speechkit_status":"","speechkit_updated_at":"","_speechkit_link":"","_speechkit_text":""},"class_list":["post-109062","etablissement","type-etablissement","status-publish","has-post-thumbnail","hentry","type-etablissement-cerveceria-artesanal"],"acf":{"id_eta_scn":"","id_app_foodandgood":"","id_exponum":49386,"abo":[],"etoile_michelin":[],"titre_presentation":"Cervecer\u00eda cooperativa","presentation":"<p>Todas las cervezas de la Brasserie GRENAILLE se elaboran in situ en Rosi\u00e8res aux Salines, siguiendo un m\u00e9todo tradicional, a mano.<\/p>\n<p>Son cervezas de alta fermentaci\u00f3n, sin filtrar, sin pasteurizar y refermentadas en botella. Se producen bajo la etiqueta \"Nature & Progr\u00e8s\". <\/p>\n<p>Por ello, las cervezas Grenaille se elaboran de acuerdo con un pliego de condiciones que tiene en cuenta un enfoque ecol\u00f3gico global basado en la solidaridad.<\/p>\n<p>Las maltas y los l\u00fapulos se eligen en funci\u00f3n de su calidad y origen (cultivo ecol\u00f3gico y lo m\u00e1s local posible).<\/p>\n","types_prestation":false,"photo":109063,"photo_bis":109064,"photo_3":109065,"adresse":{"address":"Brasserie Grenaille, Rue du Capitaine Malhorty, Rosi\u00e8res-aux-Salines, France","lat":48.5961453,"lng":6.335283200000001,"zoom":7,"place_id":"ChIJy9dnj32dlEcRP7zmsWoWsok","name":"Brasserie Grenaille","street_number":39,"street_name":"Rue du Capitaine Malhorty","city":"Rosi\u00e8res-aux-Salines","state":"Grand Est","post_code":54110,"country":"France","country_short":"FR"},"horaires":"<p>Lunes: Cerrado<br>Martes: Cerrado<br>Mi\u00e9rcoles: Cerrado<br>Jueves: Cerrado<br>Viernes: 16:00 - 20:00<br>S\u00e1bado: Cerrado<br>Domingo: Cerrado<\/p>\n","tel":"06 49 92 89 83","boutons":[{"title":"P\u00e1gina web","link":"https:\/\/www.grenaille.fr"}],"boutons_reservation":"","boutons_social":null,"articles":[{"title":"","text":"<p>Mercados ecol\u00f3gicos<br>Conciertos<br>Exposiciones<br>etc<\/p>\n","image":122786}]},"_links":{"self":[{"href":"https:\/\/foodandgood.fr\/es\/wp-json\/wp\/v2\/etablissement\/109062","targetHints":{"allow":["GET"]}}],"collection":[{"href":"https:\/\/foodandgood.fr\/es\/wp-json\/wp\/v2\/etablissement"}],"about":[{"href":"https:\/\/foodandgood.fr\/es\/wp-json\/wp\/v2\/types\/etablissement"}],"author":[{"embeddable":true,"href":"https:\/\/foodandgood.fr\/es\/wp-json\/wp\/v2\/users\/1"}],"replies":[{"embeddable":true,"href":"https:\/\/foodandgood.fr\/es\/wp-json\/wp\/v2\/comments?post=109062"}],"version-history":[{"count":1,"href":"https:\/\/foodandgood.fr\/es\/wp-json\/wp\/v2\/etablissement\/109062\/revisions"}],"predecessor-version":[{"id":152492,"href":"https:\/\/foodandgood.fr\/es\/wp-json\/wp\/v2\/etablissement\/109062\/revisions\/152492"}],"wp:featuredmedia":[{"embeddable":true,"href":"https:\/\/foodandgood.fr\/es\/wp-json\/wp\/v2\/media\/109063"}],"wp:attachment":[{"href":"https:\/\/foodandgood.fr\/es\/wp-json\/wp\/v2\/media?parent=109062"}],"curies":[{"name":"wp","href":"https:\/\/api.w.org\/{rel}","templated":true}]}}

Cervecería cooperativa

<p>Todas las cervezas de la Brasserie GRENAILLE se elaboran in situ en Rosières aux Salines, siguiendo un método tradicional, a mano.</p>
<p>Son cervezas de alta fermentación, sin filtrar, sin pasteurizar y refermentadas en botella. Se producen bajo la etiqueta "Nature & Progrès". </p>
<p>Por ello, las cervezas Grenaille se elaboran de acuerdo con un pliego de condiciones que tiene en cuenta un enfoque ecológico global basado en la solidaridad.</p>
<p>Las maltas y los lúpulos se eligen en función de su calidad y origen (cultivo ecológico y lo más local posible).</p>

Brasserie Grenaille, Rue du Capitaine Malhorty, Rosières-aux-Salines, France

Rosières-aux-Salines

<p>Lunes: Cerrado<br>Martes: Cerrado<br>Miércoles: Cerrado<br>Jueves: Cerrado<br>Viernes: 16:00 - 20:00<br>Sábado: Cerrado<br>Domingo: Cerrado</p>

Página web

<p>Mercados ecológicos<br>Conciertos<br>Exposiciones<br>etc</p>
