 {"id":109017,"date":"2024-08-07T14:26:28","date_gmt":"2024-08-07T12:26:28","guid":{"rendered":"https:\/\/foodandgood.fr\/etablissement\/camion-de-la-cerveza-des-alpes\/"},"modified":"2025-04-17T08:23:35","modified_gmt":"2025-04-17T06:23:35","slug":"camion-de-la-cerveza-des-alpes","status":"publish","type":"etablissement","link":"https:\/\/foodandgood.fr\/es\/camion-de-la-cerveza-des-alpes\/","title":{"rendered":"Beer Truck Des Alpes"},"excerpt":{"rendered":"","protected":false},"author":1,"comment_status":"closed","ping_status":"closed","template":"","meta":{"_acf_changed":false,"beyondwords_generate_audio":"","beyondwords_integration_method":"","beyondwords_project_id":"","beyondwords_content_id":"","beyondwords_preview_token":"","beyondwords_player_content":"","beyondwords_player_style":"","beyondwords_language_code":"","beyondwords_language_id":"","beyondwords_title_voice_id":"","beyondwords_body_voice_id":"","beyondwords_summary_voice_id":"","beyondwords_error_message":"","beyondwords_disabled":"","beyondwords_delete_content":"","beyondwords_podcast_id":"","beyondwords_hash":"","publish_post_to_speechkit":"","speechkit_hash":"","speechkit_generate_audio":"","speechkit_project_id":"","speechkit_podcast_id":"","speechkit_error_message":"","speechkit_disabled":"","speechkit_access_key":"","speechkit_error":"","speechkit_info":"","speechkit_response":"","speechkit_retries":"","speechkit_status":"","speechkit_updated_at":"","_speechkit_link":"","_speechkit_text":""},"class_list":["post-109017","etablissement","type-etablissement","status-publish","has-post-thumbnail","hentry","type-etablissement-alrededor-de-la-cerveza","type-etablissement-cerveceria-artesanal"],"acf":{"id_eta_scn":"","id_app_foodandgood":"","id_exponum":49320,"abo":[],"etoile_michelin":[],"titre_presentation":"Microcervecer\u00eda y bar m\u00f3vil","presentation":"<p>En pocas palabras, el Beer Truck des Alpes es una microcervecer\u00eda m\u00f3vil de gesti\u00f3n familiar con sede en La Mure (al sur de Is\u00e8re).<\/p>\n<p>Al principio, recorr\u00edamos la regi\u00f3n en un reluciente Peugeot J5 4\u00d74 rosa. Por desgracia, este a\u00f1o se rompi\u00f3 su motor, as\u00ed que equipamos un remolque con no menos de 8 ca\u00f1os para ocupar su lugar. <\/p>\n<p>Ofrecemos una amplia gama de cervezas artesanas y refrescos. Aqu\u00ed tienes un enlace a nuestro cat\u00e1logo: https: <a href=\"https:\/\/www.calameo.com\/read\/007262725b355041df7a6\" target=\"_blank\" rel=\"noopener noreferrer\">\/\/www.calameo.com\/read\/007262725b355041df7a6<\/a><\/p>\n<p>Todas nuestras cervezas se elaboran a mano, utilizando agua de manantial extremadamente pura de los Alpes -donde vivimos- y materias primas de la regi\u00f3n. Nuestras recetas se inspiran en los picos y lagos circundantes, que tambi\u00e9n representamos en nuestras etiquetas colaborando con fot\u00f3grafos locales. <\/p>\n","types_prestation":false,"photo":121516,"photo_bis":109036,"photo_3":121515,"adresse":{"address":"Beer Truck des Alpes, Rue des Alpes, La Mure, France","lat":44.90239159999999,"lng":5.797780899999998,"zoom":7,"place_id":"ChIJZfk8Fjh_ikcRg9OkM1OB-Go","name":"Beer Truck des Alpes","street_number":68,"street_name":"Rue des Alpes","city":"La Mure","state":"Auvergne-Rh\u00f4ne-Alpes","post_code":38350,"country":"France","country_short":"FR"},"horaires":"<p>Lunes: 09:00 - 16:30<br>Martes: 09:00 - 16:30<br>Mi\u00e9rcoles: Cerrado<br>Jueves: 09:00 - 16:30<br>Viernes: 09:00 - 16:30, 18:00 - 23:00<br>S\u00e1bado: 18:00 - 23:00<br>Domingo: Cerrado<\/p>\n","tel":"06 98 43 85 49","boutons":[{"title":"P\u00e1gina web","link":"https:\/\/www.beertruck.beer\/"}],"boutons_reservation":"","boutons_social":null,"articles":[{"title":"","text":"","image":""}]},"_links":{"self":[{"href":"https:\/\/foodandgood.fr\/es\/wp-json\/wp\/v2\/etablissement\/109017","targetHints":{"allow":["GET"]}}],"collection":[{"href":"https:\/\/foodandgood.fr\/es\/wp-json\/wp\/v2\/etablissement"}],"about":[{"href":"https:\/\/foodandgood.fr\/es\/wp-json\/wp\/v2\/types\/etablissement"}],"author":[{"embeddable":true,"href":"https:\/\/foodandgood.fr\/es\/wp-json\/wp\/v2\/users\/1"}],"replies":[{"embeddable":true,"href":"https:\/\/foodandgood.fr\/es\/wp-json\/wp\/v2\/comments?post=109017"}],"version-history":[{"count":1,"href":"https:\/\/foodandgood.fr\/es\/wp-json\/wp\/v2\/etablissement\/109017\/revisions"}],"predecessor-version":[{"id":152493,"href":"https:\/\/foodandgood.fr\/es\/wp-json\/wp\/v2\/etablissement\/109017\/revisions\/152493"}],"wp:featuredmedia":[{"embeddable":true,"href":"https:\/\/foodandgood.fr\/es\/wp-json\/wp\/v2\/media\/121516"}],"wp:attachment":[{"href":"https:\/\/foodandgood.fr\/es\/wp-json\/wp\/v2\/media?parent=109017"}],"curies":[{"name":"wp","href":"https:\/\/api.w.org\/{rel}","templated":true}]}}

Microcervecería y bar móvil

<p>En pocas palabras, el Beer Truck des Alpes es una microcervecería móvil de gestión familiar con sede en La Mure (al sur de Isère).</p>
<p>Al principio, recorríamos la región en un reluciente Peugeot J5 4×4 rosa. Por desgracia, este año se rompió su motor, así que equipamos un remolque con no menos de 8 caños para ocupar su lugar. </p>
<p>Ofrecemos una amplia gama de cervezas artesanas y refrescos. Aquí tienes un enlace a nuestro catálogo: https: <a href="https://www.calameo.com/read/007262725b355041df7a6" target="_blank" rel="noopener noreferrer">//www.calameo.com/read/007262725b355041df7a6</a></p>
<p>Todas nuestras cervezas se elaboran a mano, utilizando agua de manantial extremadamente pura de los Alpes -donde vivimos- y materias primas de la región. Nuestras recetas se inspiran en los picos y lagos circundantes, que también representamos en nuestras etiquetas colaborando con fotógrafos locales. </p>

Auvergne-Rhône-Alpes

<p>Lunes: 09:00 - 16:30<br>Martes: 09:00 - 16:30<br>Miércoles: Cerrado<br>Jueves: 09:00 - 16:30<br>Viernes: 09:00 - 16:30, 18:00 - 23:00<br>Sábado: 18:00 - 23:00<br>Domingo: Cerrado</p>

Página web
