 {"id":103252,"date":"2024-07-23T11:33:07","date_gmt":"2024-07-23T09:33:07","guid":{"rendered":"https:\/\/foodandgood.fr\/etablissement\/brasserie-du-thone\/"},"modified":"2025-04-17T08:24:01","modified_gmt":"2025-04-17T06:24:01","slug":"brasserie-du-thone","status":"publish","type":"etablissement","link":"https:\/\/foodandgood.fr\/es\/brasserie-du-thone\/","title":{"rendered":"Brasserie Du Thon\u00e9"},"excerpt":{"rendered":"","protected":false},"author":1,"comment_status":"closed","ping_status":"closed","template":"","meta":{"_acf_changed":false,"beyondwords_generate_audio":"","beyondwords_integration_method":"","beyondwords_project_id":"","beyondwords_content_id":"","beyondwords_preview_token":"","beyondwords_player_content":"","beyondwords_player_style":"","beyondwords_language_code":"","beyondwords_language_id":"","beyondwords_title_voice_id":"","beyondwords_body_voice_id":"","beyondwords_summary_voice_id":"","beyondwords_error_message":"","beyondwords_disabled":"","beyondwords_delete_content":"","beyondwords_podcast_id":"","beyondwords_hash":"","publish_post_to_speechkit":"","speechkit_hash":"","speechkit_generate_audio":"","speechkit_project_id":"","speechkit_podcast_id":"","speechkit_error_message":"","speechkit_disabled":"","speechkit_access_key":"","speechkit_error":"","speechkit_info":"","speechkit_response":"","speechkit_retries":"","speechkit_status":"","speechkit_updated_at":"","_speechkit_link":"","_speechkit_text":""},"class_list":["post-103252","etablissement","type-etablissement","status-publish","has-post-thumbnail","hentry","type-etablissement-cerveceria-artesanal"],"acf":{"id_eta_scn":"","id_app_foodandgood":"","id_exponum":48030,"abo":[],"etoile_michelin":[],"titre_presentation":"Cervezas artesanales elaboradas 100% en Les Vosges","presentation":"<p>La Brasserie du Thon\u00e9 se inaugur\u00f3 en septiembre de 2018, pero la historia empez\u00f3 unos a\u00f1os antes... Julien, el creador y cervecero, es un verdadero amante y entusiasta de la cerveza.<br>Elabor\u00f3 sus primeras cervezas en su cocina. En 2018, decidi\u00f3 convertir esta pasi\u00f3n en una actividad profesional, dejando su trabajo en la papeler\u00eda para dedicarse plenamente a esta actividad. <\/p>\n","types_prestation":false,"photo":103253,"photo_bis":103254,"photo_3":103255,"adresse":{"address":"Brasserie du Thon\u00e9, rue devant Thon\u00e9, La Bourgonce, France","lat":48.305512,"lng":6.835301199999999,"zoom":7,"place_id":"ChIJJYGQV6uTk0cRMWCYehyHSsU","name":"Brasserie du Thon\u00e9","street_number":79,"street_name":"rue devant Thon\u00e9","city":"La Bourgonce","state":"Grand Est","post_code":88470,"country":"France","country_short":"FR"},"horaires":"","tel":"06 30 54 30 55","boutons":[{"title":"P\u00e1gina web","link":"https:\/\/www.brasserie-du-thone.com\/"}],"boutons_reservation":"","boutons_social":null,"articles":[{"title":"","text":"<p>Entre sus grifos y sus cubas de temperatura controlada, Julien te sirve sus cervezas elaboradas in situ, en el encantador pueblo de La Bourgonce, a diez minutos de Saint-Di\u00e9-des-Vosges. Mes tras mes, desarrolla recetas de cerveza y luego las elabora desde cero, de acuerdo con las tradiciones cerveceras.<br>\u00a1Recetas para todos los gustos! <\/p>\n","image":103256}]},"_links":{"self":[{"href":"https:\/\/foodandgood.fr\/es\/wp-json\/wp\/v2\/etablissement\/103252","targetHints":{"allow":["GET"]}}],"collection":[{"href":"https:\/\/foodandgood.fr\/es\/wp-json\/wp\/v2\/etablissement"}],"about":[{"href":"https:\/\/foodandgood.fr\/es\/wp-json\/wp\/v2\/types\/etablissement"}],"author":[{"embeddable":true,"href":"https:\/\/foodandgood.fr\/es\/wp-json\/wp\/v2\/users\/1"}],"replies":[{"embeddable":true,"href":"https:\/\/foodandgood.fr\/es\/wp-json\/wp\/v2\/comments?post=103252"}],"version-history":[{"count":1,"href":"https:\/\/foodandgood.fr\/es\/wp-json\/wp\/v2\/etablissement\/103252\/revisions"}],"predecessor-version":[{"id":152512,"href":"https:\/\/foodandgood.fr\/es\/wp-json\/wp\/v2\/etablissement\/103252\/revisions\/152512"}],"wp:featuredmedia":[{"embeddable":true,"href":"https:\/\/foodandgood.fr\/es\/wp-json\/wp\/v2\/media\/103253"}],"wp:attachment":[{"href":"https:\/\/foodandgood.fr\/es\/wp-json\/wp\/v2\/media?parent=103252"}],"curies":[{"name":"wp","href":"https:\/\/api.w.org\/{rel}","templated":true}]}}

Brasserie Du Thoné

<p>La Brasserie du Thoné se inauguró en septiembre de 2018, pero la historia empezó unos años antes... Julien, el creador y cervecero, es un verdadero amante y entusiasta de la cerveza.<br>Elaboró sus primeras cervezas en su cocina. En 2018, decidió convertir esta pasión en una actividad profesional, dejando su trabajo en la papelería para dedicarse plenamente a esta actividad. </p>

Brasserie du Thoné, rue devant Thoné, La Bourgonce, France

Brasserie du Thoné

rue devant Thoné

Página web

<p>Entre sus grifos y sus cubas de temperatura controlada, Julien te sirve sus cervezas elaboradas in situ, en el encantador pueblo de La Bourgonce, a diez minutos de Saint-Dié-des-Vosges. Mes tras mes, desarrolla recetas de cerveza y luego las elabora desde cero, de acuerdo con las tradiciones cerveceras.<br>¡Recetas para todos los gustos! </p>
