 {"id":103111,"date":"2024-07-23T16:05:55","date_gmt":"2024-07-23T14:05:55","guid":{"rendered":"https:\/\/foodandgood.fr\/etablissement\/brasserie-cest-de-la-bal\/"},"modified":"2025-04-17T08:23:54","modified_gmt":"2025-04-17T06:23:54","slug":"brasserie-cest-de-la-bal","status":"publish","type":"etablissement","link":"https:\/\/foodandgood.fr\/es\/brasserie-cest-de-la-bal\/","title":{"rendered":"Brasserie C\u2019est De La Bal"},"excerpt":{"rendered":"","protected":false},"author":1,"comment_status":"closed","ping_status":"closed","template":"","meta":{"_acf_changed":false,"beyondwords_generate_audio":"","beyondwords_integration_method":"","beyondwords_project_id":"","beyondwords_content_id":"","beyondwords_preview_token":"","beyondwords_player_content":"","beyondwords_player_style":"","beyondwords_language_code":"","beyondwords_language_id":"","beyondwords_title_voice_id":"","beyondwords_body_voice_id":"","beyondwords_summary_voice_id":"","beyondwords_error_message":"","beyondwords_disabled":"","beyondwords_delete_content":"","beyondwords_podcast_id":"","beyondwords_hash":"","publish_post_to_speechkit":"","speechkit_hash":"","speechkit_generate_audio":"","speechkit_project_id":"","speechkit_podcast_id":"","speechkit_error_message":"","speechkit_disabled":"","speechkit_access_key":"","speechkit_error":"","speechkit_info":"","speechkit_response":"","speechkit_retries":"","speechkit_status":"","speechkit_updated_at":"","_speechkit_link":"","_speechkit_text":""},"class_list":["post-103111","etablissement","type-etablissement","status-publish","has-post-thumbnail","hentry","type-etablissement-cerveceria-artesanal"],"acf":{"id_eta_scn":"","id_app_foodandgood":"","id_exponum":48233,"abo":["GRAT"],"etoile_michelin":[],"titre_presentation":"Producci\u00f3n de cervezas y refrescos locales.","presentation":"<p>La cervecer\u00eda BAL produce cervezas artesanas con un amargor sutil que permite que brille el sabor suave de las maltas, as\u00ed como el perfil arom\u00e1tico de las distintas levaduras cuidadosamente seleccionadas. Nuestras cervezas se elaboran \u00edntegramente en la regi\u00f3n de Lorena. Estamos trabajando en un circuito corto de reciclaje de residuos (grano usado para alimentaci\u00f3n animal, reutilizaci\u00f3n del agua de refrigeraci\u00f3n para hacer refrescos BAL, por ejemplo: limonada).  <\/p>\n","types_prestation":false,"photo":103112,"photo_bis":103113,"photo_3":103114,"adresse":{"address":"Brasserie c'est de la BAL, Rue Roger Salengro, Neuves-Maisons, France","lat":48.6166806,"lng":6.0961439,"zoom":7,"place_id":"ChIJS6HObzuhlEcRUac876f9kps","name":"Brasserie c'est de la BAL","street_number":78,"street_name":"Rue Roger Salengro","city":"Neuves-Maisons","state":"Grand Est","post_code":54230,"country":"France","country_short":"FR"},"horaires":"<p>Lunes: 10:00 - 16:00<br>Martes: 10:00 - 16:00<br>Mi\u00e9rcoles: 10:00 - 16:00<br>Jueves: 10:00 - 16:00<br>Viernes: 10:00 - 16:00<br>S\u00e1bado: Cerrado<br>Domingo: Cerrado<\/p>\n","tel":"07 69 27 12 18","boutons":[{"title":"P\u00e1gina web","link":"https:\/\/www.brasserie-bal.fr\/"}],"boutons_reservation":"","boutons_social":null,"articles":[{"title":"","text":"","image":""}]},"_links":{"self":[{"href":"https:\/\/foodandgood.fr\/es\/wp-json\/wp\/v2\/etablissement\/103111","targetHints":{"allow":["GET"]}}],"collection":[{"href":"https:\/\/foodandgood.fr\/es\/wp-json\/wp\/v2\/etablissement"}],"about":[{"href":"https:\/\/foodandgood.fr\/es\/wp-json\/wp\/v2\/types\/etablissement"}],"author":[{"embeddable":true,"href":"https:\/\/foodandgood.fr\/es\/wp-json\/wp\/v2\/users\/1"}],"replies":[{"embeddable":true,"href":"https:\/\/foodandgood.fr\/es\/wp-json\/wp\/v2\/comments?post=103111"}],"version-history":[{"count":1,"href":"https:\/\/foodandgood.fr\/es\/wp-json\/wp\/v2\/etablissement\/103111\/revisions"}],"predecessor-version":[{"id":152509,"href":"https:\/\/foodandgood.fr\/es\/wp-json\/wp\/v2\/etablissement\/103111\/revisions\/152509"}],"wp:featuredmedia":[{"embeddable":true,"href":"https:\/\/foodandgood.fr\/es\/wp-json\/wp\/v2\/media\/103112"}],"wp:attachment":[{"href":"https:\/\/foodandgood.fr\/es\/wp-json\/wp\/v2\/media?parent=103111"}],"curies":[{"name":"wp","href":"https:\/\/api.w.org\/{rel}","templated":true}]}}

Producción de cervezas y refrescos locales.

<p>La cervecería BAL produce cervezas artesanas con un amargor sutil que permite que brille el sabor suave de las maltas, así como el perfil aromático de las distintas levaduras cuidadosamente seleccionadas. Nuestras cervezas se elaboran íntegramente en la región de Lorena. Estamos trabajando en un circuito corto de reciclaje de residuos (grano usado para alimentación animal, reutilización del agua de refrigeración para hacer refrescos BAL, por ejemplo: limonada).  </p>

<p>Lunes: 10:00 - 16:00<br>Martes: 10:00 - 16:00<br>Miércoles: 10:00 - 16:00<br>Jueves: 10:00 - 16:00<br>Viernes: 10:00 - 16:00<br>Sábado: Cerrado<br>Domingo: Cerrado</p>

Página web
