 {"id":102997,"date":"2024-07-24T10:16:47","date_gmt":"2024-07-24T08:16:47","guid":{"rendered":"https:\/\/foodandgood.fr\/etablissement\/brasserie-ovata\/"},"modified":"2025-08-05T10:46:58","modified_gmt":"2025-08-05T08:46:58","slug":"brasserie-ovata","status":"publish","type":"etablissement","link":"https:\/\/foodandgood.fr\/es\/brasserie-ovata\/","title":{"rendered":"Brasserie Ovata"},"excerpt":{"rendered":"","protected":false},"author":1,"comment_status":"closed","ping_status":"closed","template":"","meta":{"_acf_changed":false,"beyondwords_generate_audio":"","beyondwords_integration_method":"","beyondwords_project_id":"","beyondwords_content_id":"","beyondwords_preview_token":"","beyondwords_player_content":"","beyondwords_player_style":"","beyondwords_language_code":"","beyondwords_language_id":"","beyondwords_title_voice_id":"","beyondwords_body_voice_id":"","beyondwords_summary_voice_id":"","beyondwords_error_message":"","beyondwords_disabled":"","beyondwords_delete_content":"","beyondwords_podcast_id":"","beyondwords_hash":"","publish_post_to_speechkit":"","speechkit_hash":"","speechkit_generate_audio":"","speechkit_project_id":"","speechkit_podcast_id":"","speechkit_error_message":"","speechkit_disabled":"","speechkit_access_key":"","speechkit_error":"","speechkit_info":"","speechkit_response":"","speechkit_retries":"","speechkit_status":"","speechkit_updated_at":"","_speechkit_link":"","_speechkit_text":""},"class_list":["post-102997","etablissement","type-etablissement","status-publish","has-post-thumbnail","hentry","type-etablissement-cerveceria-artesanal"],"acf":{"id_eta_scn":"","id_app_foodandgood":"","id_exponum":48472,"abo":["GRAT"],"etoile_michelin":[],"titre_presentation":"Cervecer\u00eda artesanal independiente y cervezas ecol\u00f3gicas certificadas.","presentation":"<p>Nuestro nombre procede del nombre latino del \u00e1rbol de jade: Crassula Ovata. Esta planta peque\u00f1a y gorda, familiar en los jardines de interior, representa la prosperidad, especialmente en la amistad. El nombre refleja nuestro proyecto: dos amigos que ofrecen cervezas para compartir con los amigos.<\/p>\n<p>Ovata es una cervecer\u00eda artesanal contempor\u00e1nea e independiente. Queremos explorar todo el potencial creativo del mundo cervecero. Cervezas tradicionales puestas al d\u00eda y experimentos atrevidos, ofrecidos en nuestra colecci\u00f3n permanente o temporal.  <\/p>\n","types_prestation":false,"photo":102999,"photo_bis":103000,"photo_3":103001,"adresse":{"address":"Brasserie Ovata, Rue Saint-Eloi, Bouzonville, France","lat":49.29667310000001,"lng":6.5590552,"zoom":7,"place_id":"ChIJz9sqpjkFlUcRZUiASyKqGeU","name":"Brasserie Ovata","street_name":"Rue Saint-Eloi","city":"Bouzonville","state":"Grand Est","post_code":57320,"country":"France","country_short":"FR"},"horaires":"<p>Lunes: 10:00 - 18:00<br>Martes: 10:00 - 18:00<br>Mi\u00e9rcoles: 10:00 - 18:00<br>Jueves: 10:00 - 18:00<br>Viernes: 10:00 - 18:00<br>S\u00e1bado: Cerrado<br>Domingo: Cerrado<\/p>\n","tel":"06 71 76 98 82","boutons":[{"title":"P\u00e1gina web","link":"http:\/\/www.ovata.fr\/"}],"boutons_reservation":"","boutons_social":null,"articles":[{"title":"","text":"<p>La f\u00e1brica de cerveza Ovata est\u00e1 situada en Bouzonville, en el coraz\u00f3n de la campi\u00f1a del Mosela. Hemos dise\u00f1ado nuestro proyecto para que est\u00e9 arraigado en la zona, dando prioridad a los ingredientes locales y ecol\u00f3gicos. <\/p>\n","image":102998}]},"_links":{"self":[{"href":"https:\/\/foodandgood.fr\/es\/wp-json\/wp\/v2\/etablissement\/102997","targetHints":{"allow":["GET"]}}],"collection":[{"href":"https:\/\/foodandgood.fr\/es\/wp-json\/wp\/v2\/etablissement"}],"about":[{"href":"https:\/\/foodandgood.fr\/es\/wp-json\/wp\/v2\/types\/etablissement"}],"author":[{"embeddable":true,"href":"https:\/\/foodandgood.fr\/es\/wp-json\/wp\/v2\/users\/1"}],"replies":[{"embeddable":true,"href":"https:\/\/foodandgood.fr\/es\/wp-json\/wp\/v2\/comments?post=102997"}],"version-history":[{"count":1,"href":"https:\/\/foodandgood.fr\/es\/wp-json\/wp\/v2\/etablissement\/102997\/revisions"}],"predecessor-version":[{"id":152495,"href":"https:\/\/foodandgood.fr\/es\/wp-json\/wp\/v2\/etablissement\/102997\/revisions\/152495"}],"wp:featuredmedia":[{"embeddable":true,"href":"https:\/\/foodandgood.fr\/es\/wp-json\/wp\/v2\/media\/102999"}],"wp:attachment":[{"href":"https:\/\/foodandgood.fr\/es\/wp-json\/wp\/v2\/media?parent=102997"}],"curies":[{"name":"wp","href":"https:\/\/api.w.org\/{rel}","templated":true}]}}

Cervecería artesanal independiente y cervezas ecológicas certificadas.

<p>Nuestro nombre procede del nombre latino del árbol de jade: Crassula Ovata. Esta planta pequeña y gorda, familiar en los jardines de interior, representa la prosperidad, especialmente en la amistad. El nombre refleja nuestro proyecto: dos amigos que ofrecen cervezas para compartir con los amigos.</p>
<p>Ovata es una cervecería artesanal contemporánea e independiente. Queremos explorar todo el potencial creativo del mundo cervecero. Cervezas tradicionales puestas al día y experimentos atrevidos, ofrecidos en nuestra colección permanente o temporal.  </p>

<p>Lunes: 10:00 - 18:00<br>Martes: 10:00 - 18:00<br>Miércoles: 10:00 - 18:00<br>Jueves: 10:00 - 18:00<br>Viernes: 10:00 - 18:00<br>Sábado: Cerrado<br>Domingo: Cerrado</p>

Página web

<p>La fábrica de cerveza Ovata está situada en Bouzonville, en el corazón de la campiña del Mosela. Hemos diseñado nuestro proyecto para que esté arraigado en la zona, dando prioridad a los ingredientes locales y ecológicos. </p>
