 {"id":89500,"date":"2024-05-04T07:08:28","date_gmt":"2024-05-04T05:08:28","guid":{"rendered":"https:\/\/foodandgood.fr\/etablissement\/domaine-alphonse-meyer\/"},"modified":"2024-07-03T17:02:18","modified_gmt":"2024-07-03T15:02:18","slug":"domaine-alphonse-meyer","status":"publish","type":"etablissement","link":"https:\/\/foodandgood.fr\/en\/domaine-alphonse-meyer\/","title":{"rendered":"Domaine Alphonse Meyer"},"excerpt":{"rendered":"","protected":false},"author":4,"comment_status":"closed","ping_status":"closed","template":"","meta":{"_acf_changed":false,"beyondwords_generate_audio":"","beyondwords_integration_method":"","beyondwords_project_id":"","beyondwords_content_id":"","beyondwords_preview_token":"","beyondwords_player_content":"","beyondwords_player_style":"","beyondwords_language_code":"","beyondwords_language_id":"","beyondwords_title_voice_id":"","beyondwords_body_voice_id":"","beyondwords_summary_voice_id":"","beyondwords_error_message":"","beyondwords_disabled":"","beyondwords_delete_content":"","beyondwords_podcast_id":"","beyondwords_hash":"","publish_post_to_speechkit":"","speechkit_hash":"","speechkit_generate_audio":"","speechkit_project_id":"","speechkit_podcast_id":"","speechkit_error_message":"","speechkit_disabled":"","speechkit_access_key":"","speechkit_error":"","speechkit_info":"","speechkit_response":"","speechkit_retries":"","speechkit_status":"","speechkit_updated_at":"","_speechkit_link":"","_speechkit_text":""},"class_list":["post-89500","etablissement","type-etablissement","status-publish","hentry","type-etablissement-around-wine","type-etablissement-bed-breakfast","type-etablissement-vineyard","type-etablissement-wine-merchant"],"acf":{"id_eta_scn":"","id_app_foodandgood":"","id_exponum":"","abo":[],"etoile_michelin":[],"titre_presentation":"Winegrowers from father to son since 1624","presentation":"Winegrowers from father to son since 1624, all our wines come exclusively from our own vineyards and are bottled on the estate.\nOur vineyard covers almost 13 hectares in the communes of Zimmerbach and Turckheim.\nTraditional, Lieux-dits and Grand Cru terroirs all leave their mark on our wines.\n<div>\n\nWhat's more, for your vacations in Alsace, we offer a charming g\u00eete in the historic center of Turckheim, next to the church.\n\n<\/div>\n<div>On the 1st floor of an old half-timbered house with typical Alsatian architecture<\/div>","types_prestation":false,"photo":null,"photo_bis":89448,"photo_3":89436,"adresse":{"address":"Vins d'Alsace Alphonse Meyer et Fils - Vignerons Ind\u00e9pendants, Place de l'\u00c9glise, Turckheim, France","lat":48.08752390000001,"lng":7.2782845,"zoom":7,"place_id":"ChIJnXqXdP5jkUcRm3ehVXsnv7w","name":"Vins d'Alsace Alphonse Meyer et Fils - Vignerons Ind\u00e9pendants","street_number":2,"street_name":"Place de l'\u00c9glise","street_name_short":"Pl. de l'\u00c9glise","city":"Turckheim","state":"Grand Est","post_code":68230,"country":"France","country_short":"FR"},"horaires":"Monday: 10:00 - 12:00, 14:00 - 19:00\nTuesday: 10:00 - 12:00, 14:00 - 19:00\nWednesday: 10:00 - 12:00, 14:00 - 19:00\nThursday: 10:00 - 12:00, 14:00 - 19:00\nFriday: 10:00 - 12:00, 14:00 - 19:00\nSaturday: 2:00 pm - 7:00 pm\nSunday: 10:00 - 12:00","tel":"03 89 71 14 34","boutons":[{"title":"Website","link":"http:\/\/www.meyer-wines.fr\/"}],"boutons_reservation":"","boutons_social":null,"articles":[{"title":"","text":"","image":""}]},"_links":{"self":[{"href":"https:\/\/foodandgood.fr\/en\/wp-json\/wp\/v2\/etablissement\/89500","targetHints":{"allow":["GET"]}}],"collection":[{"href":"https:\/\/foodandgood.fr\/en\/wp-json\/wp\/v2\/etablissement"}],"about":[{"href":"https:\/\/foodandgood.fr\/en\/wp-json\/wp\/v2\/types\/etablissement"}],"author":[{"embeddable":true,"href":"https:\/\/foodandgood.fr\/en\/wp-json\/wp\/v2\/users\/4"}],"replies":[{"embeddable":true,"href":"https:\/\/foodandgood.fr\/en\/wp-json\/wp\/v2\/comments?post=89500"}],"version-history":[{"count":1,"href":"https:\/\/foodandgood.fr\/en\/wp-json\/wp\/v2\/etablissement\/89500\/revisions"}],"predecessor-version":[{"id":89505,"href":"https:\/\/foodandgood.fr\/en\/wp-json\/wp\/v2\/etablissement\/89500\/revisions\/89505"}],"wp:attachment":[{"href":"https:\/\/foodandgood.fr\/en\/wp-json\/wp\/v2\/media?parent=89500"}],"curies":[{"name":"wp","href":"https:\/\/api.w.org\/{rel}","templated":true}]}}

Winegrowers from father to son since 1624, all our wines come exclusively from our own vineyards and are bottled on the estate.
Our vineyard covers almost 13 hectares in the communes of Zimmerbach and Turckheim.
Traditional, Lieux-dits and Grand Cru terroirs all leave their mark on our wines.
<div>

What's more, for your vacations in Alsace, we offer a charming gîte in the historic center of Turckheim, next to the church.

</div>
<div>On the 1st floor of an old half-timbered house with typical Alsatian architecture</div>

Vins d'Alsace Alphonse Meyer et Fils - Vignerons Indépendants, Place de l'Église, Turckheim, France

Vins d'Alsace Alphonse Meyer et Fils - Vignerons Indépendants

Place de l'Église

Pl. de l'Église
