 {"id":57608,"date":"2023-11-02T04:44:42","date_gmt":"2023-11-02T03:44:42","guid":{"rendered":"https:\/\/foodandgood.fr\/etablissement\/furstenhof-bad-bertrich\/"},"modified":"2024-04-26T10:22:03","modified_gmt":"2024-04-26T08:22:03","slug":"furstenhof-bad-bertrich","status":"publish","type":"etablissement","link":"https:\/\/foodandgood.fr\/en\/etablissement\/furstenhof-bad-bertrich\/","title":{"rendered":"Furstenhof Bad Bertrich"},"excerpt":{"rendered":"<p>Just 250 km from Strasbourg, in the heart of the Eifel countryside, the Hotel F\u00fcrstenhof in Bad Bertrich is the destination of choice for travelers seeking relaxation and tranquility. With its natural hot springs and world-class wellness facilities, this centuries-old establishment offers a unique experience that combines history with contemporary comfort.<\/p>\n","protected":false},"author":6,"comment_status":"closed","ping_status":"closed","template":"","meta":{"_acf_changed":false,"beyondwords_generate_audio":"","beyondwords_integration_method":"","beyondwords_project_id":"","beyondwords_content_id":"","beyondwords_preview_token":"","beyondwords_player_content":"","beyondwords_player_style":"","beyondwords_language_code":"","beyondwords_language_id":"","beyondwords_title_voice_id":"","beyondwords_body_voice_id":"","beyondwords_summary_voice_id":"","beyondwords_error_message":"","beyondwords_disabled":"","beyondwords_delete_content":"","beyondwords_podcast_id":"","beyondwords_hash":"","publish_post_to_speechkit":"","speechkit_hash":"","speechkit_generate_audio":"","speechkit_project_id":"","speechkit_podcast_id":"","speechkit_error_message":"","speechkit_disabled":"","speechkit_access_key":"","speechkit_error":"","speechkit_info":"","speechkit_response":"","speechkit_retries":"","speechkit_status":"","speechkit_updated_at":"","_speechkit_link":"","_speechkit_text":""},"class_list":["post-57608","etablissement","type-etablissement","status-publish","has-post-thumbnail","hentry","type-etablissement-bistronomy","type-etablissement-sleep","type-etablissement-spa-wellness-en","type-etablissement-well-being"],"acf":{"id_eta_scn":"","id_app_foodandgood":"","id_exponum":"","abo":[],"etoile_michelin":[],"titre_presentation":"An oasis of relaxation and charm","presentation":"<p class=\"p1\">Just 250 km from Strasbourg, in the heart of the Eifel countryside, the Hotel F\u00fcrstenhof in Bad Bertrich is the destination of choice for travelers seeking relaxation and tranquility. With its natural hot springs and world-class wellness facilities, this centuries-old establishment offers a unique experience that combines history with contemporary comfort.<\/p>\n<p class=\"p1\">Hotel F\u00fcrstenhof has been renowned for centuries for its healing thermal waters, whose reputation dates back to Roman times. Today, visitors can still enjoy these natural mineral springs in the elegant, soothing surroundings of the hotel spa. Thermal baths, saunas, massages and beauty treatments revitalize both body and mind.<\/p>\n<p class=\"p1\">The Hotel F\u00fcrstenhof's atmosphere is imbued with historic charm. The rooms and suites, some with breathtaking views of the Moselle valley and surrounding mountains, are tastefully appointed, blending period features with modern amenities to provide a comfortable and relaxing stay.<\/p>","types_prestation":false,"photo":59438,"photo_bis":59430,"photo_3":"","adresse":{"address":"Kurf\u00fcrstenstra\u00dfe 36, 56864 Bad Bertrich, Allemagne","lat":50.070195,"lng":7.0339794,"zoom":7,"place_id":"EjJLdXJmw7xyc3RlbnN0cmHDn2UgMzYsIDU2ODY0IEJhZCBCZXJ0cmljaCwgR2VybWFueSIwEi4KFAoSCcn1LJLeNr5HETR2abwdep8BECQqFAoSCdVQ9srdNr5HEci0vVkn1SXe","name":"Kurf\u00fcrstenstra\u00dfe 36","street_number":36,"street_name":"Kurf\u00fcrstenstra\u00dfe","city":"Bad Bertrich","state":"Rheinland-Pfalz","state_short":"RP","post_code":56864,"country":"Allemagne","country_short":"DE"},"horaires":"","tel":"+49 (0) 2674 934-0","boutons":[{"title":"website","link":"https:\/\/haeckers-fuerstenhof.com"}],"boutons_reservation":"","boutons_social":null,"articles":[{"title":"","text":"","image":""}]},"_links":{"self":[{"href":"https:\/\/foodandgood.fr\/en\/wp-json\/wp\/v2\/etablissement\/57608","targetHints":{"allow":["GET"]}}],"collection":[{"href":"https:\/\/foodandgood.fr\/en\/wp-json\/wp\/v2\/etablissement"}],"about":[{"href":"https:\/\/foodandgood.fr\/en\/wp-json\/wp\/v2\/types\/etablissement"}],"author":[{"embeddable":true,"href":"https:\/\/foodandgood.fr\/en\/wp-json\/wp\/v2\/users\/6"}],"replies":[{"embeddable":true,"href":"https:\/\/foodandgood.fr\/en\/wp-json\/wp\/v2\/comments?post=57608"}],"version-history":[{"count":2,"href":"https:\/\/foodandgood.fr\/en\/wp-json\/wp\/v2\/etablissement\/57608\/revisions"}],"predecessor-version":[{"id":59510,"href":"https:\/\/foodandgood.fr\/en\/wp-json\/wp\/v2\/etablissement\/57608\/revisions\/59510"}],"wp:featuredmedia":[{"embeddable":true,"href":"https:\/\/foodandgood.fr\/en\/wp-json\/wp\/v2\/media\/59438"}],"wp:attachment":[{"href":"https:\/\/foodandgood.fr\/en\/wp-json\/wp\/v2\/media?parent=57608"}],"curies":[{"name":"wp","href":"https:\/\/api.w.org\/{rel}","templated":true}]}}

<p>Just 250 km from Strasbourg, in the heart of the Eifel countryside, the Hotel Fürstenhof in Bad Bertrich is the destination of choice for travelers seeking relaxation and tranquility. With its natural hot springs and world-class wellness facilities, this centuries-old establishment offers a unique experience that combines history with contemporary comfort.</p>

<p class="p1">Just 250 km from Strasbourg, in the heart of the Eifel countryside, the Hotel Fürstenhof in Bad Bertrich is the destination of choice for travelers seeking relaxation and tranquility. With its natural hot springs and world-class wellness facilities, this centuries-old establishment offers a unique experience that combines history with contemporary comfort.</p>
<p class="p1">Hotel Fürstenhof has been renowned for centuries for its healing thermal waters, whose reputation dates back to Roman times. Today, visitors can still enjoy these natural mineral springs in the elegant, soothing surroundings of the hotel spa. Thermal baths, saunas, massages and beauty treatments revitalize both body and mind.</p>
<p class="p1">The Hotel Fürstenhof's atmosphere is imbued with historic charm. The rooms and suites, some with breathtaking views of the Moselle valley and surrounding mountains, are tastefully appointed, blending period features with modern amenities to provide a comfortable and relaxing stay.</p>

Kurfürstenstraße 36, 56864 Bad Bertrich, Allemagne

Kurfürstenstraße 36

Kurfürstenstraße
