 {"id":53315,"date":"2023-09-01T14:31:28","date_gmt":"2023-09-01T12:31:28","guid":{"rendered":"https:\/\/foodandgood.fr\/etablissement\/mokka\/"},"modified":"2024-07-02T14:13:38","modified_gmt":"2024-07-02T12:13:38","slug":"mokka","status":"publish","type":"etablissement","link":"https:\/\/foodandgood.fr\/en\/mokka\/","title":{"rendered":"Mokka"},"excerpt":{"rendered":"","protected":false},"author":1,"comment_status":"closed","ping_status":"closed","template":"","meta":{"_acf_changed":false,"beyondwords_generate_audio":"","beyondwords_integration_method":"","beyondwords_project_id":"","beyondwords_content_id":"","beyondwords_preview_token":"","beyondwords_player_content":"","beyondwords_player_style":"","beyondwords_language_code":"","beyondwords_language_id":"","beyondwords_title_voice_id":"","beyondwords_body_voice_id":"","beyondwords_summary_voice_id":"","beyondwords_error_message":"","beyondwords_disabled":"","beyondwords_delete_content":"","beyondwords_podcast_id":"","beyondwords_hash":"","publish_post_to_speechkit":"","speechkit_hash":"","speechkit_generate_audio":"","speechkit_project_id":"","speechkit_podcast_id":"","speechkit_error_message":"","speechkit_disabled":"","speechkit_access_key":"","speechkit_error":"","speechkit_info":"","speechkit_response":"","speechkit_retries":"","speechkit_status":"","speechkit_updated_at":"","_speechkit_link":"","_speechkit_text":""},"class_list":["post-53315","etablissement","type-etablissement","status-publish","has-post-thumbnail","hentry","type-etablissement-brunch-en","type-etablissement-cafe-tearoom-en","type-etablissement-concept-cuisine","type-etablissement-gift-vouchers","type-etablissement-sweet-break"],"acf":{"id_eta_scn":"","id_app_foodandgood":178,"id_exponum":"","abo":[],"etoile_michelin":[],"titre_presentation":"Bistrot \u00e0 tartines and tearoom in Colmar","presentation":"This charming caf\u00e9 serves breakfast from 8am, small dishes at lunchtime and sweet treats for afternoon tea. There are pastries and toast in the morning, followed by hearty spreads for lunch or when you're feeling peckish: smoked trout, fromage frais, ham chiffonade, comt\u00e9 cheese, hazelnuts, duck breast, bibeleskaes... In the afternoon, it's time for sweets with a fabulous childhood flavour (cookies, chocolate mousse, artisanal Italian ice cream...). The atmosphere at Mokka is warm, just like its owners Ambre and Pierre.","types_prestation":false,"photo":53323,"photo_bis":53299,"photo_3":53306,"adresse":{"address":"MOKKA Caf\u00e9 D\u00e9jeuner Go\u00fbter, Grand Rue, Colmar, France","lat":48.0752636,"lng":7.3580022,"zoom":7,"place_id":"ChIJncrSZjNlkUcRW1Nr3gBVmvw","name":"MOKKA Caf\u00e9 D\u00e9jeuner Go\u00fbter","street_number":35,"street_name":"Grand Rue","city":"Colmar","state":"Grand Est","post_code":68000,"country":"France","country_short":"FR"},"horaires":"Monday Closed\nTuesday Closed\nwednesday 09:00-18:00\nThursday 09:00-18:00\nfriday 09:00-18:00\nSaturday 09:00-18:00\nsunday 11:00-18:00","tel":"03 69 34 16 29","boutons":[{"title":"Website","link":""},{"title":"Gift Vouchers","link":"https:\/\/aji-box.com\/-\/food_and_good_boutique_officielle\/"},{"title":"","link":""},{"title":"","link":""}],"boutons_reservation":"","boutons_social":null,"articles":[{"title":"","text":"","image":""}]},"_links":{"self":[{"href":"https:\/\/foodandgood.fr\/en\/wp-json\/wp\/v2\/etablissement\/53315","targetHints":{"allow":["GET"]}}],"collection":[{"href":"https:\/\/foodandgood.fr\/en\/wp-json\/wp\/v2\/etablissement"}],"about":[{"href":"https:\/\/foodandgood.fr\/en\/wp-json\/wp\/v2\/types\/etablissement"}],"author":[{"embeddable":true,"href":"https:\/\/foodandgood.fr\/en\/wp-json\/wp\/v2\/users\/1"}],"replies":[{"embeddable":true,"href":"https:\/\/foodandgood.fr\/en\/wp-json\/wp\/v2\/comments?post=53315"}],"version-history":[{"count":1,"href":"https:\/\/foodandgood.fr\/en\/wp-json\/wp\/v2\/etablissement\/53315\/revisions"}],"predecessor-version":[{"id":87753,"href":"https:\/\/foodandgood.fr\/en\/wp-json\/wp\/v2\/etablissement\/53315\/revisions\/87753"}],"wp:featuredmedia":[{"embeddable":true,"href":"https:\/\/foodandgood.fr\/en\/wp-json\/wp\/v2\/media\/53323"}],"wp:attachment":[{"href":"https:\/\/foodandgood.fr\/en\/wp-json\/wp\/v2\/media?parent=53315"}],"curies":[{"name":"wp","href":"https:\/\/api.w.org\/{rel}","templated":true}]}}

Bistrot à tartines and tearoom in Colmar

This charming café serves breakfast from 8am, small dishes at lunchtime and sweet treats for afternoon tea. There are pastries and toast in the morning, followed by hearty spreads for lunch or when you're feeling peckish: smoked trout, fromage frais, ham chiffonade, comté cheese, hazelnuts, duck breast, bibeleskaes... In the afternoon, it's time for sweets with a fabulous childhood flavour (cookies, chocolate mousse, artisanal Italian ice cream...). The atmosphere at Mokka is warm, just like its owners Ambre and Pierre.

MOKKA Café Déjeuner Goûter, Grand Rue, Colmar, France

MOKKA Café Déjeuner Goûter
