 {"id":159143,"date":"2025-06-23T16:19:32","date_gmt":"2025-06-23T14:19:32","guid":{"rendered":"https:\/\/foodandgood.fr\/?post_type=etablissement&#038;p=159143"},"modified":"2025-06-23T16:46:29","modified_gmt":"2025-06-23T14:46:29","slug":"latelier-des-saveurs","status":"publish","type":"etablissement","link":"https:\/\/foodandgood.fr\/latelier-des-saveurs\/","title":{"rendered":"L'Atelier des Saveurs"},"excerpt":{"rendered":"","protected":false},"author":13,"comment_status":"closed","ping_status":"closed","template":"","meta":{"_acf_changed":false,"beyondwords_generate_audio":"0","beyondwords_integration_method":"","beyondwords_project_id":"","beyondwords_content_id":"","beyondwords_preview_token":"","beyondwords_player_content":"","beyondwords_player_style":"small","beyondwords_language_code":"fr_FR","beyondwords_language_id":"","beyondwords_title_voice_id":"1950","beyondwords_body_voice_id":"1950","beyondwords_summary_voice_id":"1950","beyondwords_error_message":"","beyondwords_disabled":"","beyondwords_delete_content":"","beyondwords_podcast_id":"","beyondwords_hash":"","publish_post_to_speechkit":"","speechkit_hash":"","speechkit_generate_audio":"","speechkit_project_id":"","speechkit_podcast_id":"","speechkit_error_message":"","speechkit_disabled":"","speechkit_access_key":"","speechkit_error":"","speechkit_info":"","speechkit_response":"","speechkit_retries":"","speechkit_status":"","speechkit_updated_at":"","_speechkit_link":"","_speechkit_text":""},"class_list":["post-159143","etablissement","type-etablissement","status-publish","hentry","type-etablissement-cocina-francesa","type-etablissement-catering-shops-es"],"acf":{"id_eta_scn":"","id_app_foodandgood":"","id_exponum":"","abo":[],"etoile_michelin":[],"titre_presentation":"","presentation":"<p data-start=\"129\" data-end=\"223\"><strong data-start=\"129\" data-end=\"221\">L\u2019Atelier des Saveurs : un lieu d\u00e9di\u00e9 \u00e0 la gastronomie m\u00e9diterran\u00e9enne au c\u0153ur de Colmar<\/strong><\/p>\r\n<p data-start=\"225\" data-end=\"545\">Install\u00e9 en plein centre de Colmar (68), <strong data-start=\"266\" data-end=\"291\">L\u2019Atelier des Saveurs<\/strong> est un espace que nous avons imagin\u00e9 et ouvert en 2008, enti\u00e8rement consacr\u00e9 \u00e0 la gastronomie et aux saveurs m\u00e9diterran\u00e9ennes. C\u2019est une aventure familiale : depuis plus de 30 ans, nous mettons notre passion du go\u00fbt au service des gourmands en Alsace.<\/p>\r\n<p data-start=\"547\" data-end=\"617\"><strong data-start=\"547\" data-end=\"615\">Un lieu, trois ambiances : traiteur, \u00e9picerie fine et restaurant<\/strong><\/p>\r\n<p data-start=\"619\" data-end=\"778\">L\u2019Atelier des Saveurs a \u00e9t\u00e9 pens\u00e9 comme un v\u00e9ritable temple de la gourmandise, o\u00f9 petits et grands amateurs de cuisine m\u00e9diterran\u00e9enne trouvent leur bonheur.<\/p>\r\n\r\n<ul data-start=\"779\" data-end=\"1367\">\r\n \t<li data-start=\"779\" data-end=\"957\">\r\n<p data-start=\"781\" data-end=\"957\"><strong data-start=\"781\" data-end=\"798\">C\u00f4t\u00e9 traiteur<\/strong>, d\u00e9couvrez chaque jour nos suggestions du moment et nos incontournables, \u00e0 savourer chez vous, au bureau ou en promenade, en solo, entre amis ou en famille.<\/p>\r\n<\/li>\r\n \t<li data-start=\"958\" data-end=\"1171\">\r\n<p data-start=\"960\" data-end=\"1171\"><strong data-start=\"960\" data-end=\"988\">Dans notre \u00e9picerie fine<\/strong>, vous attend une s\u00e9lection g\u00e9n\u00e9reuse de produits ensoleill\u00e9s : huiles d\u2019olive, vinaigres, vins, sauces, charcuteries, fromages, antipasti, sans oublier nos fameuses p\u00e2tes fra\u00eeches.<\/p>\r\n<\/li>\r\n \t<li data-start=\"1172\" data-end=\"1367\">\r\n<p data-start=\"1174\" data-end=\"1367\"><strong data-start=\"1174\" data-end=\"1201\">Enfin, notre restaurant<\/strong> vous accueille dans une atmosph\u00e8re conviviale et authentique pour vos d\u00e9jeuners. Vous y d\u00e9gusterez des plats qui c\u00e9l\u00e8brent toutes les richesses de la M\u00e9diterran\u00e9e.<\/p>\r\n<\/li>\r\n<\/ul>\r\n<p data-start=\"1369\" data-end=\"1423\"><strong data-start=\"1369\" data-end=\"1421\">Une cuisine qui met le soleil dans vos assiettes<\/strong><\/p>\r\n<p data-start=\"1425\" data-end=\"1748\">Tout au long de l\u2019ann\u00e9e, notre Chef et son \u00e9quipe s\u2019attachent \u00e0 faire rayonner les saveurs et les bienfaits de la M\u00e9diterran\u00e9e \u00e0 travers une cuisine color\u00e9e, g\u00e9n\u00e9reuse et pleine de vie. Notre carte \u00e9volue au fil des saisons afin de toujours vous surprendre et de vous r\u00e9galer avec des recettes gourmandes et authentiques.<\/p>\r\n<p data-start=\"1750\" data-end=\"1877\">Rendez-nous visite au <strong data-start=\"1772\" data-end=\"1802\">51 Grand Rue, 68100 Colmar<\/strong>, et laissez-vous tenter par un voyage gustatif sous le signe du soleil !<\/p>","types_prestation":false,"photo":159198,"photo_bis":159251,"photo_3":159259,"adresse":{"address":"L'Atelier Des Saveurs, Grand Rue, Colmar, France","lat":48.0746696,"lng":7.357173599999999,"zoom":5,"place_id":"ChIJy3fONuZlkUcRHiE53kiRvms","name":"L'Atelier Des Saveurs","street_number":51,"street_name":"Grand Rue","city":"Colmar","state":"Grand Est","post_code":68000,"country":"France","country_short":"FR"},"horaires":"lundi: 11:00\u2009\u2013\u200921:00\r\nmardi: 11:00\u2009\u2013\u200921:00\r\nmercredi: Ferm\u00e9\r\njeudi: 11:00\u2009\u2013\u200921:45\r\nvendredi: 11:00\u2009\u2013\u200921:45\r\nsamedi: 10:00\u2009\u2013\u200921:45\r\ndimanche: Ferm\u00e9","tel":"03 89 29 02 82","boutons":[{"title":"Site Internet","link":"http:\/\/www.atelier-saveurs-colmar.fr\/"}],"boutons_reservation":"","boutons_social":[{"type":"facebook-f","link":"https:\/\/www.facebook.com\/p\/Atelier-des-Saveurs-Colmar-100048682914103\/?locale=fr_FR"},{"type":"instagram","link":"https:\/\/www.instagram.com\/atelierdessaveurscolmar\/?hl=fr"}],"articles":null},"_links":{"self":[{"href":"https:\/\/foodandgood.fr\/en\/wp-json\/wp\/v2\/etablissement\/159143","targetHints":{"allow":["GET"]}}],"collection":[{"href":"https:\/\/foodandgood.fr\/en\/wp-json\/wp\/v2\/etablissement"}],"about":[{"href":"https:\/\/foodandgood.fr\/en\/wp-json\/wp\/v2\/types\/etablissement"}],"author":[{"embeddable":true,"href":"https:\/\/foodandgood.fr\/en\/wp-json\/wp\/v2\/users\/13"}],"replies":[{"embeddable":true,"href":"https:\/\/foodandgood.fr\/en\/wp-json\/wp\/v2\/comments?post=159143"}],"version-history":[{"count":2,"href":"https:\/\/foodandgood.fr\/en\/wp-json\/wp\/v2\/etablissement\/159143\/revisions"}],"predecessor-version":[{"id":159332,"href":"https:\/\/foodandgood.fr\/en\/wp-json\/wp\/v2\/etablissement\/159143\/revisions\/159332"}],"wp:attachment":[{"href":"https:\/\/foodandgood.fr\/en\/wp-json\/wp\/v2\/media?parent=159143"}],"curies":[{"name":"wp","href":"https:\/\/api.w.org\/{rel}","templated":true}]}}

<p data-start="129" data-end="223"><strong data-start="129" data-end="221">L’Atelier des Saveurs : un lieu dédié à la gastronomie méditerranéenne au cœur de Colmar</strong></p>
<p data-start="225" data-end="545">Installé en plein centre de Colmar (68), <strong data-start="266" data-end="291">L’Atelier des Saveurs</strong> est un espace que nous avons imaginé et ouvert en 2008, entièrement consacré à la gastronomie et aux saveurs méditerranéennes. C’est une aventure familiale : depuis plus de 30 ans, nous mettons notre passion du goût au service des gourmands en Alsace.</p>
<p data-start="547" data-end="617"><strong data-start="547" data-end="615">Un lieu, trois ambiances : traiteur, épicerie fine et restaurant</strong></p>
<p data-start="619" data-end="778">L’Atelier des Saveurs a été pensé comme un véritable temple de la gourmandise, où petits et grands amateurs de cuisine méditerranéenne trouvent leur bonheur.</p>

<ul data-start="779" data-end="1367">
 	<li data-start="779" data-end="957">
<p data-start="781" data-end="957"><strong data-start="781" data-end="798">Côté traiteur</strong>, découvrez chaque jour nos suggestions du moment et nos incontournables, à savourer chez vous, au bureau ou en promenade, en solo, entre amis ou en famille.</p>
</li>
 	<li data-start="958" data-end="1171">
<p data-start="960" data-end="1171"><strong data-start="960" data-end="988">Dans notre épicerie fine</strong>, vous attend une sélection généreuse de produits ensoleillés : huiles d’olive, vinaigres, vins, sauces, charcuteries, fromages, antipasti, sans oublier nos fameuses pâtes fraîches.</p>
</li>
 	<li data-start="1172" data-end="1367">
<p data-start="1174" data-end="1367"><strong data-start="1174" data-end="1201">Enfin, notre restaurant</strong> vous accueille dans une atmosphère conviviale et authentique pour vos déjeuners. Vous y dégusterez des plats qui célèbrent toutes les richesses de la Méditerranée.</p>
</li>
</ul>
<p data-start="1369" data-end="1423"><strong data-start="1369" data-end="1421">Une cuisine qui met le soleil dans vos assiettes</strong></p>
<p data-start="1425" data-end="1748">Tout au long de l’année, notre Chef et son équipe s’attachent à faire rayonner les saveurs et les bienfaits de la Méditerranée à travers une cuisine colorée, généreuse et pleine de vie. Notre carte évolue au fil des saisons afin de toujours vous surprendre et de vous régaler avec des recettes gourmandes et authentiques.</p>
<p data-start="1750" data-end="1877">Rendez-nous visite au <strong data-start="1772" data-end="1802">51 Grand Rue, 68100 Colmar</strong>, et laissez-vous tenter par un voyage gustatif sous le signe du soleil !</p>

lundi: 11:00 – 21:00
mardi: 11:00 – 21:00
mercredi: Fermé
jeudi: 11:00 – 21:45
vendredi: 11:00 – 21:45
samedi: 10:00 – 21:45
dimanche: Fermé
