 {"id":126625,"date":"2024-10-29T09:55:52","date_gmt":"2024-10-29T08:55:52","guid":{"rendered":"https:\/\/foodandgood.fr\/etablissement\/patisserie-schmitt\/"},"modified":"2025-04-14T11:18:15","modified_gmt":"2025-04-14T09:18:15","slug":"patisserie-schmitt","status":"publish","type":"etablissement","link":"https:\/\/foodandgood.fr\/en\/patisserie-schmitt\/","title":{"rendered":"P\u00e2tisserie Schmitt"},"excerpt":{"rendered":"","protected":false},"author":10,"comment_status":"closed","ping_status":"closed","template":"","meta":{"_acf_changed":false,"beyondwords_generate_audio":"","beyondwords_integration_method":"","beyondwords_project_id":"","beyondwords_content_id":"","beyondwords_preview_token":"","beyondwords_player_content":"","beyondwords_player_style":"","beyondwords_language_code":"","beyondwords_language_id":"","beyondwords_title_voice_id":"","beyondwords_body_voice_id":"","beyondwords_summary_voice_id":"","beyondwords_error_message":"","beyondwords_disabled":"","beyondwords_delete_content":"","beyondwords_podcast_id":"","beyondwords_hash":"","publish_post_to_speechkit":"","speechkit_hash":"","speechkit_generate_audio":"","speechkit_project_id":"","speechkit_podcast_id":"","speechkit_error_message":"","speechkit_disabled":"","speechkit_access_key":"","speechkit_error":"","speechkit_info":"","speechkit_response":"","speechkit_retries":"","speechkit_status":"","speechkit_updated_at":"","_speechkit_link":"","_speechkit_text":""},"class_list":["post-126625","etablissement","type-etablissement","status-publish","hentry","type-etablissement-patisserie-en"],"acf":{"id_eta_scn":"","id_app_foodandgood":"","id_exponum":"","abo":[],"etoile_michelin":[],"titre_presentation":"La Maison Charles Schmitt","presentation":"For over 40 years, we have shared with\n\nyou our love of gastronomy and the \"true\" taste, gourmet, without additives or superfluous ingredients.\n\nCharles SCHMITT has been a Master Pastry Chef since 1981 and has been based in Colmar for over 30 years. A few years ago, he was joined by his daughter and son-in-law, making it a beautiful family story.\n\n\u00a0\n\nTogether, they offer you a range of homemade products, made with respect for the artisanal traditions that are dear to them.\n\n\u200b\n\nThe watchwords are simple:\n\nmake it yourself and make it good.","types_prestation":false,"photo":124613,"photo_bis":124591,"photo_3":124561,"adresse":{"address":"P\u00e2tisserie Schmitt, Avenue de la R\u00e9publique, Colmar, France","lat":48.07670539999999,"lng":7.352165599999999,"zoom":7,"place_id":"ChIJ_W3XoN1lkUcRVDg3WiX40gw","name":"P\u00e2tisserie Schmitt","street_number":30,"street_name":"Avenue de la R\u00e9publique","street_name_short":"Av. de la R\u00e9publique","city":"Colmar","state":"Grand Est","post_code":68000,"country":"France","country_short":"FR"},"horaires":"Monday: Closed\nTuesday: 07:00\u2009\u2013\u200919:00\nWednesday: 07:00\u2009\u2013\u200919:00\nThursday: 07:00\u2009\u2013\u200919:00\nFriday: 07:00\u2009\u2013\u200919:00\nSaturday: 07:00\u2009\u2013\u200917:00\nSunday: 07:00\u2009\u2013\u200912:30","tel":"03 89 41 23 29","boutons":[{"title":"Website","link":"http:\/\/www.patisserie-schmitt.com\/"}],"boutons_reservation":"","boutons_social":null,"articles":[{"title":"","text":"","image":""}]},"_links":{"self":[{"href":"https:\/\/foodandgood.fr\/en\/wp-json\/wp\/v2\/etablissement\/126625","targetHints":{"allow":["GET"]}}],"collection":[{"href":"https:\/\/foodandgood.fr\/en\/wp-json\/wp\/v2\/etablissement"}],"about":[{"href":"https:\/\/foodandgood.fr\/en\/wp-json\/wp\/v2\/types\/etablissement"}],"author":[{"embeddable":true,"href":"https:\/\/foodandgood.fr\/en\/wp-json\/wp\/v2\/users\/10"}],"replies":[{"embeddable":true,"href":"https:\/\/foodandgood.fr\/en\/wp-json\/wp\/v2\/comments?post=126625"}],"version-history":[{"count":1,"href":"https:\/\/foodandgood.fr\/en\/wp-json\/wp\/v2\/etablissement\/126625\/revisions"}],"predecessor-version":[{"id":151788,"href":"https:\/\/foodandgood.fr\/en\/wp-json\/wp\/v2\/etablissement\/126625\/revisions\/151788"}],"wp:attachment":[{"href":"https:\/\/foodandgood.fr\/en\/wp-json\/wp\/v2\/media?parent=126625"}],"curies":[{"name":"wp","href":"https:\/\/api.w.org\/{rel}","templated":true}]}}

Pâtisserie Schmitt

Pâtisserie Schmitt, Avenue de la République, Colmar, France

Avenue de la République

Av. de la République
