 {"id":99307,"date":"2024-07-23T16:34:29","date_gmt":"2024-07-23T14:34:29","guid":{"rendered":"https:\/\/foodandgood.fr\/etablissement\/bauernhof-de-la-rouge-maison\/"},"modified":"2024-09-03T15:06:25","modified_gmt":"2024-09-03T13:06:25","slug":"bauernhof-de-la-rouge-maison","status":"publish","type":"etablissement","link":"https:\/\/foodandgood.fr\/de\/bauernhof-de-la-rouge-maison\/","title":{"rendered":"Ferme De La Rouge Maison"},"excerpt":{"rendered":"","protected":false},"author":1,"comment_status":"closed","ping_status":"closed","template":"","meta":{"_acf_changed":false,"beyondwords_generate_audio":"","beyondwords_integration_method":"","beyondwords_project_id":"","beyondwords_content_id":"","beyondwords_preview_token":"","beyondwords_player_content":"","beyondwords_player_style":"","beyondwords_language_code":"","beyondwords_language_id":"","beyondwords_title_voice_id":"","beyondwords_body_voice_id":"","beyondwords_summary_voice_id":"","beyondwords_error_message":"","beyondwords_disabled":"","beyondwords_delete_content":"","beyondwords_podcast_id":"","beyondwords_hash":"","publish_post_to_speechkit":"","speechkit_hash":"","speechkit_generate_audio":"","speechkit_project_id":"","speechkit_podcast_id":"","speechkit_error_message":"","speechkit_disabled":"","speechkit_access_key":"","speechkit_error":"","speechkit_info":"","speechkit_response":"","speechkit_retries":"","speechkit_status":"","speechkit_updated_at":"","_speechkit_link":"","_speechkit_text":""},"class_list":["post-99307","etablissement","type-etablissement","status-publish","has-post-thumbnail","hentry","type-etablissement-gemetzel"],"acf":{"id_eta_scn":"","id_app_foodandgood":"","id_exponum":"","abo":[],"etoile_michelin":[],"titre_presentation":"Familienbauernhof","presentation":"<p>Mischkulturbetrieb mit 35 M\u00fcttern, die blonde Aquitaine z\u00fcchten. Wir verf\u00fcgen \u00fcber 70 ha Ackerland, wovon 40 ha Weidefl\u00e4che f\u00fcr die Tiere sind. Wir sind Z\u00fcchter, Aufz\u00fcchter und M\u00e4ster.<\/p>\n<p>Die Tiere werden haupts\u00e4chlich mit Gras aus eigenem Anbau, ohne GVO, gef\u00fcttert.\nSie k\u00f6nnen die Weide vom 15. April bis zum 15. November nutzen, je nach Wetterlage. <\/p>\n<p>Wir bieten Ihnen vakuumverpacktes Rind-, Kalb- und Schweinefleisch mit vollst\u00e4ndiger R\u00fcckverfolgbarkeit auf dem Etikett.\nAlle unsere Wurstwaren werden mit unseren eigenen Gew\u00fcrzmischungen hergestellt. <\/p>\n","types_prestation":false,"photo":99378,"photo_bis":99383,"photo_3":99384,"adresse":{"address":"Ferme de la Rouge Maison, Rue de Blamont, Autrepierre, France","lat":48.60965820000001,"lng":6.8042362,"zoom":7,"place_id":"ChIJ0RLc9ItxlEcRX4erOZirJ78","name":"Ferme de la Rouge Maison","street_number":2,"street_name":"Rue de Blamont","city":"Autrepierre","state":"Grand Est","post_code":54450,"country":"France","country_short":"FR"},"horaires":"<p>Montag: Geschlossen<br> Dienstag: Geschlossen<br> Mittwoch: Geschlossen<br> Donnerstag: Geschlossen<br> Freitag: Geschlossen<br> Samstag: 15:00 - 17:00<br> Sonntag: Geschlossen<\/p>\n","tel":"06 40 29 04 05","boutons":[{"title":"Webseite","link":"https:\/\/fermerougemaison.fr\/"}],"boutons_reservation":"","boutons_social":null,"articles":[{"title":"","text":"","image":""}]},"_links":{"self":[{"href":"https:\/\/foodandgood.fr\/de\/wp-json\/wp\/v2\/etablissement\/99307","targetHints":{"allow":["GET"]}}],"collection":[{"href":"https:\/\/foodandgood.fr\/de\/wp-json\/wp\/v2\/etablissement"}],"about":[{"href":"https:\/\/foodandgood.fr\/de\/wp-json\/wp\/v2\/types\/etablissement"}],"author":[{"embeddable":true,"href":"https:\/\/foodandgood.fr\/de\/wp-json\/wp\/v2\/users\/1"}],"replies":[{"embeddable":true,"href":"https:\/\/foodandgood.fr\/de\/wp-json\/wp\/v2\/comments?post=99307"}],"version-history":[{"count":1,"href":"https:\/\/foodandgood.fr\/de\/wp-json\/wp\/v2\/etablissement\/99307\/revisions"}],"predecessor-version":[{"id":99373,"href":"https:\/\/foodandgood.fr\/de\/wp-json\/wp\/v2\/etablissement\/99307\/revisions\/99373"}],"wp:featuredmedia":[{"embeddable":true,"href":"https:\/\/foodandgood.fr\/de\/wp-json\/wp\/v2\/media\/99378"}],"wp:attachment":[{"href":"https:\/\/foodandgood.fr\/de\/wp-json\/wp\/v2\/media?parent=99307"}],"curies":[{"name":"wp","href":"https:\/\/api.w.org\/{rel}","templated":true}]}}

<p>Mischkulturbetrieb mit 35 Müttern, die blonde Aquitaine züchten. Wir verfügen über 70 ha Ackerland, wovon 40 ha Weidefläche für die Tiere sind. Wir sind Züchter, Aufzüchter und Mäster.</p>
<p>Die Tiere werden hauptsächlich mit Gras aus eigenem Anbau, ohne GVO, gefüttert.
Sie können die Weide vom 15. April bis zum 15. November nutzen, je nach Wetterlage. </p>
<p>Wir bieten Ihnen vakuumverpacktes Rind-, Kalb- und Schweinefleisch mit vollständiger Rückverfolgbarkeit auf dem Etikett.
Alle unsere Wurstwaren werden mit unseren eigenen Gewürzmischungen hergestellt. </p>
