 {"id":98848,"date":"2024-07-23T11:33:07","date_gmt":"2024-07-23T09:33:07","guid":{"rendered":"https:\/\/foodandgood.fr\/etablissement\/brauerei-du-thone\/"},"modified":"2024-08-07T11:07:55","modified_gmt":"2024-08-07T09:07:55","slug":"brauerei-du-thone","status":"publish","type":"etablissement","link":"https:\/\/foodandgood.fr\/de\/brauerei-du-thone\/","title":{"rendered":"Brasserie Du Thon\u00e9"},"excerpt":{"rendered":"","protected":false},"author":1,"comment_status":"closed","ping_status":"closed","template":"","meta":{"_acf_changed":false,"beyondwords_generate_audio":"","beyondwords_integration_method":"","beyondwords_project_id":"","beyondwords_content_id":"","beyondwords_preview_token":"","beyondwords_player_content":"","beyondwords_player_style":"","beyondwords_language_code":"","beyondwords_language_id":"","beyondwords_title_voice_id":"","beyondwords_body_voice_id":"","beyondwords_summary_voice_id":"","beyondwords_error_message":"","beyondwords_disabled":"","beyondwords_delete_content":"","beyondwords_podcast_id":"","beyondwords_hash":"","publish_post_to_speechkit":"","speechkit_hash":"","speechkit_generate_audio":"","speechkit_project_id":"","speechkit_podcast_id":"","speechkit_error_message":"","speechkit_disabled":"","speechkit_access_key":"","speechkit_error":"","speechkit_info":"","speechkit_response":"","speechkit_retries":"","speechkit_status":"","speechkit_updated_at":"","_speechkit_link":"","_speechkit_text":""},"class_list":["post-98848","etablissement","type-etablissement","status-publish","has-post-thumbnail","hentry","type-etablissement-handwerkliche-brauerei"],"acf":{"id_eta_scn":"","id_app_foodandgood":"","id_exponum":"","abo":[],"etoile_michelin":[],"titre_presentation":"Handwerkliche Biere, die zu 100% in den Vogesen gebraut werden.","presentation":"<p>Die Anf\u00e4nge der Brasserie du Thon\u00e9 gehen auf September 2018 zur\u00fcck, doch die Geschichte beginnt schon ein paar Jahre fr\u00fcher... Julien, der Sch\u00f6pfer und Brauer, ist ein echter Bierliebhaber und -enthusiast.<br>  Seine ersten Brauprozesse f\u00fchrte er in seiner K\u00fcche durch.\nIm Jahr 2018 beschloss er, seine Leidenschaft zum Beruf zu machen und gab seine Stelle in der Papierfabrik auf, um sich voll und ganz dieser T\u00e4tigkeit zu widmen. <\/p>\n","types_prestation":false,"photo":98799,"photo_bis":103254,"photo_3":103255,"adresse":{"address":"Brasserie du Thon\u00e9, rue devant Thon\u00e9, La Bourgonce, France","lat":48.305512,"lng":6.835301199999999,"zoom":7,"place_id":"ChIJJYGQV6uTk0cRMWCYehyHSsU","name":"Brasserie du Thon\u00e9","street_number":79,"street_name":"rue devant Thon\u00e9","city":"La Bourgonce","state":"Grand Est","post_code":88470,"country":"France","country_short":"FR"},"horaires":"","tel":"06 30 54 30 55","boutons":[{"title":"Webseite","link":"https:\/\/www.brasserie-du-thone.com\/"}],"boutons_reservation":"","boutons_social":null,"articles":[{"title":"","text":"<p>Zwischen seinen Zapfanlagen und temperaturgesteuerten Tanks serviert Ihnen Julien seine Biere, die er vor Ort in dem charmanten Dorf La Bourgonce, etwa 10 Minuten von Saint-Di\u00e9-des-Vosges entfernt, gebraut hat.\nMonat f\u00fcr Monat entwickelt er neue Bierrezepte und stellt sie dann von A bis Z unter Einhaltung der Brauereitraditionen her. <br>  Rezepte f\u00fcr jeden Geschmack!<\/p>\n","image":103256}]},"_links":{"self":[{"href":"https:\/\/foodandgood.fr\/de\/wp-json\/wp\/v2\/etablissement\/98848","targetHints":{"allow":["GET"]}}],"collection":[{"href":"https:\/\/foodandgood.fr\/de\/wp-json\/wp\/v2\/etablissement"}],"about":[{"href":"https:\/\/foodandgood.fr\/de\/wp-json\/wp\/v2\/types\/etablissement"}],"author":[{"embeddable":true,"href":"https:\/\/foodandgood.fr\/de\/wp-json\/wp\/v2\/users\/1"}],"replies":[{"embeddable":true,"href":"https:\/\/foodandgood.fr\/de\/wp-json\/wp\/v2\/comments?post=98848"}],"version-history":[{"count":1,"href":"https:\/\/foodandgood.fr\/de\/wp-json\/wp\/v2\/etablissement\/98848\/revisions"}],"predecessor-version":[{"id":103264,"href":"https:\/\/foodandgood.fr\/de\/wp-json\/wp\/v2\/etablissement\/98848\/revisions\/103264"}],"wp:featuredmedia":[{"embeddable":true,"href":"https:\/\/foodandgood.fr\/de\/wp-json\/wp\/v2\/media\/98799"}],"wp:attachment":[{"href":"https:\/\/foodandgood.fr\/de\/wp-json\/wp\/v2\/media?parent=98848"}],"curies":[{"name":"wp","href":"https:\/\/api.w.org\/{rel}","templated":true}]}}

Brasserie Du Thoné

<p>Die Anfänge der Brasserie du Thoné gehen auf September 2018 zurück, doch die Geschichte beginnt schon ein paar Jahre früher... Julien, der Schöpfer und Brauer, ist ein echter Bierliebhaber und -enthusiast.<br>  Seine ersten Brauprozesse führte er in seiner Küche durch.
Im Jahr 2018 beschloss er, seine Leidenschaft zum Beruf zu machen und gab seine Stelle in der Papierfabrik auf, um sich voll und ganz dieser Tätigkeit zu widmen. </p>

Brasserie du Thoné, rue devant Thoné, La Bourgonce, France

Brasserie du Thoné

rue devant Thoné

<p>Zwischen seinen Zapfanlagen und temperaturgesteuerten Tanks serviert Ihnen Julien seine Biere, die er vor Ort in dem charmanten Dorf La Bourgonce, etwa 10 Minuten von Saint-Dié-des-Vosges entfernt, gebraut hat.
Monat für Monat entwickelt er neue Bierrezepte und stellt sie dann von A bis Z unter Einhaltung der Brauereitraditionen her. <br>  Rezepte für jeden Geschmack!</p>
