 {"id":87156,"date":"2024-05-04T07:08:23","date_gmt":"2024-05-04T05:08:23","guid":{"rendered":"https:\/\/foodandgood.fr\/etablissement\/auberge-le-bouc-bleu\/"},"modified":"2024-07-02T11:24:21","modified_gmt":"2024-07-02T09:24:21","slug":"auberge-le-bouc-bleu","status":"publish","type":"etablissement","link":"https:\/\/foodandgood.fr\/de\/auberge-le-bouc-bleu\/","title":{"rendered":"Auberge Le Bouc Bleu"},"excerpt":{"rendered":"","protected":false},"author":4,"comment_status":"closed","ping_status":"closed","template":"","meta":{"_acf_changed":false,"beyondwords_generate_audio":"","beyondwords_integration_method":"","beyondwords_project_id":"","beyondwords_content_id":"","beyondwords_preview_token":"","beyondwords_player_content":"","beyondwords_player_style":"","beyondwords_language_code":"","beyondwords_language_id":"","beyondwords_title_voice_id":"","beyondwords_body_voice_id":"","beyondwords_summary_voice_id":"","beyondwords_error_message":"","beyondwords_disabled":"","beyondwords_delete_content":"","beyondwords_podcast_id":"","beyondwords_hash":"","publish_post_to_speechkit":"","speechkit_hash":"","speechkit_generate_audio":"","speechkit_project_id":"","speechkit_podcast_id":"","speechkit_error_message":"","speechkit_disabled":"","speechkit_access_key":"","speechkit_error":"","speechkit_info":"","speechkit_response":"","speechkit_retries":"","speechkit_status":"","speechkit_updated_at":"","_speechkit_link":"","_speechkit_text":""},"class_list":["post-87156","etablissement","type-etablissement","status-publish","hentry","type-etablissement-gastronomisches-kochen"],"acf":{"id_eta_scn":"","id_app_foodandgood":"","id_exponum":"","abo":[],"etoile_michelin":[],"titre_presentation":"Authentische K\u00fcche","presentation":"Die Auberge Le Bouc Bleu liegt in Beblenheim im Elsass und ist f\u00fcr ihre authentische K\u00fcche und ihre gem\u00fctliche Atmosph\u00e4re bekannt. Unter der Leitung von Romain Hertrich, Chefkoch, und Romain Lambert, Sommelier, bietet das Gasthaus ein kulinarisches Erlebnis, das auf biologischen und saisonalen Produkten basiert und die lokale Gastronomie mit einem kreativen Touch hervorhebt.\n\nDie Auberge Le Bouc Bleu zeichnet sich durch ihr Engagement f\u00fcr eine qualitativ hochwertige K\u00fcche aus, die ausschlie\u00dflich mit frischen und lokalen Produkten zubereitet wird. Die Gerichte werden frisch zubereitet und bieten eine unvergleichliche Frische und Authentizit\u00e4t. Das Men\u00fc \u00e4ndert sich mit den Jahreszeiten, um einen optimalen Geschmack zu garantieren, immer in Harmonie mit einer raffinierten Auswahl an Weinen.","types_prestation":false,"photo":null,"photo_bis":87165,"photo_3":87177,"adresse":{"address":"Auberge Le Bouc Bleu, Rue du 5 D\u00e9cembre, Beblenheim, France","lat":48.15799359999999,"lng":7.3245223,"zoom":7,"place_id":"ChIJuxJqCF1nkUcRYT-NEjDHAUU","name":"Auberge Le Bouc Bleu","street_number":2,"street_name":"Rue du 5 D\u00e9cembre","city":"Beblenheim","state":"Grand Est","post_code":68980,"country":"France","country_short":"FR"},"horaires":"Montag: 12:00 - 13:45, 19:00 - 20:30 Uhr\nDienstag: 12:00 - 13:45, 19:00 - 20:30 Uhr\nMittwoch: Geschlossen\nDonnerstag: 12:00 - 13:45\nFreitag: 12:00 - 13:45, 19:00 - 20:30 Uhr\nSamstag: 12:00 - 13:45, 19:00 - 20:30\nSonntag: 12:00 - 13:45","tel":"03 89 47 88 21","boutons":[{"title":"Webseite","link":"https:\/\/www.aubergeleboucbleu.com\/"}],"boutons_reservation":"","boutons_social":null,"articles":[{"title":"","text":"","image":""}]},"_links":{"self":[{"href":"https:\/\/foodandgood.fr\/de\/wp-json\/wp\/v2\/etablissement\/87156","targetHints":{"allow":["GET"]}}],"collection":[{"href":"https:\/\/foodandgood.fr\/de\/wp-json\/wp\/v2\/etablissement"}],"about":[{"href":"https:\/\/foodandgood.fr\/de\/wp-json\/wp\/v2\/types\/etablissement"}],"author":[{"embeddable":true,"href":"https:\/\/foodandgood.fr\/de\/wp-json\/wp\/v2\/users\/4"}],"replies":[{"embeddable":true,"href":"https:\/\/foodandgood.fr\/de\/wp-json\/wp\/v2\/comments?post=87156"}],"version-history":[{"count":2,"href":"https:\/\/foodandgood.fr\/de\/wp-json\/wp\/v2\/etablissement\/87156\/revisions"}],"predecessor-version":[{"id":87241,"href":"https:\/\/foodandgood.fr\/de\/wp-json\/wp\/v2\/etablissement\/87156\/revisions\/87241"}],"wp:attachment":[{"href":"https:\/\/foodandgood.fr\/de\/wp-json\/wp\/v2\/media?parent=87156"}],"curies":[{"name":"wp","href":"https:\/\/api.w.org\/{rel}","templated":true}]}}

Authentische Küche

Die Auberge Le Bouc Bleu liegt in Beblenheim im Elsass und ist für ihre authentische Küche und ihre gemütliche Atmosphäre bekannt. Unter der Leitung von Romain Hertrich, Chefkoch, und Romain Lambert, Sommelier, bietet das Gasthaus ein kulinarisches Erlebnis, das auf biologischen und saisonalen Produkten basiert und die lokale Gastronomie mit einem kreativen Touch hervorhebt.

Die Auberge Le Bouc Bleu zeichnet sich durch ihr Engagement für eine qualitativ hochwertige Küche aus, die ausschließlich mit frischen und lokalen Produkten zubereitet wird. Die Gerichte werden frisch zubereitet und bieten eine unvergleichliche Frische und Authentizität. Das Menü ändert sich mit den Jahreszeiten, um einen optimalen Geschmack zu garantieren, immer in Harmonie mit einer raffinierten Auswahl an Weinen.

Auberge Le Bouc Bleu, Rue du 5 Décembre, Beblenheim, France

Rue du 5 Décembre
