 {"id":74698,"date":"2024-05-30T11:54:25","date_gmt":"2024-05-30T09:54:25","guid":{"rendered":"https:\/\/foodandgood.fr\/etablissement\/hotel-restaurant-frankenbourg\/"},"modified":"2024-09-02T15:13:19","modified_gmt":"2024-09-02T13:13:19","slug":"hotel-restaurant-frankenbourg","status":"publish","type":"etablissement","link":"https:\/\/foodandgood.fr\/de\/hotel-restaurant-frankenbourg\/","title":{"rendered":"Hotel Restaurant Frankenbourg"},"excerpt":{"rendered":"","protected":false},"author":1,"comment_status":"closed","ping_status":"closed","template":"","meta":{"_acf_changed":false,"beyondwords_generate_audio":"","beyondwords_integration_method":"","beyondwords_project_id":"","beyondwords_content_id":"","beyondwords_preview_token":"","beyondwords_player_content":"","beyondwords_player_style":"","beyondwords_language_code":"","beyondwords_language_id":"","beyondwords_title_voice_id":"","beyondwords_body_voice_id":"","beyondwords_summary_voice_id":"","beyondwords_error_message":"","beyondwords_disabled":"","beyondwords_delete_content":"","beyondwords_podcast_id":"","beyondwords_hash":"","publish_post_to_speechkit":"","speechkit_hash":"","speechkit_generate_audio":"","speechkit_project_id":"","speechkit_podcast_id":"","speechkit_error_message":"","speechkit_disabled":"","speechkit_access_key":"","speechkit_error":"","speechkit_info":"","speechkit_response":"","speechkit_retries":"","speechkit_status":"","speechkit_updated_at":"","_speechkit_link":"","_speechkit_text":""},"class_list":["post-74698","etablissement","type-etablissement","status-publish","has-post-thumbnail","hentry","type-etablissement-ausergewohnlicher-tisch","type-etablissement-val-dargent-de"],"acf":{"id_eta_scn":"","id_app_foodandgood":"","id_exponum":"","abo":[],"etoile_michelin":[],"titre_presentation":"Im Herzen der Natur","presentation":"Wir haben unser Gasthaus mit der Ambition entworfen, es zu einem warmen, freundlichen, komfortablen und genussvollen Ort zu machen. Das helle Holzgeb\u00e4lk, die freiliegenden Steine und die mit Hanf und Kalk verkleideten W\u00e4nde schaffen eine friedliche und beruhigende Atmosph\u00e4re. Die sanften Farbt\u00f6ne und klaren Formen lassen die Natur, die wir lieben, voll zum Ausdruck kommen. Ob im gem\u00fctlichen Wohnzimmer mit rustikalem Charme, in der modernen und einladenden Bar oder auf der sonnigen Terrasse, die f\u00fcr sommerliche Aperitifs gedacht ist, jeder Raum l\u00e4dt zum Teilen ein. Dieser Wert der Gastfreundschaft spiegelt sich auch in Sebastians k\u00fchner und k\u00f6stlicher K\u00fcche wider, die harmonisch von den Jahreszeiten und Traditionen bestimmt wird.  <div class=\"mt-1 flex justify-start gap-3 empty:hidden\">\n<div class=\"text-xs flex items-center justify-center gap-1 self-center visible\"><\/div>\n<\/div>","types_prestation":false,"photo":74694,"photo_bis":74641,"photo_3":74646,"adresse":{"address":"Auberge Frankenbourg, Rue du G\u00e9n\u00e9ral de Gaulle, La Vancelle, France","lat":48.2837524,"lng":7.302888400000001,"zoom":7,"place_id":"ChIJM8dIbAlZkUcR6_1N-TWg3yg","name":"Restaurant Frankenbourg","street_number":13,"street_name":"Rue du G\u00e9n\u00e9ral de Gaulle","city":"La Vancelle","state":"Grand Est","post_code":67730,"country":"France","country_short":"FR"},"horaires":"Montag: 12:00 - 13:45, 19:00 - 21:00 Dienstag: 12:00 - 13:45 Mittwoch: Geschlossen Donnerstag: Geschlossen Freitag: 12:00 - 13:45, 19:00 - 21:00 Samstag: 12:00 - 13:45, 19:00 - 21:00 Sonntag: 12:00 - 13:45, 19:00 - 21:00","tel":"03 88 57 93 90","boutons":[{"title":"Webseite","link":"http:\/\/www.frankenbourg.com\/"}],"boutons_reservation":"","boutons_social":null,"articles":[{"title":"","text":"Die Rezepte der Auberge Frankenbourg sind eine klassische und moderne Kombination und spiegeln die umliegende Natur und die Traditionen wider, die unserer Familie sehr am Herzen liegen. Die K\u00fcche von S\u00e9bastien ist lebendig, bodenst\u00e4ndig, aber immer weltoffen. Sie lernte bei den gro\u00dfen K\u00fcchenchefs des Landes und wurde auf ihren Reisen und Entdeckungen geformt. Es ist eine K\u00fcche des Herzens, zeitgem\u00e4\u00df und traditionell zugleich.","image":74651},{"title":"","text":"Um Ihre Mahlzeit zu verl\u00e4ngern oder die Sch\u00f6nheit der Landschaft zu bewundern, k\u00f6nnen Sie unsere 11 komfortablen und eleganten Zimmer nutzen. Besondere Sorgfalt wurde auf die Verwendung von edlen Materialien und auf die Bett- und Haushaltsw\u00e4sche gelegt. Haustiere sind gegen Aufpreis willkommen. Wir verf\u00fcgen \u00fcber ein Zimmer f\u00fcr Personen mit eingeschr\u00e4nkter Mobilit\u00e4t. Unser Fr\u00fchst\u00fcck ist k\u00f6stlich und sehr pers\u00f6nlich. Es besteht aus lokalen Produkten, hausgemachten Marmeladen, Viennoiserie 'pur beurre', verschiedenen Brotsorten, \u00fcber Buchenholz ger\u00e4uchertem Lachs und P\u00f6kelfleisch. Joghurt, Quark vom Bauernhof und lokale K\u00e4sesorten sind die Partner Ihres Morgens. Morgens von 8.00 bis 10.00 Uhr k\u00f6nnen Sie in der Cocate-Lounge den Tag beginnen.","image":74656},{"title":"","text":"Die Auberge Frankenbourg liegt auf 500 m H\u00f6he am S\u00fcdhang des Chalmont und ist mitten in der Natur. La Vancelle ist ein privilegiertes Dorf am Anfang von herrlichen Wanderwegen und Mountainbike-Strecken. Ideal im Herzen des Elsass gelegen, warten die sch\u00f6nsten Sehensw\u00fcrdigkeiten der Region nur darauf, von Ihnen entdeckt zu werden. Die wichtigsten Sehensw\u00fcrdigkeiten der Region: Schloss Haut Koenigsbourg \/ Montagne des Singes \/ Volerie des Aigles \/ Die St\u00e4dte Colmar und Strasbourg \/ Typische els\u00e4ssische D\u00f6rfer, Kaysersberg, Ribeauvill\u00e9, Riquewihr... \/ Die Weinstra\u00dfe \/ Die Kammstra\u00dfe \/ Der Mont Saint Odile \/ Die Tellure-Minen Sainte Marie aux Mines und viele andere mehr!","image":74650}]},"_links":{"self":[{"href":"https:\/\/foodandgood.fr\/de\/wp-json\/wp\/v2\/etablissement\/74698","targetHints":{"allow":["GET"]}}],"collection":[{"href":"https:\/\/foodandgood.fr\/de\/wp-json\/wp\/v2\/etablissement"}],"about":[{"href":"https:\/\/foodandgood.fr\/de\/wp-json\/wp\/v2\/types\/etablissement"}],"author":[{"embeddable":true,"href":"https:\/\/foodandgood.fr\/de\/wp-json\/wp\/v2\/users\/1"}],"replies":[{"embeddable":true,"href":"https:\/\/foodandgood.fr\/de\/wp-json\/wp\/v2\/comments?post=74698"}],"version-history":[{"count":20,"href":"https:\/\/foodandgood.fr\/de\/wp-json\/wp\/v2\/etablissement\/74698\/revisions"}],"predecessor-version":[{"id":113626,"href":"https:\/\/foodandgood.fr\/de\/wp-json\/wp\/v2\/etablissement\/74698\/revisions\/113626"}],"wp:featuredmedia":[{"embeddable":true,"href":"https:\/\/foodandgood.fr\/de\/wp-json\/wp\/v2\/media\/74694"}],"wp:attachment":[{"href":"https:\/\/foodandgood.fr\/de\/wp-json\/wp\/v2\/media?parent=74698"}],"curies":[{"name":"wp","href":"https:\/\/api.w.org\/{rel}","templated":true}]}}

Wir haben unser Gasthaus mit der Ambition entworfen, es zu einem warmen, freundlichen, komfortablen und genussvollen Ort zu machen. Das helle Holzgebälk, die freiliegenden Steine und die mit Hanf und Kalk verkleideten Wände schaffen eine friedliche und beruhigende Atmosphäre. Die sanften Farbtöne und klaren Formen lassen die Natur, die wir lieben, voll zum Ausdruck kommen. Ob im gemütlichen Wohnzimmer mit rustikalem Charme, in der modernen und einladenden Bar oder auf der sonnigen Terrasse, die für sommerliche Aperitifs gedacht ist, jeder Raum lädt zum Teilen ein. Dieser Wert der Gastfreundschaft spiegelt sich auch in Sebastians kühner und köstlicher Küche wider, die harmonisch von den Jahreszeiten und Traditionen bestimmt wird.  <div class="mt-1 flex justify-start gap-3 empty:hidden">
<div class="text-xs flex items-center justify-center gap-1 self-center visible"></div>
</div>

Auberge Frankenbourg, Rue du Général de Gaulle, La Vancelle, France

Rue du Général de Gaulle

Die Rezepte der Auberge Frankenbourg sind eine klassische und moderne Kombination und spiegeln die umliegende Natur und die Traditionen wider, die unserer Familie sehr am Herzen liegen. Die Küche von Sébastien ist lebendig, bodenständig, aber immer weltoffen. Sie lernte bei den großen Küchenchefs des Landes und wurde auf ihren Reisen und Entdeckungen geformt. Es ist eine Küche des Herzens, zeitgemäß und traditionell zugleich.

Um Ihre Mahlzeit zu verlängern oder die Schönheit der Landschaft zu bewundern, können Sie unsere 11 komfortablen und eleganten Zimmer nutzen. Besondere Sorgfalt wurde auf die Verwendung von edlen Materialien und auf die Bett- und Haushaltswäsche gelegt. Haustiere sind gegen Aufpreis willkommen. Wir verfügen über ein Zimmer für Personen mit eingeschränkter Mobilität. Unser Frühstück ist köstlich und sehr persönlich. Es besteht aus lokalen Produkten, hausgemachten Marmeladen, Viennoiserie 'pur beurre', verschiedenen Brotsorten, über Buchenholz geräuchertem Lachs und Pökelfleisch. Joghurt, Quark vom Bauernhof und lokale Käsesorten sind die Partner Ihres Morgens. Morgens von 8.00 bis 10.00 Uhr können Sie in der Cocate-Lounge den Tag beginnen.

Die Auberge Frankenbourg liegt auf 500 m Höhe am Südhang des Chalmont und ist mitten in der Natur. La Vancelle ist ein privilegiertes Dorf am Anfang von herrlichen Wanderwegen und Mountainbike-Strecken. Ideal im Herzen des Elsass gelegen, warten die schönsten Sehenswürdigkeiten der Region nur darauf, von Ihnen entdeckt zu werden. Die wichtigsten Sehenswürdigkeiten der Region: Schloss Haut Koenigsbourg / Montagne des Singes / Volerie des Aigles / Die Städte Colmar und Strasbourg / Typische elsässische Dörfer, Kaysersberg, Ribeauvillé, Riquewihr... / Die Weinstraße / Die Kammstraße / Der Mont Saint Odile / Die Tellure-Minen Sainte Marie aux Mines und viele andere mehr!
