 {"id":74420,"date":"2024-05-30T11:47:32","date_gmt":"2024-05-30T09:47:32","guid":{"rendered":"https:\/\/foodandgood.fr\/etablissement\/guillaumes-atelier\/"},"modified":"2024-05-30T16:29:23","modified_gmt":"2024-05-30T14:29:23","slug":"guillaumes-atelier","status":"publish","type":"etablissement","link":"https:\/\/foodandgood.fr\/de\/guillaumes-atelier\/","title":{"rendered":"L'Atelier de Guillaume"},"excerpt":{"rendered":"","protected":false},"author":1,"comment_status":"closed","ping_status":"closed","template":"","meta":{"_acf_changed":false,"beyondwords_generate_audio":"","beyondwords_integration_method":"","beyondwords_project_id":"","beyondwords_content_id":"","beyondwords_preview_token":"","beyondwords_player_content":"","beyondwords_player_style":"","beyondwords_language_code":"","beyondwords_language_id":"","beyondwords_title_voice_id":"","beyondwords_body_voice_id":"","beyondwords_summary_voice_id":"","beyondwords_error_message":"","beyondwords_disabled":"","beyondwords_delete_content":"","beyondwords_podcast_id":"","beyondwords_hash":"","publish_post_to_speechkit":"","speechkit_hash":"","speechkit_generate_audio":"","speechkit_project_id":"","speechkit_podcast_id":"","speechkit_error_message":"","speechkit_disabled":"","speechkit_access_key":"","speechkit_error":"","speechkit_info":"","speechkit_response":"","speechkit_retries":"","speechkit_status":"","speechkit_updated_at":"","_speechkit_link":"","_speechkit_text":""},"class_list":["post-74420","etablissement","type-etablissement","status-publish","has-post-thumbnail","hentry","type-etablissement-catering","type-etablissement-franzosische-kuche","type-etablissement-gastronomisches-kochen"],"acf":{"id_eta_scn":"","id_app_foodandgood":"","id_exponum":29498,"abo":["NON"],"etoile_michelin":[],"titre_presentation":"Ein Chef mit vielen H\u00fcten","presentation":"L'Atelier de Guillaume liegt auf den Wiesen am Eingang des Maurice Lemaire Tunnels in Sainte-Marie-aux-Mines und empf\u00e4ngt Sie in einem Neo-Retro-Ambiente, das von der starken industriellen und textilen Vergangenheit des Val d'Argent inspiriert ist.\n\nDer intime Saal des Restaurants ist mit einer Mischung aus Holz und Ziegelsteinen ausgestattet und erinnert an die Atmosph\u00e4re fr\u00fcherer Werkst\u00e4tten. Von hier aus haben Sie einen Blick auf die Wiesen des Val de Li\u00e8pvre, wo Sie die wilde Natur bewundern k\u00f6nnen.\n\nDurch ein Glasfenster k\u00f6nnen Sie den Hausherrn und seine Brigade sehen, die gerade dabei sind, Ihren Gourmeturlaub zu gestalten.\n\nGuillaume und sein Team haben viel Erfahrung in der Welt der Gastronomie und bieten Ihnen auch einen Catering- und Veranstaltungsservice an. Bei L'Atelier de Guillaume haben Sie es mit echten Profis zu tun, die immer auf der Suche nach Kreativit\u00e4t und Geschmack sind.","types_prestation":false,"photo":74417,"photo_bis":74373,"photo_3":74378,"adresse":{"address":"L'Atelier de Guillaume, Sur les Pr\u00e9s, Sainte-Marie-aux-Mines, France","lat":48.2540013,"lng":7.2050476,"zoom":7,"place_id":"ChIJob-HeNzjk0cRy0K08LV77Ac","name":"L'Atelier de Guillaume","street_name":"Sur les Pr\u00e9s","city":"Sainte-Marie-aux-Mines","state":"Grand Est","post_code":68160,"country":"France","country_short":"FR"},"horaires":"Montag: 09:00 - 16:00 Uhr\nDienstag: 09:00 - 16:00 Uhr\nMittwoch: 09:00 - 16:00 Uhr\nDonnerstag: 09:00 - 16:00 Uhr\nFreitag: 09:00 - 16:00 Uhr\nSamstag: Geschlossen\nSonntag: Geschlossen","tel":"03 89 22 37 08","boutons":[{"title":"Webseite","link":"https:\/\/www.atelierdeguillaume.fr\/"},{"title":"Catering und Events","link":"https:\/\/www.atelierdeguillaume.fr\/traiteur-et-evenementiel\/"}],"boutons_reservation":"","boutons_social":null,"articles":[{"title":"","text":"Sie werden von ihren Erzeugern und Lieferanten geleitet, die m\u00f6glichst kurze Wege zur\u00fccklegen. Ihre Karte ist daher kurzlebig.\n\nGuillaume und seine Mitarbeiter bieten Ihnen jede Woche eine neue Speisekarte mit Produkten aus dem Meer und der Erde. Inspiriert von ihrer Kreativit\u00e4t und dem Wunsch, Sie zu \u00fcberraschen, bieten sie Ihnen 2 Vorspeisen, 2 Hauptgerichte und 2 Desserts an. Ein 3- oder 4-G\u00e4nge-Men\u00fc ist ebenfalls erh\u00e4ltlich.","image":74383},{"title":"","text":"Bei L'Atelier de Guillaume haben Sie es mit echten Profis zu tun, die immer auf der Suche nach Kreativit\u00e4t und Geschmack sind. Guillaume und sein Team sind echte Genie\u00dfer, leidenschaftliche Produktliebhaber und haben es sich zum Ziel gesetzt, alle von der Natur angebotenen Produkte zu verarbeiten und zu veredeln.\n\nGeschirr, Tischdecken, M\u00f6bel, Dekoration, Beleuchtung...\nDie Einrichtung des Saals ist ebenfalls ein Schl\u00fcssel zum Erfolg Ihrer Veranstaltung.\n\nDa wir wissen, wie viel Zeit vergeht und wie stressig die Organisation einer Veranstaltung sein kann, lassen Sie sich Schritt f\u00fcr Schritt bei Ihren Veranstaltungen mit <em>\"schl\u00fcsselfertigen\"<\/em> oder <em>\"\u00e0 la carte<\/em>\"-Leistungen begleiten.\nVom einfachen regionalen Buffet bis zum Gourmetmen\u00fc ist es nur ein kleiner Schritt!","image":74388},{"title":"","text":"Empfangskaffee, Essenstablett, Gesch\u00e4ftsessen oder -mittagessen, Snacks, Mittags- oder Abendcocktail, Einweihung, Seminar, Kunden- oder Teamabend, Team Building...\n\nL'Atelier de Guillaume hat die L\u00f6sung f\u00fcr Ihre Erwartungen und bietet Ihnen eine kreative und durchdachte K\u00fcche, die Produktqualit\u00e4t, Kreativit\u00e4t und Respekt f\u00fcr die Traditionen der franz\u00f6sischen K\u00fcche miteinander verbindet. Das gesamte Team ist bestrebt, die Produkte von Land und Meer so zu verarbeiten und zu teilen, dass sie zu einem unvergesslichen Geschmackserlebnis werden.","image":74393}]},"_links":{"self":[{"href":"https:\/\/foodandgood.fr\/de\/wp-json\/wp\/v2\/etablissement\/74420","targetHints":{"allow":["GET"]}}],"collection":[{"href":"https:\/\/foodandgood.fr\/de\/wp-json\/wp\/v2\/etablissement"}],"about":[{"href":"https:\/\/foodandgood.fr\/de\/wp-json\/wp\/v2\/types\/etablissement"}],"author":[{"embeddable":true,"href":"https:\/\/foodandgood.fr\/de\/wp-json\/wp\/v2\/users\/1"}],"replies":[{"embeddable":true,"href":"https:\/\/foodandgood.fr\/de\/wp-json\/wp\/v2\/comments?post=74420"}],"version-history":[{"count":2,"href":"https:\/\/foodandgood.fr\/de\/wp-json\/wp\/v2\/etablissement\/74420\/revisions"}],"predecessor-version":[{"id":74911,"href":"https:\/\/foodandgood.fr\/de\/wp-json\/wp\/v2\/etablissement\/74420\/revisions\/74911"}],"wp:featuredmedia":[{"embeddable":true,"href":"https:\/\/foodandgood.fr\/de\/wp-json\/wp\/v2\/media\/74416"}],"wp:attachment":[{"href":"https:\/\/foodandgood.fr\/de\/wp-json\/wp\/v2\/media?parent=74420"}],"curies":[{"name":"wp","href":"https:\/\/api.w.org\/{rel}","templated":true}]}}

Ein Chef mit vielen Hüten

L'Atelier de Guillaume liegt auf den Wiesen am Eingang des Maurice Lemaire Tunnels in Sainte-Marie-aux-Mines und empfängt Sie in einem Neo-Retro-Ambiente, das von der starken industriellen und textilen Vergangenheit des Val d'Argent inspiriert ist.

Der intime Saal des Restaurants ist mit einer Mischung aus Holz und Ziegelsteinen ausgestattet und erinnert an die Atmosphäre früherer Werkstätten. Von hier aus haben Sie einen Blick auf die Wiesen des Val de Lièpvre, wo Sie die wilde Natur bewundern können.

Durch ein Glasfenster können Sie den Hausherrn und seine Brigade sehen, die gerade dabei sind, Ihren Gourmeturlaub zu gestalten.

Guillaume und sein Team haben viel Erfahrung in der Welt der Gastronomie und bieten Ihnen auch einen Catering- und Veranstaltungsservice an. Bei L'Atelier de Guillaume haben Sie es mit echten Profis zu tun, die immer auf der Suche nach Kreativität und Geschmack sind.

L'Atelier de Guillaume, Sur les Prés, Sainte-Marie-aux-Mines, France

Sur les Prés

Sie werden von ihren Erzeugern und Lieferanten geleitet, die möglichst kurze Wege zurücklegen. Ihre Karte ist daher kurzlebig.

Guillaume und seine Mitarbeiter bieten Ihnen jede Woche eine neue Speisekarte mit Produkten aus dem Meer und der Erde. Inspiriert von ihrer Kreativität und dem Wunsch, Sie zu überraschen, bieten sie Ihnen 2 Vorspeisen, 2 Hauptgerichte und 2 Desserts an. Ein 3- oder 4-Gänge-Menü ist ebenfalls erhältlich.

Bei L'Atelier de Guillaume haben Sie es mit echten Profis zu tun, die immer auf der Suche nach Kreativität und Geschmack sind. Guillaume und sein Team sind echte Genießer, leidenschaftliche Produktliebhaber und haben es sich zum Ziel gesetzt, alle von der Natur angebotenen Produkte zu verarbeiten und zu veredeln.

Geschirr, Tischdecken, Möbel, Dekoration, Beleuchtung...
Die Einrichtung des Saals ist ebenfalls ein Schlüssel zum Erfolg Ihrer Veranstaltung.

Da wir wissen, wie viel Zeit vergeht und wie stressig die Organisation einer Veranstaltung sein kann, lassen Sie sich Schritt für Schritt bei Ihren Veranstaltungen mit <em>"schlüsselfertigen"</em> oder <em>"à la carte</em>"-Leistungen begleiten.
Vom einfachen regionalen Buffet bis zum Gourmetmenü ist es nur ein kleiner Schritt!

Empfangskaffee, Essenstablett, Geschäftsessen oder -mittagessen, Snacks, Mittags- oder Abendcocktail, Einweihung, Seminar, Kunden- oder Teamabend, Team Building...

L'Atelier de Guillaume hat die Lösung für Ihre Erwartungen und bietet Ihnen eine kreative und durchdachte Küche, die Produktqualität, Kreativität und Respekt für die Traditionen der französischen Küche miteinander verbindet. Das gesamte Team ist bestrebt, die Produkte von Land und Meer so zu verarbeiten und zu teilen, dass sie zu einem unvergesslichen Geschmackserlebnis werden.
