 {"id":72645,"date":"2024-03-18T12:51:13","date_gmt":"2024-03-18T11:51:13","guid":{"rendered":"https:\/\/foodandgood.fr\/etablissement\/les-plaisirs-gourmands\/"},"modified":"2024-09-02T15:18:18","modified_gmt":"2024-09-02T13:18:18","slug":"les-plaisirs-gourmands","status":"publish","type":"etablissement","link":"https:\/\/foodandgood.fr\/de\/les-plaisirs-gourmands\/","title":{"rendered":"Les Plaisirs Gourmands"},"excerpt":{"rendered":"","protected":false},"author":1,"comment_status":"closed","ping_status":"closed","template":"","meta":{"_acf_changed":false,"beyondwords_generate_audio":"","beyondwords_integration_method":"","beyondwords_project_id":"","beyondwords_content_id":"","beyondwords_preview_token":"","beyondwords_player_content":"","beyondwords_player_style":"","beyondwords_language_code":"","beyondwords_language_id":"","beyondwords_title_voice_id":"","beyondwords_body_voice_id":"","beyondwords_summary_voice_id":"","beyondwords_error_message":"","beyondwords_disabled":"","beyondwords_delete_content":"","beyondwords_podcast_id":"","beyondwords_hash":"","publish_post_to_speechkit":"","speechkit_hash":"","speechkit_generate_audio":"","speechkit_project_id":"","speechkit_podcast_id":"","speechkit_error_message":"","speechkit_disabled":"","speechkit_access_key":"","speechkit_error":"","speechkit_info":"","speechkit_response":"","speechkit_retries":"","speechkit_status":"","speechkit_updated_at":"","_speechkit_link":"","_speechkit_text":""},"class_list":["post-72645","etablissement","type-etablissement","status-publish","has-post-thumbnail","hentry","type-etablissement-ausergewohnlicher-tisch"],"acf":{"id_eta_scn":"","id_app_foodandgood":"","id_exponum":"","abo":[],"etoile_michelin":[],"titre_presentation":"Eine Ode an die emotionale K\u00fcche","presentation":"In einer gem\u00fctlichen und warmen Umgebung in Schiltigheim befindet sich ein gastronomischer Schatz: Les Plaisirs Gourmands. Hier sorgen Chefkoch Guillaume Scheer und seine Frau Charlotte f\u00fcr ein unvergessliches kulinarisches Erlebnis, bei dem jedes Gericht eine Geschichte erz\u00e4hlt und jeder Geschmack die Sinne weckt. Chefkoch Guillaume Scheer, der schon fr\u00fch eine Leidenschaft f\u00fcr das Kochen entwickelte, hat im Laufe der Jahre seine eigene kulinarische Vision gepr\u00e4gt. Er wurde in den besten Institutionen ausgebildet und hat einen pers\u00f6nlichen Stil entwickelt, der von Inspiration und Authentizit\u00e4t gepr\u00e4gt ist. Im Mittelpunkt steht dabei eine privilegierte Beziehung zu den lokalen Produzenten, die au\u00dfergew\u00f6hnliche Zutaten liefern, die Frische und Qualit\u00e4t bei jedem Bissen garantieren. Die enge Zusammenarbeit mit dem Elsass spiegelt sich auch in der Weinkarte wider, die die sch\u00f6nsten Weinberge der Region hervorhebt, aber auch die Weinsch\u00e4tze Burgunds ehrt. Les Plaisirs Gourmands ist auch die Geschichte einer R\u00fcckkehr zu den Wurzeln f\u00fcr Guillaume Scheer. Nachdem er seine Ausbildung in renommierten Einrichtungen in ganz Frankreich absolviert hatte, brachte ihn seine Liebe zu seiner Heimatregion zur\u00fcck nach Stra\u00dfburg, wo er schnell die Geschmacksknospen der anspruchsvollsten Gastronomen eroberte. Sein Besuch im 1741*, das mit einem Stern im Guide Michelin ausgezeichnet wurde, war der Auftakt zu einem noch k\u00fchneren Abenteuer: der Er\u00f6ffnung seines eigenen Restaurants.","types_prestation":false,"photo":64282,"photo_bis":64288,"photo_3":64293,"adresse":{"address":"Les Plaisirs Gourmands, Route du G\u00e9n\u00e9ral de Gaulle, Schiltigheim, France","lat":48.60058120000001,"lng":7.7391943,"zoom":7,"place_id":"ChIJO_f4TRXIlkcRHNh_MzRNS8E","name":"Guillaume Scheer \"Les Plaisirs Gourmands\"","street_number":35,"street_name":"Route du G\u00e9n\u00e9ral de Gaulle","street_name_short":"Rte du G\u00e9n\u00e9ral de Gaulle","city":"Schiltigheim","state":"Grand Est","post_code":67300,"country":"France","country_short":"FR"},"horaires":"Montag: Geschlossen Dienstag: Geschlossen Mittwoch: 12:00 - 13:00, 19:00 - 20:30 Donnerstag: 12:00 - 13:00, 19:00 - 20:30 Freitag: 12:00 - 13:00, 19:00 - 20:30 Samstag: 12:00 - 13:00, 19:00 - 20:30 Sonntag: Geschlossen","tel":"03 88 83 55 55","boutons":[{"title":"Webseite","link":"http:\/\/guillaume-scheer.fr\/"},{"title":"Karte und Men\u00fcs","link":"https:\/\/les-plaisirs-gourmands.com\/carte-et-menus\/"},{"title":"Geschenkgutschein","link":"https:\/\/aji-box.com\/-\/les-plaisirs-gourmands\/"}],"boutons_reservation":"","boutons_social":null,"articles":[{"title":"","text":"Der Chefkoch ist ein Meister in der Kunst der subtilen Kombinationen und vermischt mit Bravour Aromen und Texturen, um die Sinne seiner G\u00e4ste zu wecken. Seine akribische Arbeit mit Saucen, die mit Noten von Zitrusfr\u00fcchten und frischen Kr\u00e4utern angereichert sind, verleiht jeder Kreation eine unvergleichliche Tiefe und Originalit\u00e4t. Diese kulinarische Virtuosit\u00e4t wurde mehrfach mit den h\u00f6chsten Auszeichnungen der Gastronomie belohnt. Bereits 2017 wurde Chefkoch Scheer vom Restaurantf\u00fchrer Gault et Millau mit dem Titel \"Junges Talent\" geehrt, 2019 folgt der prestigetr\u00e4chtige Titel \"Grand de Demain National\". Im Jahr 2021 wurde Les Plaisirs Gourmands mit einem Stern im Guide Michelin ausgezeichnet und wurde damit zu einer unumg\u00e4nglichen Adresse in der franz\u00f6sischen Gastronomieszene.","image":78015}]},"_links":{"self":[{"href":"https:\/\/foodandgood.fr\/de\/wp-json\/wp\/v2\/etablissement\/72645","targetHints":{"allow":["GET"]}}],"collection":[{"href":"https:\/\/foodandgood.fr\/de\/wp-json\/wp\/v2\/etablissement"}],"about":[{"href":"https:\/\/foodandgood.fr\/de\/wp-json\/wp\/v2\/types\/etablissement"}],"author":[{"embeddable":true,"href":"https:\/\/foodandgood.fr\/de\/wp-json\/wp\/v2\/users\/1"}],"replies":[{"embeddable":true,"href":"https:\/\/foodandgood.fr\/de\/wp-json\/wp\/v2\/comments?post=72645"}],"version-history":[{"count":3,"href":"https:\/\/foodandgood.fr\/de\/wp-json\/wp\/v2\/etablissement\/72645\/revisions"}],"predecessor-version":[{"id":113658,"href":"https:\/\/foodandgood.fr\/de\/wp-json\/wp\/v2\/etablissement\/72645\/revisions\/113658"}],"wp:featuredmedia":[{"embeddable":true,"href":"https:\/\/foodandgood.fr\/de\/wp-json\/wp\/v2\/media\/64282"}],"wp:attachment":[{"href":"https:\/\/foodandgood.fr\/de\/wp-json\/wp\/v2\/media?parent=72645"}],"curies":[{"name":"wp","href":"https:\/\/api.w.org\/{rel}","templated":true}]}}

Eine Ode an die emotionale Küche

In einer gemütlichen und warmen Umgebung in Schiltigheim befindet sich ein gastronomischer Schatz: Les Plaisirs Gourmands. Hier sorgen Chefkoch Guillaume Scheer und seine Frau Charlotte für ein unvergessliches kulinarisches Erlebnis, bei dem jedes Gericht eine Geschichte erzählt und jeder Geschmack die Sinne weckt. Chefkoch Guillaume Scheer, der schon früh eine Leidenschaft für das Kochen entwickelte, hat im Laufe der Jahre seine eigene kulinarische Vision geprägt. Er wurde in den besten Institutionen ausgebildet und hat einen persönlichen Stil entwickelt, der von Inspiration und Authentizität geprägt ist. Im Mittelpunkt steht dabei eine privilegierte Beziehung zu den lokalen Produzenten, die außergewöhnliche Zutaten liefern, die Frische und Qualität bei jedem Bissen garantieren. Die enge Zusammenarbeit mit dem Elsass spiegelt sich auch in der Weinkarte wider, die die schönsten Weinberge der Region hervorhebt, aber auch die Weinschätze Burgunds ehrt. Les Plaisirs Gourmands ist auch die Geschichte einer Rückkehr zu den Wurzeln für Guillaume Scheer. Nachdem er seine Ausbildung in renommierten Einrichtungen in ganz Frankreich absolviert hatte, brachte ihn seine Liebe zu seiner Heimatregion zurück nach Straßburg, wo er schnell die Geschmacksknospen der anspruchsvollsten Gastronomen eroberte. Sein Besuch im 1741*, das mit einem Stern im Guide Michelin ausgezeichnet wurde, war der Auftakt zu einem noch kühneren Abenteuer: der Eröffnung seines eigenen Restaurants.

Les Plaisirs Gourmands, Route du Général de Gaulle, Schiltigheim, France

Route du Général de Gaulle

Rte du Général de Gaulle

Karte und Menüs

Der Chefkoch ist ein Meister in der Kunst der subtilen Kombinationen und vermischt mit Bravour Aromen und Texturen, um die Sinne seiner Gäste zu wecken. Seine akribische Arbeit mit Saucen, die mit Noten von Zitrusfrüchten und frischen Kräutern angereichert sind, verleiht jeder Kreation eine unvergleichliche Tiefe und Originalität. Diese kulinarische Virtuosität wurde mehrfach mit den höchsten Auszeichnungen der Gastronomie belohnt. Bereits 2017 wurde Chefkoch Scheer vom Restaurantführer Gault et Millau mit dem Titel "Junges Talent" geehrt, 2019 folgt der prestigeträchtige Titel "Grand de Demain National". Im Jahr 2021 wurde Les Plaisirs Gourmands mit einem Stern im Guide Michelin ausgezeichnet und wurde damit zu einer unumgänglichen Adresse in der französischen Gastronomieszene.
